-- https://www.phpmyadmin.net/
--

START TRANSACTION;



--
-- Database: `denr1863_simenak`
--

-- --------------------------------------------------------

--
-- Table structure for table `access`
--

CREATE TABLE `access` (
  `id` int NOT NULL,
  `name` varchar(50) NOT NULL,
  `active` smallint NOT NULL DEFAULT '1' COMMENT '0=N, 1=Y',
  `created_by` int NOT NULL,
  `created_date` datetime NOT NULL DEFAULT CURRENT_TIMESTAMP,
  `updated_by` int DEFAULT NULL,
  `updated_date` datetime DEFAULT NULL ON UPDATE CURRENT_TIMESTAMP,
  `deleted_by` int DEFAULT NULL,
  `deleted_date` datetime DEFAULT NULL
) ENGINE=InnoDB DEFAULT CHARSET=latin1;

--
-- Dumping data for table `access`
--

INSERT INTO `access` (`id`, `name`, `active`, `created_by`, `created_date`, `updated_by`, `updated_date`, `deleted_by`, `deleted_date`) VALUES
(1, 'Developer', 1, 1, '2023-03-31 13:38:17', 1, '2023-03-31 16:49:45', NULL, NULL),
(2, 'Admin ', 1, 1, '2023-03-31 13:41:20', 1, '2023-03-31 16:13:28', NULL, NULL),
(3, 'Petugas', 1, 1, '2023-12-16 16:37:56', 1, '2023-12-20 08:59:56', NULL, NULL);

-- --------------------------------------------------------

--
-- Table structure for table `access_menu`
--

CREATE TABLE `access_menu` (
  `id` int NOT NULL,
  `access_id` int DEFAULT NULL,
  `menu_id` int DEFAULT NULL
) ENGINE=InnoDB DEFAULT CHARSET=latin1;

--
-- Dumping data for table `access_menu`
--

INSERT INTO `access_menu` (`id`, `access_id`, `menu_id`) VALUES
(2, 1, 2),
(5, 2, 1),
(6, 1, 1),
(7, 1, 3),
(8, 2, 3),
(9, 3, 1),
(10, 3, 4),
(11, 2, 4),
(12, 1, 4),
(13, 2, 5),
(14, 1, 5),
(15, 3, 6),
(16, 2, 6),
(17, 1, 6),
(18, 1, 7),
(19, 2, 7),
(20, 2, 8),
(21, 1, 8);

-- --------------------------------------------------------

--
-- Table structure for table `access_submenu`
--

CREATE TABLE `access_submenu` (
  `id` int NOT NULL,
  `access_id` int DEFAULT NULL,
  `submenu_id` int DEFAULT NULL
) ENGINE=InnoDB DEFAULT CHARSET=latin1;

--
-- Dumping data for table `access_submenu`
--

INSERT INTO `access_submenu` (`id`, `access_id`, `submenu_id`) VALUES
(1, 1, 1),
(2, 1, 2),
(3, 1, 3),
(6, 1, 4),
(7, 1, 5),
(8, 2, 4),
(9, 2, 5),
(10, 2, 6),
(11, 2, 7),
(12, 1, 6),
(13, 1, 7);

-- --------------------------------------------------------

--
-- Table structure for table `ci_sessions`
--

CREATE TABLE `ci_sessions` (
  `id` varchar(40) COLLATE utf8mb4_general_ci NOT NULL,
  `ip_address` varchar(45) COLLATE utf8mb4_general_ci NOT NULL,
  `timestamp` int UNSIGNED NOT NULL DEFAULT '0',
  `data` blob NOT NULL
) ENGINE=InnoDB DEFAULT CHARSET=utf8mb4 COLLATE=utf8mb4_general_ci;

--
-- Dumping data for table `ci_sessions`
--

INSERT INTO `ci_sessions` (`id`, `ip_address`, `timestamp`, `data`) VALUES
('000233a23d444fdd40f9fa0553df07d61e6d4a60', '114.122.101.189', 1709015909, 0x5f5f63695f6c6173745f726567656e65726174657c693a313730393031353837353b69647c733a313a2236223b69735f6c6f67696e7c623a313b),
('005f262d0662775c3da34bf8083fb9c2ea085ac4', '180.244.128.26', 1709958315, 0x5f5f63695f6c6173745f726567656e65726174657c693a313730393935383234313b69647c733a313a2231223b69735f6c6f67696e7c623a313b),
('022bde8aa4acca54a7a583182a0a660954f42578', '116.206.14.43', 1708111625, 0x5f5f63695f6c6173745f726567656e65726174657c693a313730383131313632353b69647c733a323a223130223b69735f6c6f67696e7c623a313b),
('028105a16eeccc8f7fb8d7038e3117f0da085121', '114.122.79.100', 1708926410, 0x5f5f63695f6c6173745f726567656e65726174657c693a313730383932363431303b69647c733a313a2236223b69735f6c6f67696e7c623a313b),
('029726f61cea4de2d1632b51007a8886ba0cd32f', '114.5.250.155', 1710549271, 0x5f5f63695f6c6173745f726567656e65726174657c693a313731303534393237313b69647c733a313a2238223b69735f6c6f67696e7c623a313b),
('03693fc717c86fd1e2ae95340295475db76a96a7', '199.45.154.17', 1709999768, 0x5f5f63695f6c6173745f726567656e65726174657c693a313730393939393736383b),
('03d1e10eee7519ce969508308357daa4aafe9910', '104.248.250.48', 1708876327, 0x5f5f63695f6c6173745f726567656e65726174657c693a313730383837363332373b),
('03e7b63bb647a332913b8500954881dfd7276a61', '188.165.87.106', 1708666145, 0x5f5f63695f6c6173745f726567656e65726174657c693a313730383636363134353b),
('044f77c4d01bcb3f8116d3c70fcbde055f694532', '47.242.224.70', 1708052856, 0x5f5f63695f6c6173745f726567656e65726174657c693a313730383035323835363b),
('05579fc2d1ad504c08b412972b6325ecdc000f8e', '180.244.138.29', 1707811573, 0x5f5f63695f6c6173745f726567656e65726174657c693a313730373831313537333b69647c733a313a2236223b69735f6c6f67696e7c623a313b),
('05a8ed253a7789bb9b0bd26ce21352a70cb4f3ad', '66.249.68.35', 1709652113, 0x5f5f63695f6c6173745f726567656e65726174657c693a313730393635323131333b),
('0675b3f984533fb1281e7fbf0e69fabf18b8087d', '199.45.154.48', 1709891840, 0x5f5f63695f6c6173745f726567656e65726174657c693a313730393839313834303b),
('06f05de7caa97963063b0121a8c564f25467a3fa', '114.122.76.112', 1708058113, 0x5f5f63695f6c6173745f726567656e65726174657c693a313730383035383131333b69647c733a313a2236223b69735f6c6f67696e7c623a313b),
('095c90d0af4d6f998a469d0f6c2bdfec3fed169e', '114.10.74.93', 1710119894, 0x5f5f63695f6c6173745f726567656e65726174657c693a313731303131393633393b69647c733a313a2238223b69735f6c6f67696e7c623a313b),
('0a6d31f224df674a710e1e1b794a1f2a892424ce', '114.10.74.225', 1709881163, 0x5f5f63695f6c6173745f726567656e65726174657c693a313730393838313034353b69647c733a313a2239223b69735f6c6f67696e7c623a313b),
('0a79a2056f5ee17703543e93cde6a6fda7f65099', '114.4.213.81', 1710344598, 0x5f5f63695f6c6173745f726567656e65726174657c693a313731303334343539383b69647c733a313a2238223b69735f6c6f67696e7c623a313b),
('0b25f7308858b33a53ded8bfedb7aaac9936b5f3', '199.45.154.16', 1710045677, 0x5f5f63695f6c6173745f726567656e65726174657c693a313731303034353637373b),
('0bfdb66b03cf17d66e17b71f9927b8050ab8a027', '114.5.213.52', 1708309618, 0x5f5f63695f6c6173745f726567656e65726174657c693a313730383330393631383b69647c733a313a2238223b69735f6c6f67696e7c623a313b),
('0c0383db933705b6ab7f3b5798a595c06cdd9c6d', '114.10.75.116', 1709968795, 0x5f5f63695f6c6173745f726567656e65726174657c693a313730393936383739353b69647c733a313a2238223b69735f6c6f67696e7c623a313b),
('0cb20d7b9a757bae7e52407d8d550612b4ccb6eb', '116.206.14.43', 1708112772, 0x5f5f63695f6c6173745f726567656e65726174657c693a313730383131323737323b69647c733a323a223130223b69735f6c6f67696e7c623a313b),
('0cdbc18dd66ca5686fa5b57be7d5aabc097b79f9', '66.249.66.195', 1710003267, 0x5f5f63695f6c6173745f726567656e65726174657c693a313731303030333236373b),
('0d7adf231298e0306220bbc577a5085f527a6197', '92.118.39.249', 1709562705, 0x5f5f63695f6c6173745f726567656e65726174657c693a313730393536323730353b),
('0d9632ba98d67beb1d8ff25942a507c2826040b8', '199.45.155.35', 1710355528, 0x5f5f63695f6c6173745f726567656e65726174657c693a313731303335353532383b),
('0ec3e24c00c9f91310705081e88c9be09722a661', '146.70.134.37', 1707978672, 0x5f5f63695f6c6173745f726567656e65726174657c693a313730373937383637323b),
('0f1c36e5a7c2f71d9acca259f8d7b35d0cae0e7c', '199.45.155.50', 1709989927, 0x5f5f63695f6c6173745f726567656e65726174657c693a313730393938393932373b),
('0f65e68a67acbdc8b50853b74c96a0f6db95d596', '205.210.31.213', 1709376977, 0x5f5f63695f6c6173745f726567656e65726174657c693a313730393337363937373b),
('1031d3d88a321883bddb7bc58d9e461fc1a6d989', '92.118.39.249', 1709439063, 0x5f5f63695f6c6173745f726567656e65726174657c693a313730393433393036333b),
('10cd584b6a76b817fd0765c042e8dcd78a86fdd8', '199.45.154.48', 1708402593, 0x5f5f63695f6c6173745f726567656e65726174657c693a313730383430323539333b),
('116868b6c3800e4393c319885350ca2aefa946ae', '180.244.132.94', 1708669021, 0x5f5f63695f6c6173745f726567656e65726174657c693a313730383636393032313b69647c733a313a2231223b69735f6c6f67696e7c623a313b),
('12c49f3f237d9b0da4dacdafcc7e9fc72a9b9d91', '114.5.252.163', 1708297671, 0x5f5f63695f6c6173745f726567656e65726174657c693a313730383239373637313b69647c733a313a2239223b69735f6c6f67696e7c623a313b),
('13c6907ab4c824970ecb2c8508279f81b53a3118', '114.4.215.244', 1710873285, 0x5f5f63695f6c6173745f726567656e65726174657c693a313731303837333238353b69647c733a313a2238223b69735f6c6f67696e7c623a313b),
('14015d990ec0223d0fa366b1b7217dc35d576114', '114.122.74.97', 1710376942, 0x5f5f63695f6c6173745f726567656e65726174657c693a313731303337363934323b69647c733a313a2236223b69735f6c6f67696e7c623a313b),
('14076c038203786895a3a42cc02d227d2b5723e9', '120.188.67.125', 1709622953, 0x5f5f63695f6c6173745f726567656e65726174657c693a313730393632323935333b69647c733a313a2238223b69735f6c6f67696e7c623a313b),
('1548042c93cefa9f039a48dc2a1a925792c01193', '114.5.208.210', 1709142430, 0x5f5f63695f6c6173745f726567656e65726174657c693a313730393134323433303b69647c733a313a2238223b69735f6c6f67696e7c623a313b),
('155fb0e410cfba362e38f97e05846cc6da2e4577', '114.5.219.87', 1709365628, 0x5f5f63695f6c6173745f726567656e65726174657c693a313730393336353437363b69647c733a313a2238223b69735f6c6f67696e7c623a313b),
('162de5e8c7f6cd2329269834f9df86adbc7516ec', '66.249.66.193', 1709346065, 0x5f5f63695f6c6173745f726567656e65726174657c693a313730393334363036353b),
('166c93c5e31e0f05c2eb11bdcdd0c69edebf0ddc', '180.244.138.29', 1707811573, 0x5f5f63695f6c6173745f726567656e65726174657c693a313730373831313537333b69647c733a313a2236223b69735f6c6f67696e7c623a313b),
('17027eaba49e5b3368b8d6cdc222fcca7a54712d', '114.5.210.121', 1709059019, 0x5f5f63695f6c6173745f726567656e65726174657c693a313730393035393031393b69647c733a313a2238223b69735f6c6f67696e7c623a313b),
('177c697fd8d15adb32633217bdac56a192ba020f', '198.235.24.156', 1708755481, 0x5f5f63695f6c6173745f726567656e65726174657c693a313730383735353438313b),
('17c7c7c1e89280ef8b24d1739489d8e0be9ff7f0', '114.10.115.121', 1707890320, 0x5f5f63695f6c6173745f726567656e65726174657c693a313730373839303132333b69647c733a313a2237223b69735f6c6f67696e7c623a313b),
('198387b0a2d5ec306f41f690777b71e2bd9d9929', '180.244.132.94', 1708597295, 0x5f5f63695f6c6173745f726567656e65726174657c693a313730383539373239353b),
('19b268b95bfb6f9860e5106676c5c29352401529', '205.210.31.65', 1708479044, 0x5f5f63695f6c6173745f726567656e65726174657c693a313730383437393034343b),
('19d2e303d2090d34839e280aeff7b4dac6487f0d', '64.226.121.222', 1708177594, 0x5f5f63695f6c6173745f726567656e65726174657c693a313730383137373539343b),
('1a0923a2fd1b5decb9bb6e777cb738a14d1f24ec', '180.244.128.26', 1709974389, 0x5f5f63695f6c6173745f726567656e65726174657c693a313730393937343338393b),
('1af31dce747d600ff5a2365c3f3cf54b76bbefbd', '180.244.138.241', 1710749487, 0x5f5f63695f6c6173745f726567656e65726174657c693a313731303734393437383b69647c733a313a2236223b69735f6c6f67696e7c623a313b),
('1b2e58168a56d214f278d68f88bdd3a6dfeac9a6', '114.5.250.155', 1710552254, 0x5f5f63695f6c6173745f726567656e65726174657c693a313731303535323235343b69647c733a313a2238223b69735f6c6f67696e7c623a313b),
('1b383b921ca78a188ec7c14db3c9484960eb2bae', '114.5.209.100', 1708469533, 0x5f5f63695f6c6173745f726567656e65726174657c693a313730383436393532373b69647c733a313a2238223b69735f6c6f67696e7c623a313b),
('1c0c531e84362dab27aa32e84355fa0b3c04e8e7', '180.244.129.66', 1708311972, 0x5f5f63695f6c6173745f726567656e65726174657c693a313730383331313934303b69647c733a313a2236223b69735f6c6f67696e7c623a313b),
('1d232107af0b35a02e984da074deb9a4f6541585', '114.122.108.134', 1709703705, 0x5f5f63695f6c6173745f726567656e65726174657c693a313730393730333730353b69647c733a313a2236223b69735f6c6f67696e7c623a313b),
('1d4bfa8568e0fcfa82ac4591a522c4da2f3cfbe7', '205.210.31.149', 1709919765, 0x5f5f63695f6c6173745f726567656e65726174657c693a313730393931393736353b),
('1d566a311ae87070c49807b605b36b83d355af65', '114.5.250.167', 1709378117, 0x5f5f63695f6c6173745f726567656e65726174657c693a313730393337383039373b69647c733a313a2238223b69735f6c6f67696e7c623a313b),
('1e8c227ecac36dfe0ffe296371a8bb84a1d3762f', '114.122.74.171', 1707982312, 0x5f5f63695f6c6173745f726567656e65726174657c693a313730373938323331323b69647c733a313a2236223b69735f6c6f67696e7c623a313b),
('1ee284d2f14ecc28d1f8f1780bb9c4a649719e9b', '180.244.132.94', 1708910065, 0x5f5f63695f6c6173745f726567656e65726174657c693a313730383931303036343b69647c733a313a2231223b69735f6c6f67696e7c623a313b),
('1f3ae2b26ba1f692766be807df78dde5276389be', '114.5.250.239', 1707833994, 0x5f5f63695f6c6173745f726567656e65726174657c693a313730373833333939303b69647c733a313a2238223b69735f6c6f67696e7c623a313b),
('21076dab4b21a3426c946f7ef43eb0e429a9639e', '114.10.28.81', 1709199853, 0x5f5f63695f6c6173745f726567656e65726174657c693a313730393139393835313b69647c733a313a2239223b69735f6c6f67696e7c623a313b),
('22ae2f9514871a85bc86317118b08b1aeb9d2201', '114.122.76.112', 1708061218, 0x5f5f63695f6c6173745f726567656e65726174657c693a313730383036313231383b69647c733a313a2236223b69735f6c6f67696e7c623a313b),
('2314b71292a6159c05ed6970593d6f9a71a5e2d0', '114.142.173.48', 1708442608, 0x5f5f63695f6c6173745f726567656e65726174657c693a313730383434323630353b),
('23b7110bb833dfacba1e8e8bd7a563c93803aa06', '114.5.210.57', 1708480693, 0x5f5f63695f6c6173745f726567656e65726174657c693a313730383438303630313b69647c733a313a2237223b69735f6c6f67696e7c623a313b),
('245ebee79d115c83b04f73beec65f83913b0f415', '5.164.29.116', 1708001807, 0x5f5f63695f6c6173745f726567656e65726174657c693a313730383030313830373b),
('2573c0986ab8a6e45e64af68d5e447e508c401bc', '114.4.213.81', 1710344296, 0x5f5f63695f6c6173745f726567656e65726174657c693a313731303334343239363b69647c733a313a2238223b69735f6c6f67696e7c623a313b),
('25c666288d12a2b2ee71cf021eaae06ff0512ad2', '114.5.254.250', 1709957239, 0x5f5f63695f6c6173745f726567656e65726174657c693a313730393935373233393b69647c733a313a2238223b69735f6c6f67696e7c623a313b),
('26112e45c23bd7443d3de10ffdafec4f82873ebb', '147.182.216.238', 1708350299, 0x5f5f63695f6c6173745f726567656e65726174657c693a313730383335303239393b),
('2623ea7185a1ec9d8bd9365d30012ffd4032b09d', '5.164.29.116', 1708029247, 0x5f5f63695f6c6173745f726567656e65726174657c693a313730383032393234373b),
('26a06493a400a82e70b280a0adf254757d27b84c', '114.122.109.198', 1707800593, 0x5f5f63695f6c6173745f726567656e65726174657c693a313730373830303532343b69647c733a313a2236223b69735f6c6f67696e7c623a313b),
('27b66e524e260d7e88795501a875a08a8104750f', '180.244.134.110', 1708160315, 0x5f5f63695f6c6173745f726567656e65726174657c693a313730383136303331333b69647c733a323a223130223b69735f6c6f67696e7c623a313b),
('281faf950ff034bc9fc39a79140dc356757b4d1e', '114.5.251.13', 1707920972, 0x5f5f63695f6c6173745f726567656e65726174657c693a313730373932303937323b69647c733a313a2238223b69735f6c6f67696e7c623a313b),
('287191f3b19d30c65a551cecbe69e67d3307f53a', '51.254.49.107', 1708680836, 0x5f5f63695f6c6173745f726567656e65726174657c693a313730383638303833363b),
('28966db192c5831dab7c70cdfc9c971858b91af5', '114.142.173.59', 1710811596, 0x5f5f63695f6c6173745f726567656e65726174657c693a313731303831313434373b69647c733a323a223130223b69735f6c6f67696e7c623a313b),
('28b887bc232cc1a10ca21496c5b6e7b2a5ba1907', '205.210.31.152', 1708771556, 0x5f5f63695f6c6173745f726567656e65726174657c693a313730383737313535363b),
('29b3a7373fc985908909c5dd92b8045d6cd77e5f', '114.142.172.31', 1710123735, 0x5f5f63695f6c6173745f726567656e65726174657c693a313731303132333733353b69647c733a323a223130223b69735f6c6f67696e7c623a313b),
('29c600015dc97f71e95af02b673d8fab47970847', '114.122.76.28', 1708413875, 0x5f5f63695f6c6173745f726567656e65726174657c693a313730383431333837353b69647c733a313a2236223b69735f6c6f67696e7c623a313b),
('2ad521031c79143129a2d661ed76ab0fd20dbe74', '180.244.129.66', 1707820284, 0x5f5f63695f6c6173745f726567656e65726174657c693a313730373832303238343b),
('2ae0bf9cc52ac674c92a89992c0f3ef36588753c', '120.188.67.125', 1709622618, 0x5f5f63695f6c6173745f726567656e65726174657c693a313730393632323631383b69647c733a313a2238223b69735f6c6f67696e7c623a313b),
('2b88f5db9620ac99110dcbd7e753278fb43c0ff6', '180.244.138.29', 1707791457, 0x5f5f63695f6c6173745f726567656e65726174657c693a313730373739313435373b69647c733a313a2236223b69735f6c6f67696e7c623a313b),
('2be5df547dc62b68dfeec4765ce3643e0fc21fc7', '161.35.183.194', 1710548728, 0x5f5f63695f6c6173745f726567656e65726174657c693a313731303534383732383b),
('2c1efdca79ff842964fc49aeec9b4a896346670b', '114.5.213.230', 1708528182, 0x5f5f63695f6c6173745f726567656e65726174657c693a313730383532373939303b69647c733a313a2238223b69735f6c6f67696e7c623a313b),
('2cdad25ba03a984405064694a802e5df33d1e100', '180.244.129.66', 1708149945, 0x5f5f63695f6c6173745f726567656e65726174657c693a313730383134393731333b69647c733a313a2236223b69735f6c6f67696e7c623a313b),
('2e87a0b3b84a5e857ff3ae4a9e287b14b762ebdb', '114.122.79.100', 1708927258, 0x5f5f63695f6c6173745f726567656e65726174657c693a313730383932363936373b69647c733a313a2236223b69735f6c6f67696e7c623a313b),
('2faadb7737aad7ba1484b5ff3ca576621fe4568d', '180.244.128.26', 1710034074, 0x5f5f63695f6c6173745f726567656e65726174657c693a313731303033343037333b),
('314160d082c5e31fa2f20e0b0af935a52ab2593a', '114.5.217.69', 1707862545, 0x5f5f63695f6c6173745f726567656e65726174657c693a313730373836323336303b69647c733a313a2238223b69735f6c6f67696e7c623a313b),
('31b2a99f911479cef02f451087c7802861269010', '114.5.210.82', 1709085765, 0x5f5f63695f6c6173745f726567656e65726174657c693a313730393038353736353b),
('327097dea3afb9fd860cf3f08da9380fcee5a967', '114.122.76.28', 1708412145, 0x5f5f63695f6c6173745f726567656e65726174657c693a313730383431323134353b69647c733a313a2236223b69735f6c6f67696e7c623a313b),
('328a0b16c793fbdb7ff489aa03269a3b37e33b99', '114.122.69.243', 1709115292, 0x5f5f63695f6c6173745f726567656e65726174657c693a313730393131353239323b69647c733a313a2236223b69735f6c6f67696e7c623a313b),
('32afe330fbc5d46682a125abc7d543f430bb446b', '114.142.172.5', 1707894860, 0x5f5f63695f6c6173745f726567656e65726174657c693a313730373839343632303b69647c733a323a223130223b69735f6c6f67696e7c623a313b),
('32c87c8c770f63001719e1ff621996ca093a2154', '188.165.87.107', 1708665974, 0x5f5f63695f6c6173745f726567656e65726174657c693a313730383636353937343b),
('3315e498127fda45fc6c78a2b7a2ad1f3f4725aa', '114.5.251.73', 1708415782, 0x5f5f63695f6c6173745f726567656e65726174657c693a313730383431353631333b69647c733a313a2237223b69735f6c6f67696e7c623a313b),
('33f46aa26e0739c260bd118bf4f58f0d44e88077', '114.142.173.10', 1708404819, 0x5f5f63695f6c6173745f726567656e65726174657c693a313730383430343538383b69647c733a323a223130223b69735f6c6f67696e7c623a313b),
('34732b98797ac6feca8c064fb04fecd9314ddcdb', '205.210.31.203', 1708773259, 0x5f5f63695f6c6173745f726567656e65726174657c693a313730383737333235393b),
('35258c181edd90ab47591a20ed02512660128cf9', '114.10.31.33', 1708748721, 0x5f5f63695f6c6173745f726567656e65726174657c693a313730383734383638363b69647c733a313a2238223b69735f6c6f67696e7c623a313b),
('36c0e88f57ea28cfac732e9f506b46ea66b61d22', '51.254.49.106', 1708679039, 0x5f5f63695f6c6173745f726567656e65726174657c693a313730383637393033393b),
('377025ba992fe6f1a5eec713cb37663499410953', '198.235.24.52', 1709346349, 0x5f5f63695f6c6173745f726567656e65726174657c693a313730393334363334393b),
('37b64a0e281983037cc5afaaf1c0de1f8c0d1379', '116.206.14.35', 1710313837, 0x5f5f63695f6c6173745f726567656e65726174657c693a313731303331333638333b69647c733a323a223130223b69735f6c6f67696e7c623a313b),
('381f889ec66211df9c0c3cbf3853484bad81304d', '114.10.117.203', 1708181479, 0x5f5f63695f6c6173745f726567656e65726174657c693a313730383138313437393b69647c733a313a2238223b69735f6c6f67696e7c623a313b),
('385986c72b65c6317d34bc8d1f9ddfdd4f2d395e', '180.244.139.159', 1709622016, 0x5f5f63695f6c6173745f726567656e65726174657c693a313730393632323031323b69647c733a313a2236223b69735f6c6f67696e7c623a313b),
('38706b1c04ca6eb918aea3642a0aef728699523d', '180.244.129.66', 1708311620, 0x5f5f63695f6c6173745f726567656e65726174657c693a313730383331313632303b69647c733a313a2236223b69735f6c6f67696e7c623a313b),
('388fcd9bf8293716b71f6a092720068dcf1e361d', '180.244.132.94', 1708511119, 0x5f5f63695f6c6173745f726567656e65726174657c693a313730383531313131393b),
('38d800634693431380b7c687b98540e75861ce97', '180.244.129.66', 1707903086, 0x5f5f63695f6c6173745f726567656e65726174657c693a313730373930333031343b69647c733a313a2236223b69735f6c6f67696e7c623a313b),
('38dc7800d5e8a14c1ce47e863f7c79eaf3f51ea0', '114.5.251.13', 1707919873, 0x5f5f63695f6c6173745f726567656e65726174657c693a313730373931393837333b69647c733a313a2238223b69735f6c6f67696e7c623a313b),
('395181b81756e53504e90f854557a6f330e06f01', '114.5.250.155', 1710549575, 0x5f5f63695f6c6173745f726567656e65726174657c693a313731303534393537353b69647c733a313a2238223b69735f6c6f67696e7c623a313b),
('3b177e7fc47d47f118f7351ba450d97794ffb56d', '114.5.213.105', 1709516181, 0x5f5f63695f6c6173745f726567656e65726174657c693a313730393531363138313b69647c733a313a2238223b69735f6c6f67696e7c623a313b),
('3b7ccd8a3b3fab3621ad500d9f296b29837d7742', '116.206.14.63', 1710291495, 0x5f5f63695f6c6173745f726567656e65726174657c693a313731303239313333353b69647c733a323a223130223b69735f6c6f67696e7c623a313b),
('3c862336e0727078b92831ad784f075ef11a4a38', '114.5.216.48', 1710877159, 0x5f5f63695f6c6173745f726567656e65726174657c693a313731303837373135393b69647c733a313a2238223b69735f6c6f67696e7c623a313b),
('3d10d65ab58e2e9fe40a84055a202003cbe18970', '205.210.31.12', 1708898266, 0x5f5f63695f6c6173745f726567656e65726174657c693a313730383839383236363b),
('3d128878019a1174f118de3aaee6ca8dd9378c77', '51.254.49.96', 1708215976, 0x5f5f63695f6c6173745f726567656e65726174657c693a313730383231353937363b),
('3d7d8e1fa648ad29c178030a4ac0cbf391604907', '87.236.176.78', 1708357070, 0x5f5f63695f6c6173745f726567656e65726174657c693a313730383335373037303b),
('3db0973dcaf4647e30a10d00e9287561b17c1bd3', '180.244.138.189', 1710243849, 0x5f5f63695f6c6173745f726567656e65726174657c693a313731303234333731383b69647c733a323a223130223b69735f6c6f67696e7c623a313b),
('3ebb7de69bf1b6c4bd64d5304c606e8b66eb34f3', '182.253.124.188', 1709283517, 0x5f5f63695f6c6173745f726567656e65726174657c693a313730393238333531363b69647c733a313a2231223b69735f6c6f67696e7c623a313b),
('3edb45c4e9cd740288dd9f71a86c54b47fe45dc0', '116.206.14.20', 1708947108, 0x5f5f63695f6c6173745f726567656e65726174657c693a313730383934373036313b69647c733a323a223130223b69735f6c6f67696e7c623a313b),
('3f410d6c9ffc61dce2caf7d3a376e5015af8849b', '199.45.155.16', 1708828692, 0x5f5f63695f6c6173745f726567656e65726174657c693a313730383832383639323b),
('3f878994069d33677f631f9a3682e2c9fab22621', '114.5.219.87', 1709361707, 0x5f5f63695f6c6173745f726567656e65726174657c693a313730393336313730373b69647c733a313a2238223b69735f6c6f67696e7c623a313b),
('4003ac72e6616c4c24a7976264a891b8a6295546', '199.45.155.18', 1710662738, 0x5f5f63695f6c6173745f726567656e65726174657c693a313731303636323733383b),
('4030c58d6b9aeedc40223118f11ede3cc7a231af', '114.10.118.198', 1710011999, 0x5f5f63695f6c6173745f726567656e65726174657c693a313731303031313735383b69647c733a313a2239223b69735f6c6f67696e7c623a313b),
('410dc17e5cdfc23c45673f3dc05dbb6d08f1bc33', '114.10.64.103', 1709536278, 0x5f5f63695f6c6173745f726567656e65726174657c693a313730393533363032383b69647c733a313a2238223b69735f6c6f67696e7c623a313b),
('411b4184a3a4ce1cb088abed05920cf5abab6827', '114.5.251.73', 1708414529, 0x5f5f63695f6c6173745f726567656e65726174657c693a313730383431343532393b69647c733a313a2237223b69735f6c6f67696e7c623a313b),
('41d6468e8a1bfd5cf272515e1a78c1f417069415', '114.10.30.227', 1708316869, 0x5f5f63695f6c6173745f726567656e65726174657c693a313730383331363832363b69647c733a313a2238223b69735f6c6f67696e7c623a313b),
('41ec49eb1ca38101539b26bd041acff016811bfa', '114.10.25.184', 1709523151, 0x5f5f63695f6c6173745f726567656e65726174657c693a313730393532333135313b69647c733a313a2238223b69735f6c6f67696e7c623a313b),
('424768163712d887cee0c26748545392280b633b', '180.244.129.66', 1707978540, 0x5f5f63695f6c6173745f726567656e65726174657c693a313730373937383531323b69647c733a313a2231223b69735f6c6f67696e7c623a313b),
('42502f85406b24922e2d4191c2a4c2c131b58e56', '114.5.218.168', 1708949168, 0x5f5f63695f6c6173745f726567656e65726174657c693a313730383934393136373b),
('42ace86320d3ae8307bb942c84756740d2397a5c', '114.5.219.87', 1709364718, 0x5f5f63695f6c6173745f726567656e65726174657c693a313730393336343731383b69647c733a313a2238223b69735f6c6f67696e7c623a313b),
('455b939bd069e8a5575466ff97fd44fb2a7d8f4b', '180.244.129.66', 1708052100, 0x5f5f63695f6c6173745f726567656e65726174657c693a313730383035323130303b69647c733a313a2231223b69735f6c6f67696e7c623a313b),
('4794cf60e7bd013fdf038aea5066470e4eb6bd07', '114.5.251.73', 1708415613, 0x5f5f63695f6c6173745f726567656e65726174657c693a313730383431353631333b69647c733a313a2237223b69735f6c6f67696e7c623a313b),
('47cd5c6f0463f97267cbd815313da7807e09957a', '114.5.213.52', 1708308384, 0x5f5f63695f6c6173745f726567656e65726174657c693a313730383330383338343b69647c733a313a2238223b69735f6c6f67696e7c623a313b),
('47f71c38ae119e6df598b1b012f9950d3a76bdf6', '114.122.74.97', 1710380809, 0x5f5f63695f6c6173745f726567656e65726174657c693a313731303338303830383b69647c733a313a2236223b69735f6c6f67696e7c623a313b),
('48ad8c125f17672652260d28e7ae905eaabeb4e6', '188.165.87.98', 1708207259, 0x5f5f63695f6c6173745f726567656e65726174657c693a313730383230373235393b),
('49088b89d406e3b36df81cee975341901cacdccc', '159.203.46.142', 1708062755, 0x5f5f63695f6c6173745f726567656e65726174657c693a313730383036323735353b),
('49c022dc1b025991cf3fc883e0dc6b864a28d9b2', '114.142.173.60', 1710833445, 0x5f5f63695f6c6173745f726567656e65726174657c693a313731303833333234373b69647c733a323a223130223b69735f6c6f67696e7c623a313b),
('4a79dd5117fd288c1d93833e50f33604fd332a17', '114.122.76.112', 1708052880, 0x5f5f63695f6c6173745f726567656e65726174657c693a313730383035323838303b69647c733a313a2236223b69735f6c6f67696e7c623a313b),
('4ad9d6f75c1762b8c3af01fe6fc87f3492a1b40f', '66.249.68.37', 1708682277, 0x5f5f63695f6c6173745f726567656e65726174657c693a313730383638323237373b),
('4adce72c7d4f98b7401d53a829f86a0990ded8f2', '116.206.14.35', 1708395495, 0x5f5f63695f6c6173745f726567656e65726174657c693a313730383339353239383b69647c733a323a223130223b69735f6c6f67696e7c623a313b),
('4aee083932bad8110ebb23251ce289f314bbd2cc', '114.5.213.230', 1708525760, 0x5f5f63695f6c6173745f726567656e65726174657c693a313730383532353735353b69647c733a313a2238223b69735f6c6f67696e7c623a313b),
('4b7ff481c3cc05ad850c58e34a8bf6d8b50bbbce', '116.206.14.63', 1710291335, 0x5f5f63695f6c6173745f726567656e65726174657c693a313731303239313333353b69647c733a323a223130223b69735f6c6f67696e7c623a313b),
('4c4c73d3b6c19dbf05ed3c6a50452a8b28e9ae48', '180.244.128.85', 1710243718, 0x5f5f63695f6c6173745f726567656e65726174657c693a313731303234333731383b69647c733a323a223130223b69735f6c6f67696e7c623a313b),
('4c603003e33072ca1391506b5b2fcf79f72f6040', '180.244.138.29', 1708072565, 0x5f5f63695f6c6173745f726567656e65726174657c693a313730383037323239393b69647c733a313a2236223b69735f6c6f67696e7c623a313b),
('4c8a646a0cf7410f9b3aff487823a6203c5bd277', '116.206.14.55', 1709698887, 0x5f5f63695f6c6173745f726567656e65726174657c693a313730393639383838373b69647c733a323a223130223b69735f6c6f67696e7c623a313b),
('4d08e7f31e108f823174305b9b57d69d4b606bfc', '116.206.14.5', 1709723675, 0x5f5f63695f6c6173745f726567656e65726174657c693a313730393732333637353b),
('4da214fb39d8b70b2be97d11a9e5878a04073a7b', '161.35.41.112', 1708002256, 0x5f5f63695f6c6173745f726567656e65726174657c693a313730383030323235363b),
('4db3685cf40619f763301d68064843236eba7968', '104.248.161.220', 1710063236, 0x5f5f63695f6c6173745f726567656e65726174657c693a313731303036333233363b),
('4e134e59960e145a7c580991edea6001458f4afc', '114.122.69.243', 1709115293, 0x5f5f63695f6c6173745f726567656e65726174657c693a313730393131353239323b69647c733a313a2236223b69735f6c6f67696e7c623a313b),
('4e36fecf3c410abf40bdc0de932140bb877d1854', '180.244.129.66', 1708148203, 0x5f5f63695f6c6173745f726567656e65726174657c693a313730383134383230333b),
('4e57550cbd39aefc55979e049f2a44967fcabd92', '114.122.101.189', 1709014832, 0x5f5f63695f6c6173745f726567656e65726174657c693a313730393031343833323b69647c733a313a2236223b69735f6c6f67696e7c623a313b),
('4e96e6b0b67ea4ce5dcaec6c2368ba739121df16', '180.244.134.110', 1708160313, 0x5f5f63695f6c6173745f726567656e65726174657c693a313730383136303331333b69647c733a323a223130223b69735f6c6f67696e7c623a313b),
('4e9741a6694bb086a607ee4b533e79df714b3656', '114.122.69.141', 1708496584, 0x5f5f63695f6c6173745f726567656e65726174657c693a313730383439363430363b69647c733a313a2236223b69735f6c6f67696e7c623a313b),
('4f49dcbe16209b18da1ce634ad8eebb1f6a62537', '114.5.248.31', 1708911500, 0x5f5f63695f6c6173745f726567656e65726174657c693a313730383931313230373b69647c733a313a2238223b69735f6c6f67696e7c623a313b),
('4f5e389109689e6ed249ca94528af3e410643519', '182.253.124.166', 1710309944, 0x5f5f63695f6c6173745f726567656e65726174657c693a313731303330393934343b69647c733a323a223131223b69735f6c6f67696e7c623a313b),
('4f73927df8a0433f8c45edf0d5717d968419248c', '114.5.250.155', 1710552896, 0x5f5f63695f6c6173745f726567656e65726174657c693a313731303535323839363b69647c733a313a2238223b69735f6c6f67696e7c623a313b),
('4ff83f19ba3c3e03acff8104d28261abef84bc87', '114.5.251.13', 1707920203, 0x5f5f63695f6c6173745f726567656e65726174657c693a313730373932303230333b69647c733a313a2238223b69735f6c6f67696e7c623a313b),
('5113a908237903a844bc69b44c1e10d79a7f75e6', '114.5.213.52', 1708310373, 0x5f5f63695f6c6173745f726567656e65726174657c693a313730383331303337333b69647c733a313a2238223b69735f6c6f67696e7c623a313b),
('51ee9a4d548100cb92e88d31d08ea19c6dea300f', '114.122.76.28', 1708418448, 0x5f5f63695f6c6173745f726567656e65726174657c693a313730383431383434383b69647c733a313a2236223b69735f6c6f67696e7c623a313b),
('53361b56b0f2be155d9a886ecc93f7ae28ea9d12', '199.45.154.50', 1710355233, 0x5f5f63695f6c6173745f726567656e65726174657c693a313731303335353233333b),
('5358baca27c891e2c2b7767313311a69972a65d2', '114.142.173.32', 1710204131, 0x5f5f63695f6c6173745f726567656e65726174657c693a313731303230343039363b69647c733a323a223130223b69735f6c6f67696e7c623a313b),
('53638a3a76456493779ab5bb50078deafd631b8d', '114.122.76.28', 1708425726, 0x5f5f63695f6c6173745f726567656e65726174657c693a313730383432353732363b),
('5425480c32a0c2c5a408a771dca7a612e6cff7a0', '114.5.251.13', 1707921699, 0x5f5f63695f6c6173745f726567656e65726174657c693a313730373932313635323b69647c733a313a2238223b69735f6c6f67696e7c623a313b),
('55ca8ec72845ca703a21fdd7c4aa1b81060d251b', '114.122.76.112', 1708053671, 0x5f5f63695f6c6173745f726567656e65726174657c693a313730383035333637313b69647c733a313a2236223b69735f6c6f67696e7c623a313b),
('567ec57bec79994c935a637f0264bdd5aef80b3c', '120.188.67.125', 1709622997, 0x5f5f63695f6c6173745f726567656e65726174657c693a313730393632323935333b69647c733a313a2238223b69735f6c6f67696e7c623a313b),
('57c6c713a5c5a6412e4ced438e8c6b7a7298e2b7', '114.122.69.243', 1709107360, 0x5f5f63695f6c6173745f726567656e65726174657c693a313730393130373336303b69647c733a313a2236223b69735f6c6f67696e7c623a313b),
('58a2967439439e08957613a719d85d1631e73c37', '114.142.172.37', 1710124263, 0x5f5f63695f6c6173745f726567656e65726174657c693a313731303132343236333b69647c733a323a223130223b69735f6c6f67696e7c623a313b),
('591fc9419a6ea652c760025b526a663a0de89b20', '114.10.13.241', 1710144570, 0x5f5f63695f6c6173745f726567656e65726174657c693a313731303134343530393b69647c733a313a2238223b69735f6c6f67696e7c623a313b),
('598e87941bd47e48d42779a5931e3ef26bfdc20f', '116.206.15.0', 1708498789, 0x5f5f63695f6c6173745f726567656e65726174657c693a313730383439383738393b69647c733a323a223130223b69735f6c6f67696e7c623a313b),
('5997cd43eac327690968b4ba99f12958906717b2', '3.235.64.54', 1709141407, 0x5f5f63695f6c6173745f726567656e65726174657c693a313730393134313430373b),
('59c29109a1f8ed9c255927de49a9d6b6f6c27391', '138.197.94.10', 1710501708, 0x5f5f63695f6c6173745f726567656e65726174657c693a313731303530313730383b),
('5c4e2586456c0fc3bacff71c30386d8103a77363', '135.148.100.196', 1709187453, 0x5f5f63695f6c6173745f726567656e65726174657c693a313730393138373435323b),
('5c7b814e827f31d149d971e556b88e0254b0c327', '114.142.173.9', 1708731141, 0x5f5f63695f6c6173745f726567656e65726174657c693a313730383733313037363b69647c733a323a223130223b69735f6c6f67696e7c623a313b),
('5c8cbbc4e53948fae34814cf8edb035e2508ded0', '114.10.28.81', 1709199851, 0x5f5f63695f6c6173745f726567656e65726174657c693a313730393139393835313b69647c733a313a2239223b69735f6c6f67696e7c623a313b),
('5d3f4b36e23845538ecae17a96bf741ae9ca2c42', '180.244.129.66', 1708071695, 0x5f5f63695f6c6173745f726567656e65726174657c693a313730383037313639353b69647c733a313a2231223b69735f6c6f67696e7c623a313b),
('5d45a7003ebcef5750f48f7552d0476718bd3f11', '114.5.250.155', 1710555556, 0x5f5f63695f6c6173745f726567656e65726174657c693a313731303535353535363b69647c733a313a2238223b69735f6c6f67696e7c623a313b),
('5eb1f90022c0b25bbe34a51ff7f09a01952af249', '114.122.79.100', 1708925181, 0x5f5f63695f6c6173745f726567656e65726174657c693a313730383932353138313b69647c733a313a2236223b69735f6c6f67696e7c623a313b),
('5ef7277a6310a897e9c02fc07028a1990fd7d54f', '199.45.155.51', 1708871111, 0x5f5f63695f6c6173745f726567656e65726174657c693a313730383837313131313b),
('5f0903bac89d9a44c6104bc8777a4b4b6aa56cc7', '114.142.172.4', 1709715470, 0x5f5f63695f6c6173745f726567656e65726174657c693a313730393731353430393b69647c733a323a223130223b69735f6c6f67696e7c623a313b),
('5fa8d4fadb10d2e44fd877e01e57819b4c1c1cc3', '5.164.29.116', 1708028614, 0x5f5f63695f6c6173745f726567656e65726174657c693a313730383032383631343b),
('6121778e850b89c8cdbc813e42ff8206d56d7525', '114.122.82.110', 1709861996, 0x5f5f63695f6c6173745f726567656e65726174657c693a313730393836313939363b69647c733a313a2236223b69735f6c6f67696e7c623a313b),
('6165c6ccda3d72084ab2201d64f379dc3df0239f', '116.206.14.24', 1708912973, 0x5f5f63695f6c6173745f726567656e65726174657c693a313730383931323937333b69647c733a323a223130223b69735f6c6f67696e7c623a313b),
('623574d59ae8545d1784cdc89f230a43a1c65493', '114.122.69.141', 1708496406, 0x5f5f63695f6c6173745f726567656e65726174657c693a313730383439363430363b69647c733a313a2236223b69735f6c6f67696e7c623a313b),
('635c42d3ca3f66aba7574ee0865de8e9ad612e7f', '114.122.77.10', 1708571089, 0x5f5f63695f6c6173745f726567656e65726174657c693a313730383537313038393b69647c733a313a2236223b69735f6c6f67696e7c623a313b),
('6666615b9134531756f1139d14bc1d9d272ec8b7', '66.249.66.193', 1709378464, 0x5f5f63695f6c6173745f726567656e65726174657c693a313730393337383436343b),
('669865e9cc967f2838ad0df515c522672aac0e85', '104.164.173.79', 1707978625, 0x5f5f63695f6c6173745f726567656e65726174657c693a313730373937383632353b),
('66bdf0c003913061bb12f12912acff3ca9675e03', '114.10.25.184', 1709536028, 0x5f5f63695f6c6173745f726567656e65726174657c693a313730393533363032383b69647c733a313a2238223b69735f6c6f67696e7c623a313b),
('674fc8fa159a8b7be29a14e517685457cad48c7b', '47.251.11.3', 1708025476, 0x5f5f63695f6c6173745f726567656e65726174657c693a313730383032353437363b),
('6793607771f6e003eaae81e3a29dd8a4f2c209fe', '116.206.14.43', 1708113379, 0x5f5f63695f6c6173745f726567656e65726174657c693a313730383131333337393b69647c733a323a223130223b69735f6c6f67696e7c623a313b),
('67a8e0ec6bd191bdd3df546cb8a7760852d3c78f', '114.5.216.244', 1710058913, 0x5f5f63695f6c6173745f726567656e65726174657c693a313731303035383834393b69647c733a313a2238223b69735f6c6f67696e7c623a313b),
('68a94e94abfcc40aa42c2a2c9880827085f0c1fa', '3.135.86.180', 1708109624, 0x5f5f63695f6c6173745f726567656e65726174657c693a313730383130393632343b),
('68ec6e76a2e54c55a21d03f2d1547ddd212471af', '114.5.213.54', 1708140708, 0x5f5f63695f6c6173745f726567656e65726174657c693a313730383134303537383b69647c733a313a2238223b69735f6c6f67696e7c623a313b),
('692fbb9e6f7a7c67524280f1e83f1c57ee483ab5', '116.206.15.47', 1708418727, 0x5f5f63695f6c6173745f726567656e65726174657c693a313730383431383632323b69647c733a323a223130223b69735f6c6f67696e7c623a313b),
('694b748a883a2bb35edcab2310804eccbe3d79d2', '180.244.129.66', 1707989882, 0x5f5f63695f6c6173745f726567656e65726174657c693a313730373938393838323b69647c733a313a2231223b69735f6c6f67696e7c623a313b),
('6a37c47ef8abe3396b6628a79561ce1d988c4b74', '180.244.129.66', 1707978506, 0x5f5f63695f6c6173745f726567656e65726174657c693a313730373937383530363b),
('6a44df4a37ad5705d9c73d7a629a4a9a969d1396', '199.45.155.17', 1708845241, 0x5f5f63695f6c6173745f726567656e65726174657c693a313730383834353234313b),
('6a993af89343b54890ccf1e9bfc723f22a03b5dc', '182.253.124.188', 1709282785, 0x5f5f63695f6c6173745f726567656e65726174657c693a313730393238323738353b69647c733a313a2231223b69735f6c6f67696e7c623a313b),
('6ae6ee36c3afbfe00ba81e60ce49ea74494f0df4', '114.122.109.198', 1707800524, 0x5f5f63695f6c6173745f726567656e65726174657c693a313730373830303532343b69647c733a313a2236223b69735f6c6f67696e7c623a313b),
('6aef0e24f39b26536631c6867ce61f9b2808c845', '114.142.173.56', 1708731076, 0x5f5f63695f6c6173745f726567656e65726174657c693a313730383733313037363b69647c733a323a223130223b69735f6c6f67696e7c623a313b),
('6b6a3ae7bc86ab1276013aadfb47d65a5926c4fb', '114.10.13.241', 1710144509, 0x5f5f63695f6c6173745f726567656e65726174657c693a313731303134343530393b69647c733a313a2238223b69735f6c6f67696e7c623a313b),
('6d4437081b749394117522d7468b43fa02064479', '114.5.218.23', 1708155754, 0x5f5f63695f6c6173745f726567656e65726174657c693a313730383135353639323b69647c733a313a2238223b69735f6c6f67696e7c623a313b),
('6d57a1c9ef97ef838a5513c5e8505576adc2685a', '114.5.213.230', 1708527990, 0x5f5f63695f6c6173745f726567656e65726174657c693a313730383532373939303b69647c733a313a2238223b69735f6c6f67696e7c623a313b),
('6dca2e34d7ef1efa1270a65a571be06792cbe66c', '114.122.101.67', 1708663030, 0x5f5f63695f6c6173745f726567656e65726174657c693a313730383636333033303b69647c733a313a2236223b69735f6c6f67696e7c623a313b),
('6e4205a2062d83626cd4153dca775ca7ab4c1c16', '114.5.251.13', 1707920525, 0x5f5f63695f6c6173745f726567656e65726174657c693a313730373932303532353b69647c733a313a2238223b69735f6c6f67696e7c623a313b),
('6e53030cd42820a817027a0c766311ebb4890516', '116.206.15.34', 1708636358, 0x5f5f63695f6c6173745f726567656e65726174657c693a313730383633363239353b69647c733a323a223130223b69735f6c6f67696e7c623a313b),
('6f55ee15792648f79ef75f47061a3811604720b2', '114.5.251.73', 1708415186, 0x5f5f63695f6c6173745f726567656e65726174657c693a313730383431353138363b69647c733a313a2237223b69735f6c6f67696e7c623a313b),
('6f693dc42ba0b1a62ff19a15d171d7f679e36c9a', '3.254.208.39', 1709686539, 0x5f5f63695f6c6173745f726567656e65726174657c693a313730393638363533393b),
('7098c4336f8aca5b91cfe46f26b452bf1a367ebd', '198.235.24.23', 1708929963, 0x5f5f63695f6c6173745f726567656e65726174657c693a313730383932393936333b),
('70a350d00b68a2ccdf12c97309b87aa2db118252', '180.244.129.66', 1708149713, 0x5f5f63695f6c6173745f726567656e65726174657c693a313730383134393731333b69647c733a313a2236223b69735f6c6f67696e7c623a313b),
('7365b322c3cf7445da058b67d094cb0a62e8c319', '65.154.226.167', 1709791419, 0x5f5f63695f6c6173745f726567656e65726174657c693a313730393739313431393b),
('73ddb7466326337da0f908d3c0dc9a224e28d203', '114.122.76.28', 1708410511, 0x5f5f63695f6c6173745f726567656e65726174657c693a313730383431303531313b69647c733a313a2236223b69735f6c6f67696e7c623a313b),
('73efe4f3410dd09032c346ee701bd93c3dc84530', '114.10.31.33', 1708741739, 0x5f5f63695f6c6173745f726567656e65726174657c693a313730383734313733393b69647c733a313a2238223b69735f6c6f67696e7c623a313b),
('74802ae6a0be026d44ce06ea58121867bc0ac9dc', '37.187.215.248', 1708217321, 0x5f5f63695f6c6173745f726567656e65726174657c693a313730383231373332313b),
('75c326bece8acac047e6c700c275a8065d915830', '66.249.66.195', 1708964698, 0x5f5f63695f6c6173745f726567656e65726174657c693a313730383936343639383b),
('75ce4dc1b21da7e4bd01f29ad3bab505ec1b0758', '114.122.74.97', 1710380808, 0x5f5f63695f6c6173745f726567656e65726174657c693a313731303338303830383b69647c733a313a2236223b69735f6c6f67696e7c623a313b),
('76eddc9d6d1e3e6683051c13d4145184760647e6', '51.254.49.110', 1708214698, 0x5f5f63695f6c6173745f726567656e65726174657c693a313730383231343639383b),
('771c157fd3290a9f1b446ec190471c4a60a0bc51', '199.45.154.19', 1709752476, 0x5f5f63695f6c6173745f726567656e65726174657c693a313730393735323437363b),
('779d2fa6536bf70cce3652587293d29cb20aa785', '114.122.76.112', 1708052300, 0x5f5f63695f6c6173745f726567656e65726174657c693a313730383035323330303b69647c733a313a2236223b69735f6c6f67696e7c623a313b),
('77a424b711be02b43cb86423d67f12efb7a16858', '116.206.14.43', 1708111293, 0x5f5f63695f6c6173745f726567656e65726174657c693a313730383131313239333b69647c733a323a223130223b69735f6c6f67696e7c623a313b),
('77ca2df4374a0f5af93d255e7904203880c2d455', '116.206.14.53', 1707797165, 0x5f5f63695f6c6173745f726567656e65726174657c693a313730373739373133323b69647c733a323a223130223b69735f6c6f67696e7c623a313b),
('78cd0db96e1ceb7c08e544b633a0e12dd53fc095', '114.122.82.110', 1709863254, 0x5f5f63695f6c6173745f726567656e65726174657c693a313730393836333235343b69647c733a313a2236223b69735f6c6f67696e7c623a313b),
('7a703c8b4c200283011a7ab5aacca1e1a257c7d8', '114.142.173.56', 1708725581, 0x5f5f63695f6c6173745f726567656e65726174657c693a313730383732353538313b69647c733a323a223130223b69735f6c6f67696e7c623a313b),
('7a789906394b2fe679d6e8a3bb3a0cd3ff643064', '114.5.217.55', 1708412818, 0x5f5f63695f6c6173745f726567656e65726174657c693a313730383431323830373b),
('7ac43b2ca4334bc7a9088ed5ea79c511b390e006', '114.122.76.112', 1708063882, 0x5f5f63695f6c6173745f726567656e65726174657c693a313730383036333836373b69647c733a313a2236223b69735f6c6f67696e7c623a313b),
('7ad279d326ecc3934b9bdec82363ea15183cad85', '114.5.219.87', 1709365476, 0x5f5f63695f6c6173745f726567656e65726174657c693a313730393336353437363b69647c733a313a2238223b69735f6c6f67696e7c623a313b),
('7b8822b9f7d21cf82360d787356e41e7aa134270', '114.4.215.244', 1710872269, 0x5f5f63695f6c6173745f726567656e65726174657c693a313731303837323236393b69647c733a313a2238223b69735f6c6f67696e7c623a313b),
('7c10f63e378b065cbda2157e75796fe7ff220336', '199.45.155.16', 1709752866, 0x5f5f63695f6c6173745f726567656e65726174657c693a313730393735323836363b),
('7c43a0fc8560a4a4574abcc8e5c1af86b25f02ed', '114.122.109.198', 1707799903, 0x5f5f63695f6c6173745f726567656e65726174657c693a313730373739393930333b69647c733a313a2236223b69735f6c6f67696e7c623a313b),
('7de3ffbed5ce564850d3b4dac07a9bddf401c861', '114.5.218.23', 1708166644, 0x5f5f63695f6c6173745f726567656e65726174657c693a313730383136363630303b69647c733a313a2238223b69735f6c6f67696e7c623a313b),
('7dfb56f3fed5fb1f7454ecf6c8cfacec90058954', '114.4.79.6', 1708243331, 0x5f5f63695f6c6173745f726567656e65726174657c693a313730383234333239313b69647c733a313a2238223b69735f6c6f67696e7c623a313b),
('7ef780d921e6e99b9e1fdd8fcf98128e1f443f07', '182.253.124.166', 1710303661, 0x5f5f63695f6c6173745f726567656e65726174657c693a313731303330333636313b69647c733a313a2231223b69735f6c6f67696e7c623a313b),
('7fce78394ee500e87e4aee4d21cc535522034108', '114.5.213.105', 1709520118, 0x5f5f63695f6c6173745f726567656e65726174657c693a313730393532303131383b69647c733a313a2238223b69735f6c6f67696e7c623a313b),
('8075b3ef3518b165262aa8a5b6df86369644410c', '180.244.129.66', 1708052100, 0x5f5f63695f6c6173745f726567656e65726174657c693a313730383035323130303b69647c733a313a2231223b69735f6c6f67696e7c623a313b),
('81be1b5bf321941576c075866cf8bee137742fe8', '198.235.24.228', 1709069434, 0x5f5f63695f6c6173745f726567656e65726174657c693a313730393036393433343b),
('8257de48f3b2aa2812b3f2fdda059c1e7d166c01', '114.122.101.189', 1709015875, 0x5f5f63695f6c6173745f726567656e65726174657c693a313730393031353837353b69647c733a313a2236223b69735f6c6f67696e7c623a313b),
('827d76a92ad1efb5e7bc8e20b342d60d49cb4ae6', '114.5.254.250', 1709958463, 0x5f5f63695f6c6173745f726567656e65726174657c693a313730393935383436333b69647c733a313a2238223b69735f6c6f67696e7c623a313b),
('834d78ae40ede8c49e4e8e8b8139516afee286fd', '114.5.216.48', 1710875169, 0x5f5f63695f6c6173745f726567656e65726174657c693a313731303837353136393b69647c733a313a2238223b69735f6c6f67696e7c623a313b),
('83c17b0929ed6959196e676005a2bff2b8124ec6', '114.10.75.116', 1709974377, 0x5f5f63695f6c6173745f726567656e65726174657c693a313730393937343233303b69647c733a313a2238223b69735f6c6f67696e7c623a313b),
('85b3a6ce81341059a4e107c2538fbc6b759b4d4b', '114.5.211.82', 1708739989, 0x5f5f63695f6c6173745f726567656e65726174657c693a313730383733393938393b69647c733a313a2238223b69735f6c6f67696e7c623a313b),
('85be82553369a3bf8fb66357fe6980e12f95be6d', '198.235.24.45', 1709461040, 0x5f5f63695f6c6173745f726567656e65726174657c693a313730393436313034303b),
('85c8ce24e12e867b8df03b6ba604ce0e68a3ac66', '114.142.173.18', 1709095041, 0x5f5f63695f6c6173745f726567656e65726174657c693a313730393039353031383b69647c733a323a223130223b69735f6c6f67696e7c623a313b),
('85e31375605fc89b14826fc76ec0932b6ee60b19', '114.122.101.67', 1708663031, 0x5f5f63695f6c6173745f726567656e65726174657c693a313730383636333033303b69647c733a313a2236223b69735f6c6f67696e7c623a313b),
('871e7e124ea9f3519c2f39b7094ecfbff145bc69', '114.122.101.67', 1708662282, 0x5f5f63695f6c6173745f726567656e65726174657c693a313730383636323238323b69647c733a313a2236223b69735f6c6f67696e7c623a313b),
('87a5d0bd2427c819ee8b4358439edbecdbbc0423', '103.158.102.21', 1707982845, 0x5f5f63695f6c6173745f726567656e65726174657c693a313730373938323731373b),
('8892ff10fd7c98a789f5f909ae64f5fa9d40e64b', '114.5.254.250', 1709958463, 0x5f5f63695f6c6173745f726567656e65726174657c693a313730393935383436333b69647c733a313a2238223b69735f6c6f67696e7c623a313b),
('88d09d1f12d330f340c4aadbf8af2a3a2c76f51e', '205.169.39.233', 1707978675, 0x5f5f63695f6c6173745f726567656e65726174657c693a313730373937383637353b),
('899c1b2f40cfc825ff4aacd709f6c9c79a9a26e3', '114.5.250.155', 1710552593, 0x5f5f63695f6c6173745f726567656e65726174657c693a313731303535323539333b69647c733a313a2238223b69735f6c6f67696e7c623a313b),
('8a05429f48add3cf06ed5089c32aacf076a0ea24', '116.206.14.2', 1709220390, 0x5f5f63695f6c6173745f726567656e65726174657c693a313730393232303231383b69647c733a323a223130223b69735f6c6f67696e7c623a313b),
('8a507d1d7bef5610d770dce7731b1ea4f2ed8af9', '114.5.210.121', 1709061114, 0x5f5f63695f6c6173745f726567656e65726174657c693a313730393036313031363b69647c733a313a2238223b69735f6c6f67696e7c623a313b),
('8ca5f33bd775ce342d4563a50abb969a9e906803', '114.10.75.116', 1709974230, 0x5f5f63695f6c6173745f726567656e65726174657c693a313730393937343233303b69647c733a313a2238223b69735f6c6f67696e7c623a313b),
('8d00d34e6ff3333a28b4d1f3266eddb98be064c0', '114.5.210.121', 1709059765, 0x5f5f63695f6c6173745f726567656e65726174657c693a313730393035393736353b69647c733a313a2238223b69735f6c6f67696e7c623a313b),
('8decf4ee910a841474c45fa496b8f907b9c7a98c', '180.244.129.66', 1707834722, 0x5f5f63695f6c6173745f726567656e65726174657c693a313730373832393534303b69647c733a313a2236223b69735f6c6f67696e7c623a313b),
('9091039652a5c7913cbe5ea3bcb7b0e8dde1aaa6', '135.148.100.196', 1709173798, 0x5f5f63695f6c6173745f726567656e65726174657c693a313730393137333739383b),
('90e6db9a5a638c9a7cc2987c91416ac3ed1444f5', '116.206.15.51', 1707805946, 0x5f5f63695f6c6173745f726567656e65726174657c693a313730373830353934363b69647c733a323a223130223b69735f6c6f67696e7c623a313b),
('9199918da50a8a3428842eb8012b25cc9fa003c3', '103.122.5.157', 1708189320, 0x5f5f63695f6c6173745f726567656e65726174657c693a313730383138393332303b69647c733a313a2239223b69735f6c6f67696e7c623a313b),
('9207d81f26ff88a62996e1d27f93f89b064c3547', '196.240.190.194', 1708757409, 0x5f5f63695f6c6173745f726567656e65726174657c693a313730383735373430393b),
('931120236cc162b41d69246a84a6e9399f1335b3', '114.5.211.82', 1708736473, 0x5f5f63695f6c6173745f726567656e65726174657c693a313730383733363437333b69647c733a313a2238223b69735f6c6f67696e7c623a313b),
('9342d13387a9585f92019c1986a53331b101b4fc', '51.254.49.110', 1708225314, 0x5f5f63695f6c6173745f726567656e65726174657c693a313730383232353331343b),
('9384456eb216abfc75e999dfb6621030e2041896', '114.5.213.54', 1708140578, 0x5f5f63695f6c6173745f726567656e65726174657c693a313730383134303537383b69647c733a313a2238223b69735f6c6f67696e7c623a313b),
('93a3b743d6e2d5d72607b050ef5aae55ec95e6b4', '180.244.129.66', 1708071140, 0x5f5f63695f6c6173745f726567656e65726174657c693a313730383037313134303b69647c733a313a2231223b69735f6c6f67696e7c623a313b),
('944b8350e3c316bc75c44f12dc3fc5ea55766171', '103.122.5.157', 1708189321, 0x5f5f63695f6c6173745f726567656e65726174657c693a313730383138393332303b69647c733a313a2239223b69735f6c6f67696e7c623a313b),
('95b0c1fa3581d87696b876a90a9916c0321fb9b6', '205.210.31.64', 1708670413, 0x5f5f63695f6c6173745f726567656e65726174657c693a313730383637303431333b),
('95b9361fb880be120318109869781e2c039ee8fe', '114.122.109.198', 1707798921, 0x5f5f63695f6c6173745f726567656e65726174657c693a313730373739383932313b69647c733a313a2236223b69735f6c6f67696e7c623a313b),
('97dcee7309657b3f29ee42f5e7e74aeffef69181', '114.5.213.230', 1708526588, 0x5f5f63695f6c6173745f726567656e65726174657c693a313730383532363538383b69647c733a313a2238223b69735f6c6f67696e7c623a313b),
('97ea8075f829614ac39596e76599805526db7030', '138.197.170.20', 1707919541, 0x5f5f63695f6c6173745f726567656e65726174657c693a313730373931393534313b),
('97fc1f72be9bf00fa0f11c47b59aeeda4f0b88dd', '114.122.79.100', 1708942426, 0x5f5f63695f6c6173745f726567656e65726174657c693a313730383934323432363b),
('99f558d57307faa5b7644eb08ba21ce21c01085c', '114.5.210.121', 1709061016, 0x5f5f63695f6c6173745f726567656e65726174657c693a313730393036313031363b69647c733a313a2238223b69735f6c6f67696e7c623a313b),
('9c87318ca406ecf56953052504fe35b19f27d57c', '47.88.87.97', 1708025476, 0x5f5f63695f6c6173745f726567656e65726174657c693a313730383032353437363b),
('9ce7a896b5184cace9b0af6c1a30801977a5a4e5', '114.122.101.67', 1708677306, 0x5f5f63695f6c6173745f726567656e65726174657c693a313730383637373130333b69647c733a313a2236223b69735f6c6f67696e7c623a313b),
('9d128414c1ec557355bffb2ca61e243835fd69cf', '114.5.216.218', 1709608375, 0x5f5f63695f6c6173745f726567656e65726174657c693a313730393630383335303b69647c733a313a2238223b69735f6c6f67696e7c623a313b),
('9e0f1e05d9797b439e143196474f4b096eca7b60', '116.206.15.47', 1708418622, 0x5f5f63695f6c6173745f726567656e65726174657c693a313730383431383632323b69647c733a323a223130223b69735f6c6f67696e7c623a313b),
('9e75f754703a5827d0a6d01cf2152d6beac98e53', '116.206.14.34', 1708500169, 0x5f5f63695f6c6173745f726567656e65726174657c693a313730383439393937343b69647c733a323a223130223b69735f6c6f67696e7c623a313b),
('9f97bfc10b0785d0dd2465ae3062241880b78712', '114.122.108.246', 1709953275, 0x5f5f63695f6c6173745f726567656e65726174657c693a313730393935333235353b69647c733a313a2236223b69735f6c6f67696e7c623a313b),
('9f9b3e7ffd7d26bfe509fa1a8e2ea4d4bc2ef8f8', '182.253.124.188', 1709283516, 0x5f5f63695f6c6173745f726567656e65726174657c693a313730393238333531363b69647c733a313a2231223b69735f6c6f67696e7c623a313b),
('a039b75118608adbf44bb9740b196a42d7c88d7d', '114.142.173.60', 1710833247, 0x5f5f63695f6c6173745f726567656e65726174657c693a313731303833333234373b69647c733a323a223130223b69735f6c6f67696e7c623a313b),
('a071e90ec2e3a4846dadfa3703c649ff0ef585da', '182.253.124.166', 1710305379, 0x5f5f63695f6c6173745f726567656e65726174657c693a313731303330353337393b69647c733a313a2231223b69735f6c6f67696e7c623a313b),
('a1f833430f66e05ec3d63071ae41ab7f27439a78', '114.122.74.171', 1707982313, 0x5f5f63695f6c6173745f726567656e65726174657c693a313730373938323331323b69647c733a313a2236223b69735f6c6f67696e7c623a313b),
('a2055bb829674c87cffe44508b423b2b4a1d6ac6', '114.122.114.245', 1710477112, 0x5f5f63695f6c6173745f726567656e65726174657c693a313731303437373131323b69647c733a313a2236223b69735f6c6f67696e7c623a313b),
('a221d964a500ba861c50b92ed234a48efbbdb2c1', '116.206.14.55', 1709699578, 0x5f5f63695f6c6173745f726567656e65726174657c693a313730393639393537383b69647c733a323a223130223b69735f6c6f67696e7c623a313b),
('a22b85ac58d8151ea250b3ef7067b931ee37fbd9', '114.5.254.250', 1709957612, 0x5f5f63695f6c6173745f726567656e65726174657c693a313730393935373631323b69647c733a313a2238223b69735f6c6f67696e7c623a313b),
('a36e6fa63303701a1a0eef8fb3ec23cff0605fb4', '114.122.103.168', 1708249317, 0x5f5f63695f6c6173745f726567656e65726174657c693a313730383234393331373b69647c733a313a2236223b69735f6c6f67696e7c623a313b),
('a57ef136bc21d75e3bf623d8e83110cb18bea053', '114.122.77.10', 1708571450, 0x5f5f63695f6c6173745f726567656e65726174657c693a313730383537313435303b69647c733a313a2236223b69735f6c6f67696e7c623a313b),
('a5a8375e2c885938d2d2ed576c4f9599d03276a7', '120.188.4.7', 1709449753, 0x5f5f63695f6c6173745f726567656e65726174657c693a313730393434393635383b69647c733a313a2238223b69735f6c6f67696e7c623a313b),
('a61fd3075aa8cb442c38774a0ae01c3f8c12dcdc', '140.213.103.252', 1709025835, 0x5f5f63695f6c6173745f726567656e65726174657c693a313730393032353833353b),
('a71c4d84c41304d2f2c8b46277406e7973ae8e88', '114.5.250.183', 1708258292, 0x5f5f63695f6c6173745f726567656e65726174657c693a313730383235383134303b69647c733a313a2238223b69735f6c6f67696e7c623a313b),
('a79000f0ed656bb05ae58e637ea3fd057b60fa70', '180.244.132.94', 1708664208, 0x5f5f63695f6c6173745f726567656e65726174657c693a313730383636343230323b69647c733a313a2236223b69735f6c6f67696e7c623a313b),
('a79fc1ee23c9f8b60848edfaa68792345bdb4e0b', '138.199.6.211', 1707978653, 0x5f5f63695f6c6173745f726567656e65726174657c693a313730373937383635333b),
('a7b93e921f37dd8ab0b53f5ad087db42216802ac', '87.236.176.239', 1708631213, 0x5f5f63695f6c6173745f726567656e65726174657c693a313730383633313231333b),
('a8694b2d4a1dc4da1c91ee6829ec414495c29fe2', '114.122.77.10', 1708571590, 0x5f5f63695f6c6173745f726567656e65726174657c693a313730383537313435303b69647c733a313a2236223b69735f6c6f67696e7c623a313b),
('a87f55182a0b9a268098c3cd2e7d492b753f79a1', '66.249.68.35', 1708682278, 0x5f5f63695f6c6173745f726567656e65726174657c693a313730383638323237383b);
INSERT INTO `ci_sessions` (`id`, `ip_address`, `timestamp`, `data`) VALUES
('a9816bbd898683079df4c3521cafba6104e957d6', '65.154.226.168', 1707978704, 0x5f5f63695f6c6173745f726567656e65726174657c693a313730373937383730343b),
('a99728d1944b2fd3ee6c81a0e10aec55a242b258', '114.5.208.210', 1709145022, 0x5f5f63695f6c6173745f726567656e65726174657c693a313730393134343938363b69647c733a313a2238223b69735f6c6f67696e7c623a313b),
('a9d90ca0fea3e976da41c438fd02257e48ca2fdd', '66.249.65.166', 1709809895, 0x5f5f63695f6c6173745f726567656e65726174657c693a313730393830393839353b),
('a9f97f38f945705541eada6014e9aee20ba502b8', '114.142.172.37', 1710124809, 0x5f5f63695f6c6173745f726567656e65726174657c693a313731303132343830393b69647c733a323a223130223b69735f6c6f67696e7c623a313b),
('ab3537d3af00b918b6f75cd2cbfa4c8a4b6413bd', '114.5.216.48', 1710873999, 0x5f5f63695f6c6173745f726567656e65726174657c693a313731303837333939393b69647c733a313a2238223b69735f6c6f67696e7c623a313b),
('ab6727d5ddd0b3b0e461ecc28dc1ac83433b4858', '37.187.215.244', 1708672091, 0x5f5f63695f6c6173745f726567656e65726174657c693a313730383637323039313b),
('abc68eede9735b215cb263fb085a59ee0083cac2', '114.5.249.54', 1709867464, 0x5f5f63695f6c6173745f726567656e65726174657c693a313730393836373233363b69647c733a313a2239223b69735f6c6f67696e7c623a313b),
('abc762f4d91db5743d78b0b0c7b5225b9f337895', '114.5.250.155', 1710555735, 0x5f5f63695f6c6173745f726567656e65726174657c693a313731303535353535363b69647c733a313a2238223b69735f6c6f67696e7c623a313b),
('ac92890d516fd17bf1acfcdf7f12a3a17588472c', '114.10.117.203', 1708180386, 0x5f5f63695f6c6173745f726567656e65726174657c693a313730383138303338363b),
('aca7b8fbdcccd81117028296b498d1f87152cc64', '116.206.14.43', 1708111978, 0x5f5f63695f6c6173745f726567656e65726174657c693a313730383131313936383b69647c733a323a223130223b69735f6c6f67696e7c623a313b),
('ad237284c214a6ba88357a7029d01ae41bcd3a59', '116.206.14.24', 1708913162, 0x5f5f63695f6c6173745f726567656e65726174657c693a313730383931323937333b69647c733a323a223130223b69735f6c6f67696e7c623a313b),
('ae682dd6f5f2853ecb5b8886698ac11b1d04ea74', '116.206.15.37', 1709164555, 0x5f5f63695f6c6173745f726567656e65726174657c693a313730393136343535343b),
('af4670daa90ad472b9d03a1bb06adaf0f7d327d0', '114.5.218.215', 1708220723, 0x5f5f63695f6c6173745f726567656e65726174657c693a313730383232303732333b),
('afb94a4c9770c32e4f8a8653a78d55f3893d409d', '114.122.114.245', 1710477195, 0x5f5f63695f6c6173745f726567656e65726174657c693a313731303437373131323b69647c733a313a2236223b69735f6c6f67696e7c623a313b),
('b1a1b0c40cbb2a25a4f58b4077e47df096279c14', '116.206.15.0', 1708498224, 0x5f5f63695f6c6173745f726567656e65726174657c693a313730383439383137393b),
('b2423f1de0b6ade46235cb9f779eaf6edef42f74', '180.244.132.94', 1708664262, 0x5f5f63695f6c6173745f726567656e65726174657c693a313730383636343235323b69647c733a313a2238223b69735f6c6f67696e7c623a313b),
('b29cbcceb6f4123c8b1bda9a54994b4ff111e988', '180.244.129.66', 1707994196, 0x5f5f63695f6c6173745f726567656e65726174657c693a313730373939343139363b),
('b4b718171bcceb8c47fda3c2b2ef171f51c8c6fd', '114.5.251.13', 1707921652, 0x5f5f63695f6c6173745f726567656e65726174657c693a313730373932313635323b69647c733a313a2238223b69735f6c6f67696e7c623a313b),
('b4ecea2bd36989f17e3f2f0eba00a6ff4e0d0dde', '87.236.176.161', 1708603987, 0x5f5f63695f6c6173745f726567656e65726174657c693a313730383630333938373b),
('b4f755d849b0ac63a6c464beb1305dcab31eb53e', '114.10.74.225', 1709880740, 0x5f5f63695f6c6173745f726567656e65726174657c693a313730393838303734303b69647c733a313a2239223b69735f6c6f67696e7c623a313b),
('b560418c4b991000c407d75374dbc1416a599127', '114.10.31.33', 1708748686, 0x5f5f63695f6c6173745f726567656e65726174657c693a313730383734383638363b69647c733a313a2238223b69735f6c6f67696e7c623a313b),
('b60c49db52ebd54646549ee64c1879ab8cff87a2', '180.244.132.94', 1708668420, 0x5f5f63695f6c6173745f726567656e65726174657c693a313730383636383432303b69647c733a313a2231223b69735f6c6f67696e7c623a313b),
('b70e711242e4243a2063a624270e5de750142363', '66.249.66.195', 1710329837, 0x5f5f63695f6c6173745f726567656e65726174657c693a313731303332393833373b),
('b783841d0ba141973dc805cadfef715c19ad9c07', '114.122.76.112', 1708063867, 0x5f5f63695f6c6173745f726567656e65726174657c693a313730383036333836373b69647c733a313a2236223b69735f6c6f67696e7c623a313b),
('b882360655a3d011ba426316a3ab89fd7fe636ef', '114.122.82.110', 1709863630, 0x5f5f63695f6c6173745f726567656e65726174657c693a313730393836333633303b69647c733a313a2236223b69735f6c6f67696e7c623a313b),
('b8a350c065dd86927c9aacc664ca6ab5496050d3', '180.244.134.110', 1707828779, 0x5f5f63695f6c6173745f726567656e65726174657c693a313730373832383636373b69647c733a323a223130223b69735f6c6f67696e7c623a313b),
('b942eac940eb01e7b9f2b6b377929c493d0c8733', '180.244.132.94', 1708669021, 0x5f5f63695f6c6173745f726567656e65726174657c693a313730383636393032313b69647c733a313a2231223b69735f6c6f67696e7c623a313b),
('b99c472f0fba59aed3d10d8464a54a6affb78215', '116.206.15.34', 1708636295, 0x5f5f63695f6c6173745f726567656e65726174657c693a313730383633363239353b69647c733a323a223130223b69735f6c6f67696e7c623a313b),
('b9c216b7a2ee4485821d2cb1df5a8f4c0fd47a33', '114.122.79.100', 1708926967, 0x5f5f63695f6c6173745f726567656e65726174657c693a313730383932363936373b69647c733a313a2236223b69735f6c6f67696e7c623a313b),
('ba16a88a3d4a4572b25709ef96897381a5084f54', '188.165.87.98', 1708207105, 0x5f5f63695f6c6173745f726567656e65726174657c693a313730383230373130353b),
('ba9d7ca8487bb1b490167d170ea23791f6969346', '66.249.66.195', 1708721739, 0x5f5f63695f6c6173745f726567656e65726174657c693a313730383732313733393b),
('bcf3cf703e3205f4bb6528797bbfdbdbad9ef0e0', '66.249.66.194', 1709140772, 0x5f5f63695f6c6173745f726567656e65726174657c693a313730393134303737323b),
('bd15469ad1dbdb05bcd9d6ec1d1d50488228788e', '114.5.211.82', 1708736799, 0x5f5f63695f6c6173745f726567656e65726174657c693a313730383733363739393b69647c733a313a2238223b69735f6c6f67696e7c623a313b),
('bdda7bb8631f36ed1bc160f44733ac46951da77f', '114.10.64.103', 1709543571, 0x5f5f63695f6c6173745f726567656e65726174657c693a313730393534333537313b),
('be84cfb3b267e322812c1ed3f97b56e262ce72a9', '114.122.103.168', 1708249317, 0x5f5f63695f6c6173745f726567656e65726174657c693a313730383234393331373b69647c733a313a2236223b69735f6c6f67696e7c623a313b),
('bec3255c80f3b49e1833d915f25bfce33fbc92aa', '198.235.24.108', 1709694401, 0x5f5f63695f6c6173745f726567656e65726174657c693a313730393639343430313b),
('bf0cc09db2d0c8f5227bce84a468d1d0f528e071', '116.206.14.43', 1708113075, 0x5f5f63695f6c6173745f726567656e65726174657c693a313730383131333037353b69647c733a323a223130223b69735f6c6f67696e7c623a313b),
('bf2951eb7b2cb2a2e49d1abf87538fe11de83825', '114.5.248.37', 1710569577, 0x5f5f63695f6c6173745f726567656e65726174657c693a313731303536393530333b69647c733a313a2238223b69735f6c6f67696e7c623a313b),
('bf49b5612afed618d8f5fd346d8e24efb353450e', '205.169.39.233', 1707978668, 0x5f5f63695f6c6173745f726567656e65726174657c693a313730373937383636383b),
('bf582b6d1a28dd4d20a31537104ee8640fe366f2', '114.10.31.33', 1708741428, 0x5f5f63695f6c6173745f726567656e65726174657c693a313730383734313432383b69647c733a313a2238223b69735f6c6f67696e7c623a313b),
('bfd1b03660f9c61e067ec0901a24cb50c0b38671', '114.122.79.34', 1710737880, 0x5f5f63695f6c6173745f726567656e65726174657c693a313731303733373832393b69647c733a313a2236223b69735f6c6f67696e7c623a313b),
('bffe551544ea8633ef7e5972b19259a5f3740a09', '114.5.213.105', 1709515868, 0x5f5f63695f6c6173745f726567656e65726174657c693a313730393531353836383b69647c733a313a2238223b69735f6c6f67696e7c623a313b),
('c1689a995a475808c877515d710d92547e7e55cc', '114.5.210.121', 1709060165, 0x5f5f63695f6c6173745f726567656e65726174657c693a313730393036303136353b69647c733a313a2238223b69735f6c6f67696e7c623a313b),
('c1e95c1ed2b2daf76d3c50ddec133ca01e9f4f69', '37.187.215.240', 1708217155, 0x5f5f63695f6c6173745f726567656e65726174657c693a313730383231373135353b),
('c278ed5c294bb4ee21761d2bf723b75b8d310e78', '180.244.138.29', 1707791156, 0x5f5f63695f6c6173745f726567656e65726174657c693a313730373739313135363b69647c733a313a2236223b69735f6c6f67696e7c623a313b),
('c37be30bf5afd7af1473fe7a6a12c79ea82982e5', '114.122.109.198', 1707797029, 0x5f5f63695f6c6173745f726567656e65726174657c693a313730373739373032393b69647c733a313a2236223b69735f6c6f67696e7c623a313b),
('c58626e8bc9b1fe11cbc5241fbd0cee0d61c2d15', '180.244.138.29', 1708072299, 0x5f5f63695f6c6173745f726567656e65726174657c693a313730383037323239393b69647c733a313a2236223b69735f6c6f67696e7c623a313b),
('c6669b44f122f739ccd14ebc66a0eebe60132102', '199.45.155.35', 1710667262, 0x5f5f63695f6c6173745f726567656e65726174657c693a313731303636373236323b),
('c6b22284e43362835c3023fdf35c7d2a7c160b13', '114.10.117.203', 1708181795, 0x5f5f63695f6c6173745f726567656e65726174657c693a313730383138313738323b69647c733a313a2238223b69735f6c6f67696e7c623a313b),
('c6c2f597248973ddf0723e25eba8840e40d3afbe', '180.244.129.66', 1708311940, 0x5f5f63695f6c6173745f726567656e65726174657c693a313730383331313934303b69647c733a313a2236223b69735f6c6f67696e7c623a313b),
('c7d621d7422edcb821f4a0d79229df2b2d15257e', '180.244.138.241', 1710493284, 0x5f5f63695f6c6173745f726567656e65726174657c693a313731303439333238333b),
('c8193145113eb9873834af97e0eb4af5fffee46f', '114.122.76.112', 1708053288, 0x5f5f63695f6c6173745f726567656e65726174657c693a313730383035333238383b69647c733a313a2236223b69735f6c6f67696e7c623a313b),
('c83266070aa985312666ee3bfa10cb849878c2c6', '114.5.213.230', 1708526981, 0x5f5f63695f6c6173745f726567656e65726174657c693a313730383532363938313b69647c733a313a2238223b69735f6c6f67696e7c623a313b),
('c8618f22022a3f23f152d4f8ecec82e53e0b0f72', '180.244.139.159', 1709622012, 0x5f5f63695f6c6173745f726567656e65726174657c693a313730393632323031323b69647c733a313a2236223b69735f6c6f67696e7c623a313b),
('c871c801e35e9fc948820714d2e187ee0942fe15', '180.244.129.66', 1708148618, 0x5f5f63695f6c6173745f726567656e65726174657c693a313730383134383631383b69647c733a313a2236223b69735f6c6f67696e7c623a313b),
('c8ae5f779450a45457543bbf48cdafd8a32b0daf', '114.122.69.243', 1709102716, 0x5f5f63695f6c6173745f726567656e65726174657c693a313730393130323731363b69647c733a313a2236223b69735f6c6f67696e7c623a313b),
('c8c7a6e741b1d48c38977339e2cbbef4fa131a63', '182.253.124.166', 1710310000, 0x5f5f63695f6c6173745f726567656e65726174657c693a313731303330393934343b69647c733a323a223131223b69735f6c6f67696e7c623a313b),
('c8faed41dcbd97a8237c384893cc3f6fe820e347', '116.206.14.49', 1707792607, 0x5f5f63695f6c6173745f726567656e65726174657c693a313730373739323332323b69647c733a323a223130223b69735f6c6f67696e7c623a313b),
('c8fd41d07675c107e480585b7eeca227245f7a7b', '180.244.138.29', 1707791695, 0x5f5f63695f6c6173745f726567656e65726174657c693a313730373739313435373b69647c733a313a2237223b69735f6c6f67696e7c623a313b),
('c960aec9cf54482d412591c85f32b278e72e2b65', '180.244.129.66', 1708245278, 0x5f5f63695f6c6173745f726567656e65726174657c693a313730383234353237383b69647c733a313a2236223b69735f6c6f67696e7c623a313b),
('cb4ac16df8a4a2a99e3a65e5407228d9044f881c', '199.45.155.50', 1710054435, 0x5f5f63695f6c6173745f726567656e65726174657c693a313731303035343433353b),
('cba9e93f50bc901b15941d3bd68ab05bd77fe903', '114.122.76.28', 1708411836, 0x5f5f63695f6c6173745f726567656e65726174657c693a313730383431313833363b69647c733a313a2236223b69735f6c6f67696e7c623a313b),
('cc7186fbf7767452295d6c48efcf5877c8528864', '67.205.130.204', 1709256561, 0x5f5f63695f6c6173745f726567656e65726174657c693a313730393235363536313b),
('cd98707c96ef04edc13416cdc79c0037afd7abb7', '103.122.5.157', 1710877159, 0x5f5f63695f6c6173745f726567656e65726174657c693a313731303837373135393b69647c733a313a2238223b69735f6c6f67696e7c623a313b),
('ce09e628baa9d97eaaa827f09d97e47857f4d52c', '114.142.172.37', 1710125115, 0x5f5f63695f6c6173745f726567656e65726174657c693a313731303132353131333b69647c733a323a223130223b69735f6c6f67696e7c623a313b),
('ce5ca889a021330dbef028c1109582f6811fdc24', '180.244.132.94', 1708700775, 0x5f5f63695f6c6173745f726567656e65726174657c693a313730383730303737353b),
('cf176ec1708623bd6aab5480373f4e95411eb60b', '35.87.232.143', 1708838913, 0x5f5f63695f6c6173745f726567656e65726174657c693a313730383833383931333b),
('cf6e378b239fc92b36141c172af02e0f480ee839', '114.4.213.81', 1710344703, 0x5f5f63695f6c6173745f726567656e65726174657c693a313731303334343539383b69647c733a313a2238223b69735f6c6f67696e7c623a313b),
('cfd33d2cf40d15ad45155ebd9813a8547332d344', '66.249.68.37', 1709657512, 0x5f5f63695f6c6173745f726567656e65726174657c693a313730393635373531323b),
('d052664a0a07422fad38e5ffc47e3931ae345d40', '114.122.102.82', 1709798152, 0x5f5f63695f6c6173745f726567656e65726174657c693a313730393739383035343b69647c733a313a2236223b69735f6c6f67696e7c623a313b),
('d12ff98a99469d1abd0f121623e17cfed44cd1f2', '116.206.14.43', 1708111968, 0x5f5f63695f6c6173745f726567656e65726174657c693a313730383131313936383b69647c733a323a223130223b69735f6c6f67696e7c623a313b),
('d178efa18e5036e4c13d1ff00672941c4e0f7887', '114.122.76.28', 1708418517, 0x5f5f63695f6c6173745f726567656e65726174657c693a313730383431383434383b69647c733a313a2236223b69735f6c6f67696e7c623a313b),
('d25ccaaaa62d960609612efbbf6c14ff5b301a84', '18.232.31.161', 1708111519, 0x5f5f63695f6c6173745f726567656e65726174657c693a313730383131313531393b),
('d2d637b843e77b3fced36cc275b46e7f3dd762d8', '116.206.14.16', 1707805947, 0x5f5f63695f6c6173745f726567656e65726174657c693a313730373830353934363b69647c733a323a223130223b69735f6c6f67696e7c623a313b),
('d31856d2fe599c17229e1db5bcd25200b86d4bcd', '180.244.129.66', 1708311664, 0x5f5f63695f6c6173745f726567656e65726174657c693a313730383331313632303b69647c733a313a2236223b69735f6c6f67696e7c623a313b),
('d44f56e6ca3b16c4752017148c5aad24fbf8cb46', '47.242.224.70', 1708052855, 0x5f5f63695f6c6173745f726567656e65726174657c693a313730383035323835353b),
('d4bdf884a562c13bcadbc860d4445bb0826a845e', '114.5.219.210', 1708843264, 0x5f5f63695f6c6173745f726567656e65726174657c693a313730383834333233313b69647c733a313a2238223b69735f6c6f67696e7c623a313b),
('d4f5ca3dee0ad48e49a0b3033cb550904ecf5bdb', '116.206.14.43', 1708114082, 0x5f5f63695f6c6173745f726567656e65726174657c693a313730383131343035353b69647c733a323a223130223b69735f6c6f67696e7c623a313b),
('d5de63a4892414f821da4d872d929bc9a56b2342', '114.122.82.110', 1709864201, 0x5f5f63695f6c6173745f726567656e65726174657c693a313730393836343230313b69647c733a313a2236223b69735f6c6f67696e7c623a313b),
('d617234c4ce32b68a668c77a66a5129acc29d33d', '5.164.29.116', 1708002581, 0x5f5f63695f6c6173745f726567656e65726174657c693a313730383030323538313b),
('d69f3b25f26c230d7879395c7f81ddb718adf21f', '154.28.229.66', 1707978624, 0x5f5f63695f6c6173745f726567656e65726174657c693a313730373937383632343b),
('d8e2101b85391c28482697574ea6aa0bce560711', '182.253.124.188', 1709282478, 0x5f5f63695f6c6173745f726567656e65726174657c693a313730393238323437383b69647c733a313a2231223b69735f6c6f67696e7c623a313b),
('d9304f4096eb6584a15345207836d88bce7aafc4', '51.254.49.99', 1708685310, 0x5f5f63695f6c6173745f726567656e65726174657c693a313730383638353331303b),
('d97b9194817cc473582f7d820cea12ed2b122f2a', '114.122.82.110', 1709864242, 0x5f5f63695f6c6173745f726567656e65726174657c693a313730393836343230313b69647c733a313a2236223b69735f6c6f67696e7c623a313b),
('d97fe0b280970399f9cd9fe515d35931cdf22916', '180.244.129.188', 1709726614, 0x5f5f63695f6c6173745f726567656e65726174657c693a313730393732363631343b),
('da20e7956da028ae79aa1d30b465a1890027c091', '180.244.129.66', 1708152058, 0x5f5f63695f6c6173745f726567656e65726174657c693a313730383135323035383b69647c733a313a2236223b69735f6c6f67696e7c623a313b),
('da97b03877905a4526ca12f3ca8d251c140ee344', '114.142.173.18', 1709094991, 0x5f5f63695f6c6173745f726567656e65726174657c693a313730393039343939313b),
('db70bca241500db60591b6bbf98b61663276d776', '114.5.209.100', 1708469527, 0x5f5f63695f6c6173745f726567656e65726174657c693a313730383436393532373b69647c733a313a2238223b69735f6c6f67696e7c623a313b),
('dc0bc3c8f952da8a962bad05ab46f0b70f7556fb', '51.254.49.101', 1708221324, 0x5f5f63695f6c6173745f726567656e65726174657c693a313730383232313332343b),
('dc97ae0958ed45efd0c7261a39c734cfa8f3ee84', '87.236.176.131', 1708385735, 0x5f5f63695f6c6173745f726567656e65726174657c693a313730383338353733353b),
('dcceb1ac9aacfb3b7f10a4232d4f04a9c776758f', '114.122.108.138', 1709688121, 0x5f5f63695f6c6173745f726567656e65726174657c693a313730393638383033363b69647c733a313a2236223b69735f6c6f67696e7c623a313b),
('dd77d0b904450e03ae061c646b61d11dd769de62', '114.122.74.97', 1710377715, 0x5f5f63695f6c6173745f726567656e65726174657c693a313731303337373731353b69647c733a313a2236223b69735f6c6f67696e7c623a313b),
('ddc41bbfccf8d637aa94341513849e59c85f6316', '180.244.129.66', 1708152074, 0x5f5f63695f6c6173745f726567656e65726174657c693a313730383135323035383b69647c733a313a2236223b69735f6c6f67696e7c623a313b),
('dea3d10d7082f65a3259d9835aaaa477f6a5bebb', '114.122.74.97', 1710378068, 0x5f5f63695f6c6173745f726567656e65726174657c693a313731303337383036383b69647c733a313a2236223b69735f6c6f67696e7c623a313b),
('df356217adbce24cf5f66c6521d40b8ab5a3138b', '116.206.14.34', 1708499974, 0x5f5f63695f6c6173745f726567656e65726174657c693a313730383439393937343b69647c733a323a223130223b69735f6c6f67696e7c623a313b),
('df608ce5f11578b9aa0f33a0a385621eebcc2172', '205.210.31.177', 1709483260, 0x5f5f63695f6c6173745f726567656e65726174657c693a313730393438333236303b),
('e064f603102aa0ff6cb18ea200591c459f34c2a6', '114.122.76.28', 1708414875, 0x5f5f63695f6c6173745f726567656e65726174657c693a313730383431343837353b69647c733a313a2236223b69735f6c6f67696e7c623a313b),
('e07d60ad9ee3245d5e8a2905ced8b1b2461dfdf4', '114.10.25.184', 1709524384, 0x5f5f63695f6c6173745f726567656e65726174657c693a313730393532343338333b69647c733a313a2238223b69735f6c6f67696e7c623a313b),
('e0a36783e0c65de064897c1ec720ae2b5d470ff1', '51.254.49.108', 1708678887, 0x5f5f63695f6c6173745f726567656e65726174657c693a313730383637383838373b),
('e0a5e46caf2ff52ac4ec0ef786d975c79863952a', '198.235.24.20', 1709131276, 0x5f5f63695f6c6173745f726567656e65726174657c693a313730393133313237363b),
('e15943a4c54a85e33220720d77245d46263147d1', '114.10.117.203', 1708181027, 0x5f5f63695f6c6173745f726567656e65726174657c693a313730383138313032373b69647c733a313a2238223b69735f6c6f67696e7c623a313b),
('e24705269e4ab3da57144fd07c8b6fdf288d3585', '66.249.66.195', 1710324436, 0x5f5f63695f6c6173745f726567656e65726174657c693a313731303332343433363b),
('e3ce9317dca2998f4196850d2df53380f7dbf804', '180.244.132.94', 1709021597, 0x5f5f63695f6c6173745f726567656e65726174657c693a313730393032313539343b),
('e41f45538f707f0595f13062e5d39588c4dcde5e', '68.183.215.67', 1708241807, 0x5f5f63695f6c6173745f726567656e65726174657c693a313730383234313830373b),
('e48576bb3dd2aecf24651384e3c54857fdc095c7', '114.122.111.162', 1709195219, 0x5f5f63695f6c6173745f726567656e65726174657c693a313730393139353036343b69647c733a313a2236223b69735f6c6f67696e7c623a313b),
('e5037225ec9d8e4542df92ec185efc74e7f2b147', '182.253.124.166', 1710305473, 0x5f5f63695f6c6173745f726567656e65726174657c693a313731303330353432343b69647c733a313a2231223b69735f6c6f67696e7c623a313b),
('e51474e30d7bf8226854f5e22f280b928dcfd749', '116.206.14.55', 1709699730, 0x5f5f63695f6c6173745f726567656e65726174657c693a313730393639393537383b69647c733a323a223130223b69735f6c6f67696e7c623a313b),
('e51c17717c9367f6857d95c34f50dcae953d1a26', '114.122.116.252', 1709703762, 0x5f5f63695f6c6173745f726567656e65726174657c693a313730393730333730353b69647c733a313a2236223b69735f6c6f67696e7c623a313b),
('e63aed7654b1f8a19387be77e62c252b44445ec4', '116.206.14.57', 1708126155, 0x5f5f63695f6c6173745f726567656e65726174657c693a313730383132363135353b),
('e64a38cf28810d0bc6607ffcc31e8cac7a2c183d', '114.5.208.210', 1709144986, 0x5f5f63695f6c6173745f726567656e65726174657c693a313730393134343938363b69647c733a313a2238223b69735f6c6f67696e7c623a313b),
('e738f04dd7765809e1ec00ada7630a8b8c8e5755', '116.206.14.1', 1710734676, 0x5f5f63695f6c6173745f726567656e65726174657c693a313731303733343339313b69647c733a323a223130223b69735f6c6f67696e7c623a313b),
('e7a3e6bb4af4989f7f852fdadc4a87c1d3b7f396', '180.244.138.29', 1707790843, 0x5f5f63695f6c6173745f726567656e65726174657c693a313730373739303834333b69647c733a313a2237223b69735f6c6f67696e7c623a313b),
('e7ddb1e96adf404a65aaf90521d65799553fc583', '114.122.76.112', 1708055130, 0x5f5f63695f6c6173745f726567656e65726174657c693a313730383035353133303b69647c733a313a2236223b69735f6c6f67696e7c623a313b),
('e7e42bb90b0a3399bf7262f65972245a93e57573', '34.223.57.87', 1710548182, 0x5f5f63695f6c6173745f726567656e65726174657c693a313731303534383138323b),
('e91c010c6c3431a9c6b1e9682a7f6ae8ab3f2a2a', '114.5.213.52', 1708316826, 0x5f5f63695f6c6173745f726567656e65726174657c693a313730383331363832363b69647c733a313a2238223b69735f6c6f67696e7c623a313b),
('e98b895946158ec7b28bf580e5c1618b1b9e9977', '134.122.42.221', 1708066590, 0x5f5f63695f6c6173745f726567656e65726174657c693a313730383036363539303b),
('ec25cab11e7b09f96261546ae22ed4f4329d65aa', '114.122.79.100', 1708925667, 0x5f5f63695f6c6173745f726567656e65726174657c693a313730383932353636373b69647c733a313a2236223b69735f6c6f67696e7c623a313b),
('edd2a87b10e3cd7bb39c8e579201677c77ee834a', '114.10.117.203', 1708181782, 0x5f5f63695f6c6173745f726567656e65726174657c693a313730383138313738323b69647c733a313a2238223b69735f6c6f67696e7c623a313b),
('ee1bd2224d78eb1fcd50d7b1ae4bb23fe0188fa3', '116.206.15.47', 1708418309, 0x5f5f63695f6c6173745f726567656e65726174657c693a313730383431383330393b69647c733a323a223130223b69735f6c6f67696e7c623a313b),
('ee56c20bdcd4445d2fde957dad6002258a7633ea', '34.250.206.196', 1709682607, 0x5f5f63695f6c6173745f726567656e65726174657c693a313730393638323630373b),
('ef68115f243d39082a650e7276a180a05cc689c4', '199.45.154.65', 1709896899, 0x5f5f63695f6c6173745f726567656e65726174657c693a313730393839363839393b),
('ef9952d0d71a8d6fd331e47bad93df93eecb03cc', '182.253.124.188', 1709283127, 0x5f5f63695f6c6173745f726567656e65726174657c693a313730393238333132373b69647c733a313a2231223b69735f6c6f67696e7c623a313b),
('efda4a2097ffe0d6fbea96ddbebf8d146983eff5', '114.122.76.28', 1708414361, 0x5f5f63695f6c6173745f726567656e65726174657c693a313730383431343336313b69647c733a313a2236223b69735f6c6f67696e7c623a313b),
('f105c3b240881be8fe5d733a85cc08d3df0e34bd', '116.206.14.43', 1708113748, 0x5f5f63695f6c6173745f726567656e65726174657c693a313730383131333734383b69647c733a323a223130223b69735f6c6f67696e7c623a313b),
('f14d20516d7684bb674d2aebe5a90fa8dd512518', '114.5.213.52', 1708310983, 0x5f5f63695f6c6173745f726567656e65726174657c693a313730383331303938333b69647c733a313a2238223b69735f6c6f67696e7c623a313b),
('f31ecc5d8c7d56ab4bb0714dd7bbce14ffac463b', '114.10.74.225', 1709881045, 0x5f5f63695f6c6173745f726567656e65726174657c693a313730393838313034353b69647c733a313a2239223b69735f6c6f67696e7c623a313b),
('f37aa03e7a3483769eff40fbff715820b8663b93', '114.122.76.47', 1709108328, 0x5f5f63695f6c6173745f726567656e65726174657c693a313730393130383332383b69647c733a313a2236223b69735f6c6f67696e7c623a313b),
('f3a43e773efdd9bb6ba037f6f31467baee7d4564', '37.187.215.246', 1708672164, 0x5f5f63695f6c6173745f726567656e65726174657c693a313730383637323136343b),
('f4659ce0debc7d2f95b08a9c4852531b776532fa', '114.142.172.37', 1710125113, 0x5f5f63695f6c6173745f726567656e65726174657c693a313731303132353131333b69647c733a323a223130223b69735f6c6f67696e7c623a313b),
('f46d414d323ba0809af7f4c385dfb839a40c6b13', '114.5.210.121', 1709059394, 0x5f5f63695f6c6173745f726567656e65726174657c693a313730393035393339343b69647c733a313a2238223b69735f6c6f67696e7c623a313b),
('f495a9b8f85923734d01ef99fd46dd939ffb8e6a', '205.210.31.162', 1709541013, 0x5f5f63695f6c6173745f726567656e65726174657c693a313730393534313031333b),
('f4ca9b998180f20df59561e9d20a7b4e5f0b9241', '180.244.139.159', 1709367768, 0x5f5f63695f6c6173745f726567656e65726174657c693a313730393336373639383b69647c733a313a2231223b69735f6c6f67696e7c623a313b),
('f5d70b0f61b1568360de96ccb4ba42faa33ac855', '180.244.138.29', 1708071987, 0x5f5f63695f6c6173745f726567656e65726174657c693a313730383037313938373b69647c733a313a2236223b69735f6c6f67696e7c623a313b),
('f5e143c6c101f04f78a0b22e331162bef41faba5', '114.5.252.163', 1708297904, 0x5f5f63695f6c6173745f726567656e65726174657c693a313730383239373637313b69647c733a313a2239223b69735f6c6f67696e7c623a313b),
('f62de64eeb23939ad17d0ac918363215a92c7d78', '120.89.90.56', 1709025835, 0x5f5f63695f6c6173745f726567656e65726174657c693a313730393032353833353b),
('f6f0a2a0e28ecdcf1c403597598795b8c046f1f8', '15.235.145.231', 1707845717, 0x5f5f63695f6c6173745f726567656e65726174657c693a313730373834353731363b),
('f75416e00ee3c5f0ea6979ed5f072ce592f0cfaf', '114.122.76.112', 1708057811, 0x5f5f63695f6c6173745f726567656e65726174657c693a313730383035373831313b69647c733a313a2236223b69735f6c6f67696e7c623a313b),
('f891b69b52c9dc25f2dd2f73e7f6bf12585934dd', '114.5.218.54', 1710236943, 0x5f5f63695f6c6173745f726567656e65726174657c693a313731303233363734343b69647c733a313a2239223b69735f6c6f67696e7c623a313b),
('f9b38588d3e5ddc975a7f7495d669c8cfbaea4ee', '182.253.124.166', 1710304899, 0x5f5f63695f6c6173745f726567656e65726174657c693a313731303330343839393b69647c733a313a2231223b69735f6c6f67696e7c623a313b),
('fa5e47f09d8c3381aeb83221f06815297219e897', '114.10.114.192', 1709737399, 0x5f5f63695f6c6173745f726567656e65726174657c693a313730393733373335393b69647c733a313a2238223b69735f6c6f67696e7c623a313b),
('fa8017c05cdbf03a4267cafa7038e57eec3ff9ff', '116.206.14.43', 1708114055, 0x5f5f63695f6c6173745f726567656e65726174657c693a313730383131343035353b69647c733a323a223130223b69735f6c6f67696e7c623a313b),
('fab0c44b3a4a67647b55b262570fddf321bf4a93', '180.244.129.66', 1708071695, 0x5f5f63695f6c6173745f726567656e65726174657c693a313730383037313639353b69647c733a313a2231223b69735f6c6f67696e7c623a313b),
('fab61f7cab51e4374a98537827c03524ac2513eb', '114.122.79.34', 1710737829, 0x5f5f63695f6c6173745f726567656e65726174657c693a313731303733373832393b69647c733a313a2236223b69735f6c6f67696e7c623a313b),
('fbc4d068ae37e45908767df1c208cb0b7c3c8a3a', '180.244.135.54', 1708160000, 0x5f5f63695f6c6173745f726567656e65726174657c693a313730383136303030303b69647c733a323a223130223b69735f6c6f67696e7c623a313b),
('fc603f46929ef0781ae36444fa98c11831ed4fc0', '180.244.129.66', 1707989900, 0x5f5f63695f6c6173745f726567656e65726174657c693a313730373938393838323b69647c733a313a2231223b69735f6c6f67696e7c623a313b),
('fd91b3fb9b0cfe5d6c48476fdb70305796619f9a', '180.244.129.66', 1708245295, 0x5f5f63695f6c6173745f726567656e65726174657c693a313730383234353237383b69647c733a313a2236223b69735f6c6f67696e7c623a313b),
('fdb413b204c94b6ba540784ebf48bdaf5ebd2472', '198.235.24.42', 1709596748, 0x5f5f63695f6c6173745f726567656e65726174657c693a313730393539363734383b),
('ff7c55e094c5ab4965ff9a0b8d49cc3e0d19d33a', '180.244.132.94', 1708910064, 0x5f5f63695f6c6173745f726567656e65726174657c693a313730383931303036343b69647c733a313a2231223b69735f6c6f67696e7c623a313b),
('ffcc4018e4ac812284e1a0fc64b906bb13fc92a0', '114.10.25.184', 1709524383, 0x5f5f63695f6c6173745f726567656e65726174657c693a313730393532343338333b69647c733a313a2238223b69735f6c6f67696e7c623a313b);

-- --------------------------------------------------------

--
-- Table structure for table `kondisi_cuaca`
--

CREATE TABLE `kondisi_cuaca` (
  `id` int NOT NULL,
  `name` varchar(128) COLLATE utf8mb4_general_ci NOT NULL
) ENGINE=InnoDB DEFAULT CHARSET=utf8mb4 COLLATE=utf8mb4_general_ci;

--
-- Dumping data for table `kondisi_cuaca`
--

INSERT INTO `kondisi_cuaca` (`id`, `name`) VALUES
(1, 'panas'),
(2, 'mendung'),
(3, 'hujan'),
(4, 'angin kencang'),
(5, 'cerah'),
(6, 'sejuk'),
(7, 'normal');

-- --------------------------------------------------------

--
-- Table structure for table `kondisi_lantai`
--

CREATE TABLE `kondisi_lantai` (
  `id` int NOT NULL,
  `name` varchar(128) COLLATE utf8mb4_general_ci NOT NULL
) ENGINE=InnoDB DEFAULT CHARSET=utf8mb4 COLLATE=utf8mb4_general_ci;

--
-- Dumping data for table `kondisi_lantai`
--

INSERT INTO `kondisi_lantai` (`id`, `name`) VALUES
(1, 'basah'),
(2, 'kering'),
(3, 'kotor');

-- --------------------------------------------------------

--
-- Table structure for table `kondisi_pakan`
--

CREATE TABLE `kondisi_pakan` (
  `id` int NOT NULL,
  `name` varchar(128) COLLATE utf8mb4_general_ci NOT NULL
) ENGINE=InnoDB DEFAULT CHARSET=utf8mb4 COLLATE=utf8mb4_general_ci;

--
-- Dumping data for table `kondisi_pakan`
--

INSERT INTO `kondisi_pakan` (`id`, `name`) VALUES
(1, 'layak'),
(2, 'tidak layak'),
(3, 'muda'),
(4, 'terlalu muda'),
(5, 'belum datang'),
(6, 'pakan habis'),
(7, 'dominan batang');

-- --------------------------------------------------------

--
-- Table structure for table `master_kandang`
--

CREATE TABLE `master_kandang` (
  `id` int NOT NULL,
  `name` varchar(32) COLLATE utf8mb4_general_ci DEFAULT NULL,
  `description` text COLLATE utf8mb4_general_ci,
  `is_active` tinyint NOT NULL DEFAULT '1' COMMENT '1=Active, 0=Inactive',
  `created_by` int DEFAULT NULL,
  `created_at` datetime NOT NULL DEFAULT CURRENT_TIMESTAMP,
  `updated_by` int DEFAULT NULL,
  `updated_at` datetime DEFAULT NULL ON UPDATE CURRENT_TIMESTAMP,
  `deleted_by` int DEFAULT NULL
) ENGINE=InnoDB DEFAULT CHARSET=utf8mb4 COLLATE=utf8mb4_general_ci;

--
-- Dumping data for table `master_kandang`
--

INSERT INTO `master_kandang` (`id`, `name`, `description`, `is_active`, `created_by`, `created_at`, `updated_by`, `updated_at`, `deleted_by`) VALUES
(1, 'A1', 'Kandang Dara', 1, 3, '2022-11-20 18:59:20', 3, '2023-08-23 08:16:17', NULL),
(2, 'B2', 'Kandang Laktasi Akhir', 1, 3, '2022-11-20 18:59:20', 3, '2023-08-23 08:17:23', NULL),
(3, 'B3', 'Kandang Laktasi Awal', 1, 3, '2022-11-20 18:59:20', 3, '2023-08-23 08:16:58', NULL),
(4, 'C1', 'Kandang Bunting Besar/ Melahirkan', 1, 3, '2022-11-20 18:59:20', 3, '2023-06-26 13:26:10', NULL),
(5, 'C2', 'Kandang Bunting Muda', 1, 3, '2022-11-20 18:59:20', 3, '2023-06-26 13:25:54', NULL),
(6, 'F1', NULL, 1, 3, '2022-11-20 18:59:20', NULL, NULL, NULL),
(7, 'D2b', 'Kandang Masa Sapih', 1, 3, '2023-01-31 14:23:56', 3, '2023-10-10 15:46:21', NULL),
(8, 'D2a', 'Kandang Dara Muda', 1, 3, '2023-01-31 14:24:05', 3, '2023-08-23 08:18:33', NULL),
(9, 'F3', 'Kandang Pedet Masa Sapih', 1, 3, '2023-01-31 14:24:16', 3, '2023-06-26 13:25:16', NULL),
(10, 'F2', 'Kandang Pedet Masa Sapih', 1, 3, '2023-01-31 14:24:31', 3, '2023-10-10 15:46:03', NULL),
(11, 'G1', 'Kandang Dara', 1, 3, '2023-01-31 14:24:44', 3, '2023-06-26 13:24:29', NULL),
(12, 'D1', 'Kandang Jantan Dewasa', 1, 3, '2023-06-26 13:22:25', 3, '2023-06-26 13:24:17', NULL),
(13, 'G3', 'Kandang Karantina', 1, 3, '2023-06-26 13:24:00', NULL, NULL, NULL),
(14, 'B1', 'Kandang Pedet Masa Sapih\r\n', 1, 3, '2023-08-23 08:16:40', 3, '2023-08-23 08:17:48', NULL);

-- --------------------------------------------------------

--
-- Table structure for table `menu`
--

CREATE TABLE `menu` (
  `id` int NOT NULL,
  `number` smallint NOT NULL,
  `name` varchar(30) NOT NULL,
  `route` varchar(30) DEFAULT NULL,
  `icon` varchar(64) NOT NULL,
  `active` smallint NOT NULL DEFAULT '1' COMMENT '0=N, 1=Y'
) ENGINE=InnoDB DEFAULT CHARSET=latin1;

--
-- Dumping data for table `menu`
--

INSERT INTO `menu` (`id`, `number`, `name`, `route`, `icon`, `active`) VALUES
(1, 1, 'Dashboard', 'dashboard', 'fa-solid fa-gauge', 1),
(2, 2, 'Setting', '', 'fa-solid fa-gear', 1),
(3, 3, 'Master Data', '', 'fa-solid fa-briefcase', 1),
(4, 4, 'monitoring', 'monitoring-kandang', 'fa-solid fa-magnifying-glass', 1),
(5, 8, 'Laporan', '', 'fa-regular fa-clipboard', 1),
(6, 5, 'Treatment', 'treatment-ternak', 'fa-solid fa-suitcase-medical', 1),
(7, 6, 'Kesehatan', 'kesehatan-ternak', 'fa-solid fa-stethoscope', 1),
(8, 7, 'Rekam Medis', 'rekam-medis', 'fa-solid fa-book-medical', 1);

-- --------------------------------------------------------

--
-- Table structure for table `monitoring_kandang`
--

CREATE TABLE `monitoring_kandang` (
  `id` bigint NOT NULL,
  `kandang_id` int NOT NULL,
  `populasi` int NOT NULL,
  `suhu` varchar(32) COLLATE utf8mb4_general_ci NOT NULL,
  `kondisi_cuaca_id` smallint NOT NULL,
  `kondisi_pakan_id` smallint NOT NULL,
  `kondisi_lantai_id` smallint NOT NULL,
  `note_kondisi_lantai` text COLLATE utf8mb4_general_ci NOT NULL,
  `created_by` int NOT NULL,
  `created_date` datetime NOT NULL DEFAULT CURRENT_TIMESTAMP,
  `updated_by` int DEFAULT NULL,
  `updated_date` datetime DEFAULT NULL ON UPDATE CURRENT_TIMESTAMP,
  `deleted_by` int DEFAULT NULL
) ENGINE=InnoDB DEFAULT CHARSET=utf8mb4 COLLATE=utf8mb4_general_ci;

--
-- Dumping data for table `monitoring_kandang`
--

INSERT INTO `monitoring_kandang` (`id`, `kandang_id`, `populasi`, `suhu`, `kondisi_cuaca_id`, `kondisi_pakan_id`, `kondisi_lantai_id`, `note_kondisi_lantai`, `created_by`, `created_date`, `updated_by`, `updated_date`, `deleted_by`) VALUES
(1, 1, 36, '20', 2, 1, 3, 'Lantai kotor ', 8, '2024-01-15 23:51:39', NULL, NULL, NULL),
(2, 11, 18, '26', 4, 1, 2, 'keirng habis d bersihkan namun ada karung isi pakan yang belum diturunkan ke tempat pakan', 6, '2024-01-16 15:34:38', NULL, NULL, NULL),
(3, 4, 18, '26', 4, 1, 2, 'dilakukan fogging ', 6, '2024-01-16 15:35:10', NULL, NULL, NULL),
(4, 1, 36, '26', 4, 1, 1, 'basah karena sedang di mandikan,pakan di satu nsisi', 6, '2024-01-16 15:35:55', NULL, NULL, NULL),
(5, 11, 18, '20', 2, 1, 3, 'Lantai kotor ,, pakan sisa k banyakan batang', 8, '2024-01-17 01:06:43', NULL, NULL, NULL),
(6, 8, 16, '20', 2, 1, 3, 'Lantai kotor , sisapakan sedikt', 8, '2024-01-17 01:08:04', NULL, NULL, NULL),
(7, 9, 20, '20', 2, 5, 3, 'Pakan habis ,, ', 8, '2024-01-17 01:11:22', NULL, NULL, NULL),
(8, 10, 37, '20', 2, 5, 3, 'Pakan habis ,', 8, '2024-01-17 01:15:33', NULL, NULL, NULL),
(9, 5, 30, '20', 2, 1, 3, 'Sisa pakan banyak, pakan sisa berupa batang', 8, '2024-01-17 01:19:53', NULL, NULL, NULL),
(10, 2, 26, '20', 2, 1, 3, 'Lantai kotor kering', 8, '2024-01-17 01:27:39', NULL, NULL, NULL),
(11, 14, 36, '20', 2, 5, 3, 'Lantai kotor kering , pakan habis', 8, '2024-01-17 01:29:47', NULL, NULL, NULL),
(12, 1, 36, '20', 2, 1, 3, 'Lantai kotor basah , sisa pakan lumayan banyak berupa batang', 8, '2024-01-17 01:42:35', NULL, NULL, NULL),
(13, 3, 24, '20', 2, 1, 3, 'Lantai kotor', 8, '2024-01-17 02:00:23', NULL, NULL, NULL),
(14, 7, 15, '20', 2, 1, 3, 'Lantai kotor basah', 8, '2024-01-17 02:15:39', NULL, NULL, NULL),
(15, 5, 18, '20', 2, 1, 3, 'Lantai kotor basah ', 8, '2024-01-17 02:16:20', NULL, NULL, NULL),
(16, 1, 36, '25', 3, 1, 1, 'Lantai licin kasar , ', 7, '2024-01-17 10:01:52', NULL, NULL, NULL),
(17, 1, 18, '25', 3, 1, 2, 'ok', 6, '2024-01-17 13:16:14', NULL, NULL, NULL),
(18, 11, 18, '25', 3, 1, 1, 'ternak dara dewasa dilakukan vaksin pmk 7 ekor', 6, '2024-01-17 14:22:51', NULL, NULL, NULL),
(19, 1, 36, '25', 1, 5, 2, 'Basah', 6, '2024-01-18 08:18:13', NULL, NULL, NULL),
(20, 1, 32, '18', 4, 2, 1, 'Lantai penuh kotoran', 9, '2024-01-20 04:36:59', NULL, NULL, NULL),
(21, 11, 18, '24', 4, 1, 1, 'Kondisi lantai basah karena baru dibersihkan ', 8, '2024-01-20 08:52:44', NULL, NULL, NULL),
(22, 8, 16, '24', 4, 5, 1, 'Lantai basah karena baru dibersihkan ,, ternak digembala', 8, '2024-01-20 08:53:42', NULL, NULL, NULL),
(23, 8, 15, '24', 4, 5, 1, 'Lantai basah karena sedang dibersihkan ,, untuk pakan dengan jumlah 2/3 karung sehari menurut petugas kandang sangat kurang mengingat pemberian susu sudah tidak di berikan lagi', 8, '2024-01-20 08:57:01', NULL, '2024-01-20 08:57:20', 8),
(24, 7, 15, '24', 4, 5, 1, 'Lantai sedang dibersihkan ,, catatan untuk pakan sangat kurang mengingat pemberian susu sudah dihentikan ,,', 8, '2024-01-20 08:58:22', 8, '2024-01-21 14:19:02', NULL),
(25, 10, 37, '24', 4, 5, 2, 'Lantai kering , ternak digembala , pakan kurang', 8, '2024-01-20 09:34:19', NULL, NULL, NULL),
(26, 5, 30, '24', 4, 1, 1, 'Lantai basah karena masih dibersihkan ,,', 8, '2024-01-20 09:41:38', NULL, NULL, NULL),
(27, 3, 24, '25', 4, 1, 2, 'Kondisi lantai kering ,,', 8, '2024-01-20 09:47:30', NULL, NULL, NULL),
(28, 2, 27, '25', 4, 1, 2, 'Lantai kering ,,', 8, '2024-01-20 09:49:46', NULL, NULL, NULL),
(29, 14, 36, '26', 4, 1, 2, 'Lantai kering , ', 8, '2024-01-20 10:01:53', NULL, NULL, NULL),
(30, 1, 35, '24', 4, 1, 1, 'Lantai basah baru dibersihkan,', 8, '2024-01-21 12:03:29', NULL, NULL, NULL),
(31, 7, 15, '25', 4, 1, 2, 'Lantai kering', 8, '2024-01-21 14:18:50', NULL, NULL, NULL),
(32, 4, 17, '27', 4, 1, 2, 'Kandang sudah dibersihkan', 10, '2024-01-21 18:03:19', 10, '2024-01-21 19:07:19', NULL),
(33, 14, 37, '27', 4, 1, 2, 'Lantai memakai jerami kering', 10, '2024-01-21 19:20:40', NULL, NULL, NULL),
(34, 14, 37, '22', 4, 5, 3, 'Kondisi lantai kotor tapi kering ,, pakan habis', 8, '2024-01-22 21:41:11', NULL, NULL, NULL),
(35, 3, 24, '22', 4, 1, 3, 'Lantai kotor, ', 8, '2024-01-22 21:43:33', NULL, NULL, NULL),
(36, 11, 18, '22', 4, 1, 2, 'Lantai kering kotor ', 8, '2024-01-22 21:49:27', NULL, NULL, NULL),
(37, 2, 26, '20', 4, 5, 3, 'Lantai kotor karena belum sanitasi ,, kondisi cuaca hujan beserta angin kencang ,, ', 8, '2024-01-23 03:16:17', NULL, NULL, NULL),
(38, 4, 17, '22', 4, 1, 3, 'Lantai kotor ,,', 8, '2024-01-23 03:26:17', NULL, NULL, NULL),
(39, 5, 30, '22', 4, 1, 3, 'Lantai kotor karena belum sanitasi ,,', 8, '2024-01-23 03:28:02', NULL, NULL, NULL),
(40, 1, 35, '24', 4, 1, 1, 'Baru selesai dibersihkan', 10, '2024-01-23 08:54:08', NULL, NULL, NULL),
(41, 14, 37, '24', 4, 1, 2, 'Ctt pakan hay di pen sejajar kanan habis', 10, '2024-01-23 09:17:40', NULL, NULL, NULL),
(42, 11, 18, '23', 4, 1, 3, 'Lantai kotor , pakan sisa banyak ,, cuaca cerah angin kencang ', 8, '2024-01-23 21:31:23', NULL, NULL, NULL),
(43, 8, 16, '23', 4, 2, 3, 'Lantai kotor', 8, '2024-01-23 21:35:13', NULL, NULL, NULL),
(44, 7, 14, '22', 4, 1, 2, 'Lantai kotor', 8, '2024-01-23 21:35:40', NULL, NULL, NULL),
(45, 9, 20, '23', 4, 5, 3, 'Lantai kotor', 8, '2024-01-23 21:37:15', NULL, NULL, NULL),
(46, 5, 30, '23', 4, 1, 3, 'Lantai kotor ', 8, '2024-01-23 21:42:19', NULL, NULL, NULL),
(47, 14, 37, '23', 4, 5, 3, 'Lantai kotor , pakan habis ', 8, '2024-01-23 21:51:52', NULL, NULL, NULL),
(48, 13, 2, '23', 4, 1, 2, 'Lantai kering', 8, '2024-01-24 05:36:05', NULL, NULL, NULL),
(49, 3, 24, '26', 2, 1, 3, 'Air mati sore ini', 6, '2024-01-24 15:35:19', NULL, NULL, NULL),
(50, 4, 17, '26', 2, 1, 3, 'Air mati', 6, '2024-01-24 15:40:16', NULL, NULL, NULL),
(51, 5, 29, '26', 4, 1, 3, 'Mati air', 6, '2024-01-24 15:52:49', NULL, NULL, NULL),
(52, 3, 24, '22', 4, 1, 3, 'Sudah dibersihkan siang hari', 10, '2024-01-24 21:47:24', NULL, NULL, NULL),
(53, 8, 16, '27', 2, 1, 3, 'Cerah pagi dan tdk ada air ', 6, '2024-01-25 08:42:10', NULL, NULL, NULL),
(54, 7, 14, '27', 2, 1, 3, 'Cerah pagi..air mati', 6, '2024-01-25 08:43:39', NULL, NULL, NULL),
(55, 9, 22, '27', 2, 1, 3, 'Cerah pgi air mati', 6, '2024-01-25 08:57:57', NULL, NULL, NULL),
(56, 10, 37, '27', 5, 1, 3, 'Air mati', 6, '2024-01-25 09:18:34', NULL, NULL, NULL),
(57, 2, 26, '25', 5, 1, 3, 'Pakan sudah habis dan lantai licin karpet usang air mati', 6, '2024-01-25 11:54:17', NULL, NULL, NULL),
(58, 9, 22, '23', 4, 1, 2, 'Bersih', 9, '2024-01-25 13:14:53', NULL, NULL, NULL),
(59, 14, 37, '21', 7, 1, 3, 'Koror Sebagian ', 10, '2024-01-26 03:50:42', NULL, NULL, NULL),
(60, 4, 18, '24', 5, 5, 1, 'Kondisi lantai basah masih dibersihkan ', 8, '2024-01-26 08:55:32', NULL, NULL, NULL),
(61, 1, 34, '24', 5, 5, 1, 'Lantai basah baru dibersihkan ', 8, '2024-01-26 09:18:13', NULL, NULL, NULL),
(62, 8, 15, '20', 2, 1, 2, 'Ada feses', 9, '2024-01-26 14:39:07', NULL, NULL, NULL),
(63, 10, 38, '20', 2, 5, 2, 'Ada feses', 9, '2024-01-26 14:41:37', NULL, NULL, NULL),
(64, 11, 18, '23', 7, 1, 1, 'Lantai basah baru sanitasi', 8, '2024-01-27 08:29:00', NULL, NULL, NULL),
(65, 7, 14, '23', 7, 2, 1, 'Lantai basah baru selesai dibersihkan', 8, '2024-01-27 09:18:17', NULL, NULL, NULL),
(66, 8, 16, '23', 7, 5, 1, 'Lantai basah karena baru dibersihkan ', 8, '2024-01-27 09:41:59', NULL, NULL, NULL),
(67, 9, 20, '23', 7, 1, 1, 'Lantai basah karena baru dibersihkan ', 8, '2024-01-27 09:44:00', NULL, NULL, NULL),
(68, 10, 39, '23', 7, 5, 1, 'Lantai basah karena baru dibersihkan ', 8, '2024-01-27 09:52:42', NULL, NULL, NULL),
(69, 5, 30, '23', 7, 1, 1, 'Lantai basah karena baru dibersihkan ', 8, '2024-01-27 10:02:41', NULL, NULL, NULL),
(70, 3, 26, '24', 7, 1, 3, 'Lantai kotor ', 8, '2024-01-27 10:09:38', NULL, '2024-01-27 10:09:48', 8),
(71, 3, 24, '24', 7, 1, 1, 'Lantai basah kotor', 8, '2024-01-27 10:10:25', NULL, NULL, NULL),
(72, 2, 26, '24', 7, 1, 3, 'Lantai kotor', 8, '2024-01-27 10:13:19', NULL, NULL, NULL),
(73, 14, 36, '24', 7, 1, 2, 'Lantai kering ,, pakan habis', 8, '2024-01-27 10:26:52', NULL, NULL, NULL),
(74, 4, 18, '23', 3, 1, 1, 'Lantai basah ', 8, '2024-01-27 15:51:51', NULL, NULL, NULL),
(75, 4, 18, '23', 2, 1, 1, 'Baru selesai dibersihkan', 10, '2024-01-29 10:03:14', NULL, NULL, NULL),
(76, 1, 34, '17', 2, 5, 1, 'Pakan blm dtg dan ternk.sdh bersih', 6, '2024-01-29 10:07:56', NULL, NULL, NULL),
(77, 12, 14, '23', 2, 1, 1, 'Sedang dibersihkan', 10, '2024-01-29 10:57:59', NULL, NULL, NULL),
(78, 14, 36, '17', 2, 6, 2, 'Ternak berada di atas karpet', 6, '2024-01-29 11:23:15', NULL, NULL, NULL),
(79, 10, 39, '17', 2, 6, 3, 'Baru dibersihkan ', 6, '2024-01-29 12:44:37', NULL, '2024-01-29 13:06:58', 6),
(80, 10, 39, '17', 3, 6, 3, 'Baru dibersihkan ', 6, '2024-01-29 13:06:46', NULL, NULL, NULL),
(81, 2, 26, '23', 2, 1, 1, 'Baru dibersihkan', 10, '2024-01-29 14:49:17', 10, '2024-01-29 14:50:47', NULL),
(82, 2, 26, '20', 2, 1, 2, 'Ada feses', 9, '2024-01-29 19:01:59', NULL, NULL, NULL),
(83, 5, 29, '20', 3, 1, 2, 'Ada feses', 9, '2024-01-29 19:29:09', NULL, NULL, NULL),
(84, 1, 34, '21', 2, 1, 3, 'Lantai kotor ,,', 8, '2024-01-30 01:59:23', NULL, NULL, NULL),
(85, 14, 36, '21', 2, 6, 3, 'Lantai kotor', 8, '2024-01-30 02:27:10', NULL, NULL, NULL),
(86, 2, 26, '21', 2, 1, 3, 'Lantai kotor belum sanitasi ', 8, '2024-01-30 02:30:30', NULL, NULL, NULL),
(87, 3, 24, '21', 2, 1, 3, 'Lantai kotor', 8, '2024-01-30 02:36:16', NULL, NULL, NULL),
(88, 4, 18, '21', 2, 6, 3, 'Lantai kotor', 8, '2024-01-30 02:40:42', NULL, NULL, NULL),
(89, 5, 30, '21', 2, 1, 3, 'Lantai kotor belum sanitasi', 8, '2024-01-30 02:57:01', NULL, NULL, NULL),
(90, 10, 39, '21', 2, 6, 3, 'Lantai kotor ', 8, '2024-01-30 02:59:18', NULL, NULL, NULL),
(91, 9, 20, '21', 2, 6, 3, 'Lantai kotor , pen dengan lantai alas jerami kering ,,', 8, '2024-01-30 03:01:01', NULL, NULL, NULL),
(92, 8, 16, '21', 2, 6, 3, 'Kondisi lantai kotor ,,', 8, '2024-01-30 03:03:00', NULL, NULL, NULL),
(93, 7, 14, '21', 2, 6, 3, 'Kondisi lantai kotor,, ', 8, '2024-01-30 03:04:06', NULL, NULL, NULL),
(94, 11, 18, '21', 2, 1, 3, 'Kondisi lantai kotor ,,', 8, '2024-01-30 03:04:40', NULL, NULL, NULL),
(95, 7, 14, '17', 2, 5, 3, 'Hujan berkabut', 6, '2024-01-30 09:30:35', NULL, NULL, NULL),
(96, 10, 39, '18', 2, 6, 1, 'Sedang dibersihkan', 6, '2024-01-30 09:53:03', NULL, NULL, NULL),
(97, 14, 36, '2', 3, 6, 1, 'Sudah dibersihkan', 10, '2024-01-30 11:28:43', NULL, NULL, NULL),
(98, 4, 18, '23', 3, 1, 3, 'Dibersihkan tadi pagi', 10, '2024-01-30 11:31:21', NULL, NULL, NULL),
(99, 11, 18, '22', 2, 1, 3, 'Lantai kotor', 8, '2024-01-30 20:25:19', NULL, NULL, NULL),
(100, 1, 34, '21', 3, 1, 3, 'Lantai masih kotor', 8, '2024-01-31 01:58:05', NULL, NULL, NULL),
(101, 11, 18, '17', 3, 1, 2, 'Baru dbersihkan ', 6, '2024-01-31 13:06:05', NULL, NULL, NULL),
(102, 7, 14, '24', 7, 5, 1, 'Baru dibersihkan', 6, '2024-02-01 08:47:48', NULL, NULL, NULL),
(103, 1, 34, '24', 5, 1, 1, 'Lantai sedang di bersihkan', 7, '2024-02-01 09:10:56', NULL, NULL, NULL),
(104, 14, 36, '24', 2, 6, 2, 'Pakan habis dan kurang', 6, '2024-02-01 10:34:54', NULL, NULL, NULL),
(105, 5, 30, '17', 2, 6, 2, 'Sudah dibersihkn dan petgas sedng kerja bakti', 6, '2024-02-01 11:03:29', NULL, NULL, NULL),
(106, 11, 18, '22', 5, 2, 1, 'Lantai kotor ,, ', 8, '2024-02-02 08:01:23', NULL, NULL, NULL),
(107, 10, 39, '27', 4, 5, 3, 'Belum di bersihkan masih nunggu gantian air', 7, '2024-02-02 08:07:25', NULL, NULL, NULL),
(108, 8, 16, '22', 5, 1, 1, 'Lan', 8, '2024-02-02 08:09:18', NULL, NULL, NULL),
(109, 5, 30, '27', 4, 1, 1, 'Sedang di bersihkan ', 7, '2024-02-02 08:15:10', NULL, NULL, NULL),
(110, 4, 18, '27', 4, 1, 1, 'Baru di bersihkan ', 7, '2024-02-02 08:16:52', NULL, NULL, NULL),
(111, 7, 13, '22', 4, 5, 3, 'Lantai kotor belum sanitasi ', 8, '2024-02-02 08:24:55', NULL, NULL, NULL),
(112, 3, 24, '27', 4, 1, 2, 'Bersih dan kering', 7, '2024-02-02 08:32:39', NULL, NULL, NULL),
(113, 2, 26, '27', 4, 1, 2, 'Kering petugas istirahat ', 7, '2024-02-02 08:35:56', NULL, NULL, NULL),
(114, 14, 37, '27', 4, 1, 1, 'Baru beres di bersihkan ', 7, '2024-02-02 08:39:15', NULL, NULL, NULL),
(115, 9, 16, '22', 4, 1, 1, 'Lantai basah baru dibersihkan ', 8, '2024-02-02 08:39:51', NULL, NULL, NULL),
(116, 10, 39, '25', 4, 5, 1, 'Lantai basah karena sedang dibersihkan ', 8, '2024-02-02 08:43:30', NULL, NULL, NULL),
(117, 1, 36, '27', 4, 1, 1, 'Baru selesai di bersihkan', 7, '2024-02-02 08:52:25', NULL, NULL, NULL),
(118, 7, 13, '24', 5, 1, 3, '1 ekor ternk d pindh k f3 1 ekorny d jual ', 6, '2024-02-02 10:55:21', NULL, NULL, NULL),
(119, 5, 30, '23', 4, 1, 1, 'Kondisi lantai basah karena baru dibersihkan ', 8, '2024-02-02 15:27:39', NULL, NULL, NULL),
(120, 10, 37, '24', 5, 1, 1, 'Lantai basah sedang dibersihkan ', 8, '2024-02-03 08:31:06', NULL, NULL, NULL),
(121, 7, 13, '26', 2, 5, 1, 'Sedang di bersihkan', 7, '2024-02-04 08:21:12', NULL, NULL, NULL),
(122, 8, 16, '26', 2, 5, 1, 'Baru selesai di bersihkan ', 7, '2024-02-04 08:39:03', NULL, NULL, NULL),
(123, 9, 18, '26', 2, 1, 1, 'Baru selesai di bersihkan ', 7, '2024-02-04 08:40:50', NULL, NULL, NULL),
(124, 10, 37, '26', 2, 5, 1, 'Sedang di bersihkan ', 7, '2024-02-04 08:43:42', NULL, NULL, NULL),
(125, 5, 30, '26', 2, 1, 1, 'Sedang di bersihkan', 7, '2024-02-04 09:05:15', NULL, NULL, NULL),
(126, 4, 18, '26', 2, 1, 1, 'Baru selesai di bersihkan', 7, '2024-02-04 09:06:20', NULL, NULL, NULL),
(127, 3, 24, '26', 2, 1, 2, 'Sudah di bersihkan ', 7, '2024-02-04 09:12:53', NULL, NULL, NULL),
(128, 11, 18, '24', 7, 5, 1, 'Lantai basah karena baru dibersihkan ', 8, '2024-02-05 08:34:23', NULL, NULL, NULL),
(129, 8, 16, '24', 7, 5, 1, 'Lantai basah ', 8, '2024-02-05 08:37:32', NULL, NULL, NULL),
(130, 7, 12, '24', 7, 5, 3, 'Belum dibersihkan ', 8, '2024-02-05 08:38:23', NULL, NULL, NULL),
(131, 3, 24, '23', 5, 1, 1, 'Selesai dibersihkan', 10, '2024-02-05 09:08:51', NULL, NULL, NULL),
(132, 10, 37, '24', 7, 5, 1, 'Lantai basah karena sedang dibersihkan ', 8, '2024-02-05 09:09:58', NULL, NULL, NULL),
(133, 5, 30, '26', 7, 1, 1, 'Lantai basah karena baru dibersihkan ', 8, '2024-02-05 10:12:38', NULL, NULL, NULL),
(134, 11, 18, '26', 2, 5, 1, 'Baru selesai di bersihkan ', 7, '2024-02-06 08:02:35', NULL, NULL, NULL),
(135, 9, 19, '26', 2, 5, 3, 'Sedang di bersihkan', 7, '2024-02-06 08:10:08', NULL, NULL, NULL),
(136, 8, 12, '26', 2, 5, 1, 'Baru di bersihkan ', 7, '2024-02-06 08:18:32', NULL, NULL, NULL),
(137, 7, 12, '26', 2, 5, 3, 'Belum di bersihkan', 7, '2024-02-06 08:23:13', NULL, NULL, NULL),
(138, 10, 36, '26', 2, 1, 3, 'Sedang di bersihkan', 7, '2024-02-06 08:29:59', NULL, NULL, NULL),
(139, 5, 29, '26', 2, 5, 1, 'Sedang di bersihkan ', 7, '2024-02-06 08:45:12', NULL, NULL, NULL),
(140, 4, 10, '26', 2, 1, 1, 'Baru selesai di bersihkan', 7, '2024-02-06 08:49:41', NULL, NULL, NULL),
(141, 3, 22, '23', 3, 1, 1, 'Sudah dibersihkan pagi', 10, '2024-02-06 09:48:02', NULL, NULL, NULL),
(142, 14, 34, '25', 2, 1, 3, 'Sudah dibersihkan pagi ', 10, '2024-02-06 10:32:47', NULL, NULL, NULL),
(143, 1, 34, '26', 2, 1, 1, 'Baru selesai di bersihkan ', 7, '2024-02-06 14:06:32', NULL, NULL, NULL),
(144, 4, 11, '23', 4, 1, 1, 'Sudah dibersihkan', 10, '2024-02-06 15:16:54', NULL, NULL, NULL),
(145, 11, 38, '19', 2, 6, 3, 'Lantai kotor ', 8, '2024-02-08 00:27:46', NULL, NULL, NULL),
(146, 8, 16, '19', 4, 2, 3, 'Lantai kotor ', 8, '2024-02-08 00:29:16', NULL, NULL, NULL),
(147, 7, 15, '19', 4, 1, 3, 'Lantai kotor', 8, '2024-02-08 00:30:44', NULL, NULL, NULL),
(148, 9, 23, '19', 4, 6, 3, 'Lantai kotor', 8, '2024-02-08 00:32:24', NULL, NULL, NULL),
(149, 10, 22, '19', 6, 1, 3, 'Lantai kotor ', 8, '2024-02-08 00:34:26', NULL, NULL, NULL),
(150, 5, 30, '19', 6, 2, 3, 'Lantai kotor ', 8, '2024-02-08 00:36:41', NULL, NULL, NULL),
(151, 4, 18, '19', 4, 1, 3, 'Lantai kotor ', 8, '2024-02-08 00:38:52', NULL, NULL, NULL),
(152, 3, 24, '19', 4, 2, 3, 'Lantai kotor', 8, '2024-02-08 00:40:54', NULL, NULL, NULL),
(153, 1, 34, '19', 6, 1, 3, 'Lantai kotor', 8, '2024-02-08 00:54:33', NULL, NULL, NULL),
(154, 2, 30, '19', 4, 1, 3, 'Lantai kotor', 8, '2024-02-08 01:08:29', NULL, NULL, NULL),
(155, 11, 38, '23', 5, 1, 1, 'Baru dibersihkan ', 8, '2024-02-10 08:29:43', NULL, NULL, NULL),
(156, 9, 16, '23', 7, 1, 1, 'Sedang dibersihkan ', 8, '2024-02-10 08:50:01', NULL, NULL, NULL),
(157, 8, 16, '23', 5, 1, 3, 'Air habis', 8, '2024-02-10 08:51:45', NULL, NULL, NULL),
(158, 7, 15, '25', 5, 1, 1, 'Baru dibersihkan ', 8, '2024-02-10 08:52:46', NULL, NULL, NULL),
(159, 10, 29, '25', 5, 1, 1, 'Baru dibersihkan ', 8, '2024-02-10 08:55:09', NULL, NULL, NULL),
(160, 5, 30, '25', 5, 1, 1, 'Sedang dibersihkan ', 8, '2024-02-10 09:02:23', NULL, NULL, NULL),
(161, 4, 18, '24', 7, 1, 1, 'Baru dibersihkan ', 8, '2024-02-10 09:20:26', NULL, NULL, NULL),
(162, 3, 24, '26', 5, 1, 1, 'Sudah dibersihkan', 8, '2024-02-10 10:53:04', NULL, NULL, NULL),
(163, 1, 34, '23', 3, 1, 1, 'Baru dibersihkan ', 8, '2024-02-11 13:21:39', NULL, NULL, NULL),
(164, 4, 18, '23', 5, 1, 1, 'Baru dibersihkan ', 8, '2024-02-12 08:49:04', NULL, NULL, NULL),
(165, 1, 34, '23', 5, 1, 1, 'Sedang dibersihkan', 10, '2024-02-12 09:19:46', NULL, NULL, NULL),
(166, 4, 18, '23', 2, 1, 1, 'Sedang dibersihkan', 10, '2024-02-12 10:28:10', NULL, NULL, NULL),
(167, 11, 38, '21', 6, 6, 1, 'Butuh karpet utk pedet g1 ', 6, '2024-02-12 10:55:43', 6, '2024-02-12 11:08:46', NULL),
(168, 9, 16, '21', 2, 1, 2, 'Sebagian lantaienggenang air dan lampubmatinsemua', 6, '2024-02-12 11:32:22', NULL, NULL, NULL),
(169, 7, 15, '21', 2, 1, 2, 'Pakan sdh habis', 6, '2024-02-12 12:27:14', NULL, NULL, NULL),
(170, 8, 16, '21', 2, 1, 1, 'Sedang dibersihkna', 6, '2024-02-12 12:45:11', NULL, NULL, NULL),
(171, 10, 29, '21', 2, 6, 2, 'Petugas siang belum dtg', 6, '2024-02-12 12:52:42', NULL, NULL, NULL),
(172, 1, 34, '24', 5, 1, 1, 'baru', 7, '2024-02-13 09:33:43', NULL, NULL, NULL),
(173, 11, 38, '25', 2, 1, 1, 'Sudah dibersihkan', 10, '2024-02-13 09:48:34', NULL, NULL, NULL),
(174, 10, 29, '24', 2, 1, 3, 'Pemilihan t4 pakan dan air minum kosong', 6, '2024-02-13 11:36:36', NULL, NULL, NULL),
(175, 5, 30, '25', 2, 6, 1, 'Dara', 6, '2024-02-13 11:52:39', NULL, NULL, NULL),
(176, 5, 30, '22', 3, 1, 3, 'Belum dibersihkan', 8, '2024-02-14 05:13:22', NULL, NULL, NULL),
(177, 4, 17, '26', 3, 1, 2, 'Pakan silase ', 7, '2024-02-14 12:57:03', NULL, NULL, NULL),
(178, 2, 24, '27', 2, 1, 1, 'Sudah dibersihkan', 10, '2024-02-14 14:11:57', NULL, NULL, NULL),
(179, 11, 38, '22', 5, 1, 3, 'Lantai kotor dan basah ,,', 8, '2024-02-14 21:06:25', NULL, NULL, NULL),
(180, 8, 16, '22', 5, 2, 3, 'Lantai kotor', 8, '2024-02-14 21:09:30', NULL, NULL, NULL),
(181, 7, 15, '22', 5, 6, 3, 'Lantai kotor ', 8, '2024-02-14 21:11:10', NULL, NULL, NULL),
(182, 9, 16, '22', 5, 1, 3, 'Lantai kotor dan basah', 8, '2024-02-14 21:14:10', NULL, NULL, NULL),
(183, 10, 29, '22', 5, 1, 3, 'Lantai kotor dan basah', 8, '2024-02-14 21:16:41', NULL, NULL, NULL),
(184, 5, 30, '22', 5, 1, 3, 'Lantai kotor dan basah ', 8, '2024-02-14 21:20:45', NULL, NULL, NULL),
(185, 4, 18, '22', 5, 1, 3, 'Kotor dan basah', 8, '2024-02-14 21:22:30', NULL, NULL, NULL),
(186, 3, 23, '22', 5, 1, 3, 'Kotor dan basah ', 8, '2024-02-14 21:26:54', NULL, NULL, NULL),
(187, 2, 30, '22', 5, 1, 3, 'Kotor dan basah ', 8, '2024-02-14 21:29:58', NULL, NULL, NULL),
(188, 1, 34, '22', 5, 1, 3, 'Basah dan kotor', 8, '2024-02-14 21:41:36', NULL, NULL, NULL),
(189, 4, 18, '21', 3, 1, 1, 'Sedang dibersihkan', 6, '2024-02-15 14:29:06', NULL, NULL, NULL),
(190, 5, 30, '21', 3, 1, 1, 'Sedang dibersihkn', 6, '2024-02-15 14:30:47', NULL, NULL, NULL),
(191, 11, 38, '24', 5, 1, 3, 'Kotor', 6, '2024-02-16 09:49:43', NULL, NULL, NULL),
(192, 8, 16, '24', 5, 1, 2, '87 persen dr populasi ternak mengalami pot belly', 6, '2024-02-16 10:10:07', NULL, NULL, NULL),
(193, 7, 15, '24', 5, 1, 2, '3 ekoe di pek ke 3 makanny sdh bagus namun ada yg mencret ketika d cek t4 air minum kotor', 6, '2024-02-16 10:11:49', 6, '2024-02-16 10:12:41', NULL),
(194, 10, 29, '21', 5, 1, 1, 'Bagiaj belakang menggenang - banyak ternak sakit mata', 6, '2024-02-16 11:32:55', NULL, NULL, NULL),
(195, 1, 34, '24', 2, 6, 2, 'Ternak selalu disisi kanan ', 6, '2024-02-16 12:27:40', NULL, NULL, NULL),
(196, 3, 24, '23', 2, 1, 1, 'dilakukan penimbangan susu', 6, '2024-02-16 15:26:56', NULL, NULL, NULL),
(197, 1, 34, '21', 7, 6, 3, 'Belum dibersihkan', 10, '2024-02-17 02:17:38', NULL, NULL, NULL),
(198, 2, 30, '21', 7, 1, 3, 'Sisa pakan banyak, lantai belum dibersihkan', 10, '2024-02-17 02:18:30', NULL, NULL, NULL),
(199, 3, 23, '21', 7, 6, 3, 'Pakan sisa sedikit ', 10, '2024-02-17 02:19:26', NULL, NULL, NULL),
(200, 4, 18, '21', 7, 1, 3, 'Pakan sisa banyak', 10, '2024-02-17 02:21:28', NULL, NULL, NULL),
(201, 5, 30, '21', 7, 1, 3, 'Beberapa habis, sisa nya masih banyak', 10, '2024-02-17 02:23:21', NULL, NULL, NULL),
(202, 8, 16, '22', 7, 1, 3, 'Pkan sisa sedikit', 10, '2024-02-17 02:24:19', NULL, NULL, NULL),
(203, 8, 15, '22', 7, 6, 3, 'Pakan habis', 10, '2024-02-17 02:26:14', NULL, NULL, NULL),
(204, 10, 29, '21', 7, 1, 3, 'Sisa pakan sedikit', 10, '2024-02-17 02:26:56', NULL, NULL, NULL),
(205, 9, 16, '21', 7, 1, 3, 'Pakan masih banyak', 10, '2024-02-17 02:27:48', NULL, NULL, NULL),
(206, 11, 38, '21', 7, 6, 3, 'Pakan habis', 10, '2024-02-17 02:28:25', NULL, NULL, NULL),
(207, 4, 18, '26', 5, 1, 1, 'Baru dibersihkan ', 8, '2024-02-17 10:22:05', NULL, NULL, NULL),
(208, 5, 30, '26', 5, 1, 1, 'Baru dibersihkan ', 8, '2024-02-17 10:24:44', NULL, NULL, NULL),
(209, 3, 23, '26', 5, 1, 1, 'Sudah dibersihkan ', 8, '2024-02-17 10:30:20', NULL, NULL, NULL),
(210, 2, 30, '26', 5, 1, 1, 'Sudah dibersihkan ', 8, '2024-02-17 10:31:42', NULL, NULL, NULL),
(211, 9, 16, '23', 2, 1, 3, 'Sudah dibersihkan tadi siang', 10, '2024-02-17 15:49:39', NULL, '2024-02-17 15:50:34', 10),
(212, 9, 16, '23', 2, 1, 3, 'Sudah dibersihkan tadi siang', 10, '2024-02-17 15:51:49', NULL, '2024-02-17 15:52:48', 10),
(213, 9, 16, '23', 2, 1, 3, 'Sudah dibersihkan siang', 10, '2024-02-17 15:53:53', NULL, '2024-02-17 15:58:06', 10),
(214, 7, 15, '26', 3, 6, 1, 'Habis dibersihkan', 8, '2024-02-17 17:44:02', NULL, NULL, NULL),
(215, 9, 16, '19', 6, 2, 3, 'Lembab, feses', 9, '2024-02-18 00:01:57', NULL, NULL, NULL),
(216, 1, 34, '26', 3, 1, 1, 'Sudah dibersihkan ', 8, '2024-02-18 15:02:08', NULL, NULL, NULL),
(217, 3, 24, '19', 6, 6, 1, 'Kotor', 9, '2024-02-19 06:04:03', NULL, NULL, NULL),
(218, 11, 38, '23', 7, 5, 1, 'Sedang dibersihkan ', 8, '2024-02-19 09:00:39', NULL, NULL, NULL),
(219, 8, 16, '23', 7, 5, 1, 'Sedang dibersihkan ', 8, '2024-02-19 09:07:00', NULL, NULL, NULL),
(220, 7, 15, '23', 7, 5, 3, 'Belum dibersihkan menunggu selesai kandang d2a', 8, '2024-02-19 09:08:32', NULL, NULL, NULL),
(221, 9, 16, '23', 5, 1, 1, 'Baru dibersihkan ', 8, '2024-02-19 09:27:37', NULL, NULL, NULL),
(222, 10, 29, '23', 7, 1, 1, 'Sudah dibersihkan ', 8, '2024-02-19 09:31:19', NULL, NULL, NULL),
(223, 5, 30, '23', 7, 5, 1, 'Sudah dibersihkan ', 8, '2024-02-19 09:40:00', NULL, NULL, NULL),
(224, 4, 18, '23', 7, 5, 1, 'Sedang dibersihkan ', 8, '2024-02-19 09:40:39', NULL, NULL, NULL),
(225, 3, 23, '23', 7, 5, 1, 'Sudah dibersihkan ', 8, '2024-02-19 09:50:53', NULL, NULL, NULL),
(226, 2, 30, '23', 7, 5, 1, 'Sudah dibersihkan ', 8, '2024-02-19 09:53:20', NULL, NULL, NULL),
(227, 1, 34, '27', 5, 1, 1, 'Sudah dibersihkan ', 8, '2024-02-19 11:27:46', NULL, NULL, NULL),
(228, 3, 23, '24', 5, 1, 1, 'Sudah dibersihkan', 10, '2024-02-20 09:16:47', NULL, NULL, NULL),
(229, 10, 29, '25', 5, 6, 3, 'Belum dibersihkan lagi', 10, '2024-02-20 11:50:45', NULL, NULL, NULL),
(230, 2, 30, '26', 7, 1, 1, 'Sedang dibersihkan eartag 3 yg lepas ', 6, '2024-02-20 13:29:09', NULL, NULL, NULL),
(231, 4, 18, '25', 7, 1, 1, 'Sedang dibersihkan 4651 mau nya makan jagung- persiapan melahirkan 4471 - 4475- 4472', 6, '2024-02-20 13:32:30', NULL, NULL, NULL),
(232, 10, 29, '24', 7, 1, 2, 'Hay tercampur hpt choperan', 6, '2024-02-20 14:25:11', NULL, NULL, NULL),
(233, 1, 34, '27', 5, 1, 1, 'Baru beres di bersihkan', 7, '2024-02-20 14:31:15', NULL, NULL, NULL),
(234, 9, 16, '25', 7, 1, 2, 'Pakan tercampur hpt choperan- lampu kanan 2 dr belakangmati ', 6, '2024-02-20 14:33:21', NULL, NULL, NULL),
(235, 4, 18, '27', 5, 1, 1, 'Baru selesai di bersihkan', 7, '2024-02-20 14:34:02', NULL, NULL, NULL),
(236, 3, 24, '27', 2, 1, 1, 'Sedang di beraihkan', 7, '2024-02-20 14:36:00', NULL, NULL, NULL),
(237, 5, 30, '27', 2, 1, 1, 'Baru selesai di bersihkan ', 7, '2024-02-20 14:36:43', NULL, NULL, NULL),
(238, 7, 15, '25', 2, 1, 2, 'Besok akan ada perpindahan k g1', 6, '2024-02-20 14:45:33', NULL, NULL, NULL),
(239, 10, 29, '26', 2, 1, 2, 'Sudah di bersihkan', 7, '2024-02-20 14:46:59', NULL, NULL, NULL),
(240, 9, 16, '26', 2, 1, 1, 'Sedang di bersihkan', 7, '2024-02-20 14:49:34', NULL, NULL, NULL),
(241, 8, 15, '26', 2, 1, 2, 'Sudah di bersihkan', 7, '2024-02-20 14:54:00', NULL, NULL, NULL),
(242, 7, 15, '26', 2, 1, 2, 'Sudah di bersihkan', 7, '2024-02-20 14:54:35', NULL, NULL, NULL),
(243, 11, 38, '26', 2, 1, 1, 'Baru di bersihkan ', 7, '2024-02-20 14:56:17', NULL, NULL, NULL),
(244, 1, 34, '21', 3, 1, 3, 'Kotor', 8, '2024-02-21 05:45:29', NULL, NULL, NULL),
(245, 1, 34, '26', 2, 1, 1, 'Sedang di bersihkan ,', 7, '2024-02-21 08:58:04', NULL, NULL, NULL),
(246, 9, 16, '25', 7, 1, 3, 'Belum dibersihkan', 6, '2024-02-21 13:19:54', NULL, NULL, NULL),
(247, 3, 23, '24', 2, 1, 1, 'Sedang dibersihkan', 10, '2024-02-21 13:52:15', NULL, NULL, NULL),
(248, 2, 30, '26', 7, 1, 1, 'Sedang dibersihkan', 10, '2024-02-21 14:21:19', NULL, NULL, NULL),
(249, 1, 34, '22', 2, 1, 3, 'Lantai kotor, ', 8, '2024-02-21 21:30:50', NULL, NULL, NULL),
(250, 2, 30, '22', 2, 2, 3, 'Pakan banyak batang yg tersisa', 8, '2024-02-21 21:46:17', NULL, NULL, NULL),
(251, 3, 23, '22', 2, 2, 3, 'Untuk pakan lebih banyak batang sehingga pakan sisa banyak', 8, '2024-02-21 21:50:39', NULL, NULL, NULL),
(252, 8, 16, '24', 7, 1, 1, 'Basah krn baru dibersihkan  - 7 ekor ternk baru diambil darah nya', 6, '2024-02-22 10:03:11', NULL, NULL, NULL),
(253, 7, 15, '24', 4, 5, 1, 'Seedangbdiberishkan dan sedang ada renovasi pintu- 4 ekor ternak diambil darhny', 6, '2024-02-22 10:05:32', NULL, NULL, NULL),
(254, 10, 29, '24', 4, 1, 2, 'Kiri 15 kanan 14 ekor - 5 ekor yg diambil darah ', 6, '2024-02-22 10:11:46', NULL, NULL, NULL),
(255, 2, 30, '21', 7, 1, 3, 'Sisa pakan dominan batang', 10, '2024-02-23 04:07:30', NULL, NULL, NULL),
(256, 10, 29, '21', 7, 1, 3, 'Sisa pakan pen kiri sedikit, pen kanan maaih banyak', 10, '2024-02-23 04:10:49', NULL, NULL, NULL),
(257, 4, 17, '25', 4, 1, 2, 'Berkurang 2 ekor 1714 dan 087 krn sdh djual semalam- bertbah dr cjoho 3.ekor- 2 ekor dr c1 berpindh k b3', 6, '2024-02-23 11:26:19', 6, '2024-02-23 15:35:03', NULL),
(258, 3, 23, '24', 4, 1, 2, '19245 dan 1719.sdh keluar semalam masuk 2 yaitu 19229 dan 20238', 6, '2024-02-23 11:37:08', 6, '2024-02-23 15:32:32', NULL),
(259, 4, 18, '21', 3, 1, 3, 'Saat pengecekan gerimis', 10, '2024-02-24 04:55:55', NULL, NULL, NULL),
(260, 11, 38, '23', 7, 1, 1, 'Sudah dibersihkan', 8, '2024-02-24 08:01:49', NULL, NULL, NULL),
(261, 8, 16, '23', 7, 5, 1, 'Sedang dibersihkan ', 8, '2024-02-24 08:04:56', NULL, NULL, NULL),
(262, 7, 15, '23', 7, 1, 3, 'Menunggu petugas kandang selesai di kandang d2a', 8, '2024-02-24 08:05:38', NULL, NULL, NULL),
(263, 9, 16, '23', 7, 1, 1, 'Sedang dibersihkan ', 8, '2024-02-24 08:06:37', NULL, NULL, NULL),
(264, 10, 29, '25', 5, 1, 2, 'Lantai kering bersih', 8, '2024-02-24 09:00:36', NULL, NULL, NULL),
(265, 5, 30, '25', 7, 1, 1, 'Baru dibersihkan ', 8, '2024-02-24 09:28:57', NULL, NULL, NULL),
(266, 4, 18, '25', 7, 1, 1, 'Baru dibersihkan ', 8, '2024-02-24 09:29:26', NULL, NULL, NULL),
(267, 1, 30, '27', 2, 2, 1, 'Pakan dominan batang kasar', 8, '2024-02-24 11:25:19', NULL, NULL, NULL),
(268, 11, 36, '24', 5, 5, 1, 'Sedang dibersihkan ', 8, '2024-02-26 08:34:22', NULL, NULL, NULL),
(269, 8, 17, '24', 5, 5, 1, 'Baru dibersihkan', 8, '2024-02-26 08:35:57', NULL, NULL, NULL),
(270, 7, 15, '24', 5, 5, 3, 'Belum dibersihkan menunggu air selesai dari kandang lain ', 8, '2024-02-26 08:37:50', NULL, NULL, NULL),
(271, 4, 18, '23', 5, 1, 1, 'Sedang dibersihkan', 10, '2024-02-26 08:58:28', NULL, NULL, NULL),
(272, 5, 30, '21', 2, 1, 3, 'Pakan tll banyak batang- lantai kotor krn feses dibuang tdk smpai selokan', 6, '2024-02-26 12:22:32', NULL, NULL, NULL),
(273, 9, 18, '21', 7, 1, 3, 'Belum dibersihkn siang', 6, '2024-02-26 12:47:57', NULL, NULL, NULL),
(274, 4, 18, '26', 7, 1, 1, 'Baru dibersihkan-ada kelahiran siang - keswan andri kena air panas b3-sop partus sdh di lakukan andri- keswan bantu kelahiran adhi dan  andri', 6, '2024-02-27 13:14:57', NULL, NULL, NULL),
(275, 9, 19, '26', 7, 1, 2, 'Kering di kanan 3 pen sisany basah', 6, '2024-02-27 13:38:26', NULL, NULL, NULL),
(276, 1, 30, '22', 7, 7, 3, 'Lantai kotor ', 8, '2024-02-28 01:28:04', NULL, NULL, NULL),
(277, 2, 30, '22', 7, 7, 3, 'Belum dibersihkan ', 8, '2024-02-28 01:38:21', NULL, NULL, NULL),
(278, 3, 23, '22', 7, 7, 3, 'Belum dibersihkan ', 8, '2024-02-28 01:41:57', NULL, NULL, NULL),
(279, 4, 18, '22', 7, 7, 3, 'Belum dibersihkan ', 8, '2024-02-28 01:50:06', NULL, NULL, NULL),
(280, 5, 30, '22', 7, 7, 3, 'Belum dibersihkan ', 8, '2024-02-28 01:50:34', NULL, NULL, NULL),
(281, 10, 29, '22', 7, 1, 3, 'Belum dibersihkan ', 8, '2024-02-28 01:53:41', NULL, NULL, NULL),
(282, 9, 19, '22', 7, 1, 3, 'Belum dibersihkan ', 8, '2024-02-28 01:56:36', NULL, NULL, NULL),
(283, 8, 17, '22', 7, 1, 3, 'Belum dibersihkan ', 8, '2024-02-28 01:58:02', NULL, NULL, NULL),
(284, 7, 15, '22', 7, 1, 3, 'Belum dibersihkan ', 8, '2024-02-28 01:59:48', NULL, NULL, NULL),
(285, 11, 36, '22', 7, 1, 3, 'Belum dibersihkan ', 8, '2024-02-28 02:11:51', NULL, NULL, NULL),
(286, 1, 30, '21.3', 3, 1, 2, 'Serbuk gergaji baru di angkut dan sedabg dipasang karpet - pen 2 nya bru beres d semen jd semua terbak ada di pen 1', 6, '2024-02-28 13:45:14', 6, '2024-02-28 13:45:53', NULL),
(287, 7, 15, '24', 3, 1, 2, 'Memindahkan 2 ekor yg sakit k pen 1 dan dberikan serbuj', 6, '2024-02-28 15:03:27', NULL, NULL, NULL),
(288, 8, 15, '24', 3, 1, 1, '1 ekor.dipisahkan k g3 krm elisa.pos', 6, '2024-02-28 15:19:31', NULL, NULL, NULL),
(289, 5, 29, '24', 3, 1, 2, '1 ekor dipisahkan k g3.krn elisa pos', 6, '2024-02-28 15:20:05', NULL, NULL, NULL),
(290, 11, 36, '22', 7, 6, 3, 'Belum dibersihkan ', 8, '2024-02-29 00:42:46', NULL, NULL, NULL),
(291, 7, 15, '21', 7, 1, 3, 'Belum dibersihkan ', 8, '2024-02-29 00:46:03', NULL, NULL, NULL),
(292, 9, 19, '21', 7, 1, 3, 'Belum dibersihkan ', 8, '2024-02-29 00:47:45', NULL, NULL, NULL),
(293, 1, 30, '20', 7, 7, 3, 'Belum dibersihkan ', 8, '2024-02-29 01:30:19', NULL, NULL, NULL),
(294, 9, 19, '24', 7, 1, 2, 'Sebagian menggunakan serbuk gergaji', 6, '2024-02-29 15:25:29', NULL, NULL, NULL),
(295, 4, 16, '24', 5, 1, 1, '-', 9, '2024-02-29 16:41:29', NULL, NULL, NULL),
(296, 9, 17, '21', 7, 1, 3, 'Pakan masih banyak, ', 10, '2024-02-29 22:25:09', NULL, NULL, NULL),
(297, 13, 2, '24', 3, 1, 1, 'Baru dibersihkan', 8, '2024-03-02 13:23:32', NULL, NULL, NULL),
(298, 7, 15, '24', 3, 1, 1, 'Baru dibersihkan ,,', 8, '2024-03-02 14:32:39', NULL, NULL, NULL),
(299, 8, 16, '24', 3, 1, 1, 'Baru dibersihkan ', 8, '2024-03-02 14:34:54', NULL, NULL, NULL),
(300, 5, 28, '24', 3, 1, 1, 'Baru dibersihkan', 8, '2024-03-02 14:44:55', NULL, NULL, NULL),
(301, 4, 16, '24', 3, 1, 1, 'Baru dibersihkan', 8, '2024-03-02 14:46:13', NULL, NULL, NULL),
(302, 9, 20, '26', 3, 1, 1, 'Baru dibersihkan', 8, '2024-03-03 14:09:10', NULL, NULL, NULL),
(303, 11, 36, '22', 7, 5, 1, 'Sedang dibersihkan ', 8, '2024-03-04 08:19:39', NULL, NULL, NULL),
(304, 8, 16, '22', 7, 5, 1, 'Baru dibersihkan', 8, '2024-03-04 08:21:19', NULL, NULL, NULL),
(305, 7, 14, '24', 7, 5, 1, 'Sedang dibersihkan ', 8, '2024-03-04 08:37:42', NULL, NULL, NULL),
(306, 10, 29, '27', 4, 2, 1, 'Hay warna agak hijau dan masih sedikit basah ,', 8, '2024-03-04 13:44:02', NULL, NULL, NULL),
(307, 5, 28, '27', 4, 1, 1, 'Sedang dibersihkan ', 8, '2024-03-04 13:47:03', NULL, NULL, NULL),
(308, 3, 23, '27', 4, 1, 1, 'Sedang dibersihkan ', 8, '2024-03-04 14:07:47', NULL, NULL, NULL),
(309, 2, 30, '27', 4, 1, 1, 'Sedang dibersihkan ', 8, '2024-03-04 14:09:43', NULL, NULL, NULL),
(310, 4, 16, '27', 5, 1, 1, 'Ada tambahan rumput segar lapangan beberapa ikat diberikan untuk sapi baru lahir dan sapi import abortus', 8, '2024-03-05 14:06:01', NULL, NULL, NULL),
(311, 9, 20, '27', 5, 1, 1, 'Sedang dibersihkan ', 8, '2024-03-05 14:08:41', NULL, NULL, NULL),
(312, 7, 14, '27', 4, 1, 1, 'Sedang dibersihkan , lantai ( serbuk) pen 1 kering ', 8, '2024-03-05 14:14:15', NULL, NULL, NULL),
(313, 7, 14, '21', 2, 5, 2, '90 %mata cekung', 6, '2024-03-06 08:21:57', NULL, NULL, NULL),
(314, 7, 14, '22', 2, 6, 3, 'Sudah dibersihkan pagi', 10, '2024-03-06 11:20:07', NULL, NULL, NULL),
(315, 10, 29, '24', 2, 5, 2, 'Baru masuk kandang', 6, '2024-03-06 12:42:32', NULL, NULL, NULL),
(316, 1, 30, '21', 2, 1, 2, 'Lantai kering', 8, '2024-03-06 22:03:16', NULL, NULL, NULL),
(317, 9, 20, '24', 2, 1, 1, 'Kanan menggenang- arny perhari ini lepas sapih- sibungsu sendiri-', 6, '2024-03-07 14:55:25', NULL, NULL, NULL),
(318, 7, 14, '27', 5, 2, 3, 'Air mati-hay basah dan hijau', 6, '2024-03-08 08:36:21', NULL, NULL, NULL),
(319, 9, 16, '27', 5, 2, 2, 'Air mati - 4 ekor dimutasi ke F2-hay basah -236847 nkt turun batuk', 6, '2024-03-08 09:04:42', 6, '2024-03-08 09:17:19', NULL),
(320, 9, 16, '22', 2, 7, 3, 'Air mati, tidak ada air', 9, '2024-03-08 10:09:05', NULL, NULL, NULL),
(321, 8, 16, '22', 2, 1, 1, 'Baru disanitasi', 9, '2024-03-08 13:32:38', NULL, NULL, NULL),
(322, 10, 32, '22', 2, 1, 1, 'Sedang di sanitasi', 9, '2024-03-08 13:53:35', NULL, NULL, NULL),
(323, 5, 29, '24', 4, 1, 1, 'Lantai basah baru dibersihkan ', 8, '2024-03-09 10:04:22', NULL, NULL, NULL),
(324, 4, 16, '24', 4, 1, 2, 'Lantai kering kotor , kondisi cuaca angin kencang disertai hujan , ', 8, '2024-03-09 11:08:59', NULL, NULL, NULL),
(325, 3, 23, '24', 4, 1, 1, 'Kondisi cuaca angin kencang disertai hujan, kondisi lantai basah', 8, '2024-03-09 11:14:30', NULL, NULL, NULL),
(326, 14, 10, '24', 4, 1, 1, 'Kondisi cuaca angin kencang disertai hujan, kondisi lantai basah', 8, '2024-03-09 11:27:40', NULL, NULL, NULL),
(327, 9, 16, '22', 4, 2, 3, 'Kondisi cuaca angin kencang disertai hujan, kondisi lantai basah, pakan Hay masih agak hijau dan bsedikit basah', 8, '2024-03-09 14:15:40', NULL, NULL, NULL),
(328, 10, 33, '22', 4, 2, 1, 'Pakan campuran antara Hay dan rumput coperan ,, kondisi cuaca angin kencang disertai hujan ', 8, '2024-03-09 14:19:53', NULL, NULL, NULL),
(329, 7, 13, '22', 4, 2, 1, 'Hay kurang kering dan sedikit hijau , ', 8, '2024-03-09 15:51:36', NULL, NULL, NULL),
(330, 4, 16, '18', 2, 7, 3, '-', 9, '2024-03-10 02:16:56', NULL, NULL, NULL),
(331, 1, 30, '24', 7, 1, 1, 'Lantai serbuk kering ', 8, '2024-03-10 15:21:50', NULL, NULL, NULL),
(332, 9, 16, '22', 2, 1, 1, 'Kondisi lantai basah ,lantai serbuk kering baru diganti ,, kondisi Hay basah ,, kondisi cuaca kabut tebal ', 8, '2024-03-11 08:16:43', NULL, NULL, NULL),
(333, 7, 13, '23', 2, 1, 1, 'Lantai masih dibersihkan. Hay sudah ada', 10, '2024-03-11 09:25:27', NULL, NULL, NULL),
(334, 3, 24, '23', 2, 1, 1, 'Sudah dibersihkan ', 10, '2024-03-11 09:30:32', 10, '2024-03-11 09:35:03', NULL),
(335, 14, 10, '23', 2, 1, 1, 'Sudah dibersihkan', 10, '2024-03-11 09:40:43', NULL, NULL, NULL),
(336, 7, 13, '26', 2, 1, 1, 'Lantai sudah dibersihkan ', 8, '2024-03-11 14:02:54', NULL, NULL, NULL),
(337, 8, 16, '26', 2, 1, 1, 'Lantai basah baru dibersihkan ', 8, '2024-03-11 14:04:13', NULL, NULL, NULL),
(338, 14, 10, '26', 7, 1, 1, 'Lantai basah baru dibersihkan ', 8, '2024-03-11 15:09:26', NULL, NULL, NULL),
(339, 3, 24, '19', 2, 6, 1, '-', 9, '2024-03-12 16:46:52', NULL, NULL, NULL),
(340, 2, 30, '23', 7, 1, 1, 'Sudah dibersihkan ', 10, '2024-03-12 18:06:57', NULL, NULL, NULL),
(341, 5, 30, '23', 7, 1, 1, 'Sudah dibersihkan', 10, '2024-03-12 18:07:35', NULL, NULL, NULL),
(342, 9, 18, '20', 2, 2, 3, 'Cuaca berkabut, hay kurang dimakan, lantai masih dibersihkan', 10, '2024-03-13 07:51:42', 10, '2024-03-13 14:09:18', NULL),
(343, 1, 30, '22', 2, 6, 1, 'Lantai serbuk agak basah ,', 8, '2024-03-13 22:25:35', NULL, NULL, NULL),
(344, 14, 9, '22', 2, 1, 1, 'Lantai basah dan kotor, ', 8, '2024-03-13 22:38:49', NULL, NULL, NULL),
(345, 2, 30, '22', 2, 1, 3, 'Lampu dikandang ini mati ,,', 8, '2024-03-13 22:39:30', NULL, NULL, NULL),
(346, 10, 32, '22', 2, 1, 1, 'Kondisi cuaca kabut tebal , pakan Hay sedikit basah ', 8, '2024-03-13 22:43:16', NULL, NULL, NULL),
(347, 9, 18, '22', 2, 2, 2, 'Kondisi lantai serbuk kering, cuaca kabut tebal ', 8, '2024-03-13 22:44:59', NULL, NULL, NULL),
(348, 11, 37, '38.6', 2, 5, 1, 'Serbuk peelu di ganti-cuaca berkabut- banyak yg batuk', 6, '2024-03-14 07:20:40', NULL, NULL, NULL),
(349, 7, 12, '21', 2, 5, 1, 'Penggunaansawdust disemua pen', 6, '2024-03-14 07:45:11', NULL, NULL, NULL),
(350, 9, 18, '21', 2, 2, 2, 'Pen kanan pjok sawdust basah- penkanan 2 dan 3 diberikan indigofera', 6, '2024-03-14 08:01:00', NULL, NULL, NULL),
(351, 8, 16, '24', 5, 1, 1, 'Sapi cikole mutasi 9 ekor dan 9 ekor ke b1-lantai basah krn air bersih', 6, '2024-03-15 10:32:19', NULL, NULL, NULL),
(352, 9, 18, '24', 4, 1, 2, 'Pakan lebih baik dr kemarin- 4 ekor dlm 2 pen diberikan legum dan rumput lapang', 6, '2024-03-15 11:33:10', NULL, NULL, NULL),
(353, 11, 38, '21', 4, 5, 1, 'Kondisi cuaca angin kencang disertai hujan, kondisi lantai basah', 8, '2024-03-16 07:28:09', NULL, NULL, NULL),
(354, 7, 14, '21', 4, 1, 2, 'Kondisi cuaca angin kencang , cerah , sesekali hujan titpis ,', 8, '2024-03-16 07:36:04', NULL, NULL, NULL),
(355, 8, 14, '23', 4, 5, 1, 'Kondisi cuaca angin kncang , cerah hangat , sesekali hujan. Titpis ', 8, '2024-03-16 07:38:13', NULL, NULL, NULL),
(356, 9, 18, '23', 4, 5, 2, 'Kondisi cuaca angin kencang dan cerah hangat', 8, '2024-03-16 07:40:35', NULL, NULL, NULL),
(357, 10, 32, '22', 4, 1, 1, 'Kondisi cuaca angin kencang , cerah hangat dan sedikit hujan tipis', 8, '2024-03-16 08:25:40', NULL, NULL, NULL),
(358, 5, 30, '22', 4, 1, 1, 'Kondisi cuaca angin kencang dan cerah hangat ', 8, '2024-03-16 08:29:51', NULL, NULL, NULL),
(359, 4, 18, '22', 4, 1, 1, 'Kondisi cuaca angin kencang dan cerah hangat ', 8, '2024-03-16 08:35:51', NULL, NULL, NULL),
(360, 14, 9, '24', 2, 1, 2, 'Kondisi cuaca angin kencang, mendung , sesekali hujan tipis', 8, '2024-03-16 09:22:12', NULL, NULL, NULL),
(361, 1, 30, '24', 5, 1, 1, 'Kondisi cuaca cerah , angin kencang sesekali hujan tipis , membongkar serbuk gergaji yg sudah basah dipen 1', 8, '2024-03-16 13:12:55', NULL, NULL, NULL),
(362, 4, 18, '23', 2, 1, 1, 'Sudah dibersihkan', 10, '2024-03-18 11:01:17', NULL, NULL, NULL),
(363, 14, 9, '24', 5, 7, 2, 'Cerah sebentr hujan ', 6, '2024-03-18 11:11:39', NULL, NULL, NULL),
(364, 1, 31, '24', 5, 6, 1, 'Sawdust udh di angkat kmrn- ', 6, '2024-03-18 11:57:57', NULL, NULL, NULL),
(365, 9, 18, '21', 5, 1, 2, 'Sebagiab kering sebagian ada yg sudah basah', 10, '2024-03-19 08:25:16', NULL, NULL, NULL),
(366, 7, 12, '29', 1, 1, 1, 'Sebagian sudah ada yg basah', 10, '2024-03-19 14:28:17', NULL, NULL, NULL),
(367, 11, 38, '19', 5, 6, 3, 'Kondisi cuaca cerah dan angin ', 8, '2024-03-20 01:12:16', NULL, NULL, NULL),
(368, 7, 14, '19', 5, 1, 3, 'Kondisi cuaca cerah dan angin ', 8, '2024-03-20 01:18:27', NULL, NULL, NULL),
(369, 8, 14, '19', 5, 1, 3, 'Kondisi cuaca cerah dan angin ', 8, '2024-03-20 01:19:08', NULL, NULL, NULL),
(370, 4, 18, '18', 5, 1, 3, 'Kondisi cuaca angin kencang dan cerah ', 8, '2024-03-20 01:35:31', NULL, NULL, NULL),
(371, 5, 30, '18', 5, 1, 3, 'Kondisi cuaca angin kencang dan cerah ', 8, '2024-03-20 01:36:01', NULL, NULL, NULL),
(372, 3, 24, '19', 4, 1, 3, 'Kondisi cuaca angin kencang dan cerah hangat ', 8, '2024-03-20 01:39:36', NULL, NULL, NULL),
(373, 14, 9, '19', 5, 1, 1, 'Kondiai cuaca cerah dan angin ', 8, '2024-03-20 01:47:27', NULL, NULL, NULL),
(374, 1, 30, '19', 5, 6, 3, 'Lantai kotor , kondisi cuaca cerah ', 8, '2024-03-20 02:06:40', NULL, NULL, NULL);

-- --------------------------------------------------------

--
-- Table structure for table `monitoring_kesehatan`
--

CREATE TABLE `monitoring_kesehatan` (
  `id` bigint NOT NULL,
  `treatment_ternak_id` bigint NOT NULL,
  `kesehatan` smallint NOT NULL DEFAULT '0' COMMENT '0=pending, 1=retreatment, 2=done',
  `tgl_retreatment` date DEFAULT NULL,
  `notes` varchar(256) COLLATE utf8mb4_general_ci DEFAULT NULL,
  `created_by` int NOT NULL,
  `created_date` datetime NOT NULL DEFAULT CURRENT_TIMESTAMP,
  `updated_by` int DEFAULT NULL,
  `updated_date` datetime DEFAULT NULL ON UPDATE CURRENT_TIMESTAMP,
  `deleted_by` int DEFAULT NULL
) ENGINE=InnoDB DEFAULT CHARSET=utf8mb4 COLLATE=utf8mb4_general_ci;

--
-- Dumping data for table `monitoring_kesehatan`
--

INSERT INTO `monitoring_kesehatan` (`id`, `treatment_ternak_id`, `kesehatan`, `tgl_retreatment`, `notes`, `created_by`, `created_date`, `updated_by`, `updated_date`, `deleted_by`) VALUES
(1, 24, 1, '2024-01-24', '', 6, '2024-01-24 15:41:39', NULL, NULL, NULL),
(2, 37, 2, NULL, '', 6, '2024-01-24 15:54:11', NULL, NULL, NULL),
(3, 39, 2, NULL, '', 6, '2024-01-25 08:23:37', NULL, NULL, NULL),
(4, 22, 2, NULL, '', 6, '2024-01-25 08:24:49', NULL, NULL, NULL),
(5, 27, 2, NULL, 'Utk.terus monitoring berahi ', 6, '2024-01-25 08:25:12', NULL, NULL, NULL),
(6, 2, 2, NULL, 'Potpaksa', 6, '2024-01-25 08:52:46', NULL, NULL, NULL),
(7, 28, 2, NULL, 'Monitoring berahi', 6, '2024-01-25 08:53:05', NULL, NULL, NULL),
(8, 38, 2, NULL, 'Ceka berahi', 6, '2024-01-25 08:53:28', NULL, NULL, NULL),
(9, 1, 2, NULL, '', 6, '2024-01-25 12:07:32', NULL, NULL, NULL),
(10, 3, 2, NULL, '', 6, '2024-01-25 12:07:49', NULL, NULL, NULL),
(11, 5, 2, NULL, 'Monitoring pakan', 6, '2024-01-25 12:08:21', NULL, NULL, NULL),
(12, 36, 2, NULL, '', 6, '2024-01-25 12:08:42', NULL, NULL, NULL),
(13, 24, 2, NULL, '', 6, '2024-01-25 12:08:57', NULL, NULL, NULL),
(14, 6, 2, NULL, 'Luka kering', 6, '2024-01-25 12:09:13', NULL, NULL, NULL),
(15, 11, 2, NULL, '', 6, '2024-01-25 12:09:23', NULL, NULL, NULL),
(16, 10, 2, NULL, '', 6, '2024-01-25 12:09:33', NULL, NULL, NULL),
(17, 11, 2, NULL, '', 6, '2024-01-25 12:11:31', NULL, NULL, NULL),
(18, 68, 2, NULL, 'Terus monitoring', 6, '2024-01-30 09:27:18', NULL, NULL, NULL),
(19, 72, 1, '2024-01-30', 'Monitoring', 6, '2024-01-30 09:28:12', NULL, NULL, NULL),
(20, 71, 2, NULL, '', 6, '2024-01-30 09:29:24', NULL, NULL, NULL),
(21, 184, 2, NULL, 'amati perkembangan reproduksinya ', 6, '2024-02-16 15:28:30', NULL, NULL, NULL),
(22, 126, 2, NULL, 'afkir gangrep', 6, '2024-02-16 15:28:47', NULL, NULL, NULL),
(23, 126, 2, NULL, 'afkir gangrep', 6, '2024-02-16 15:29:02', NULL, NULL, NULL),
(24, 125, 2, NULL, 'afkir gangrep', 6, '2024-02-16 15:29:13', NULL, NULL, NULL),
(25, 73, 2, NULL, 'afkir gangrep', 6, '2024-02-16 15:29:24', NULL, NULL, NULL),
(26, 27, 2, NULL, 'amati', 6, '2024-02-16 15:29:41', NULL, NULL, NULL),
(27, 27, 2, NULL, 'amati', 6, '2024-02-16 15:29:53', NULL, NULL, NULL),
(28, 52, 2, NULL, '', 6, '2024-02-16 15:30:04', NULL, NULL, NULL),
(29, 57, 2, NULL, 'amati', 6, '2024-02-16 15:30:18', NULL, NULL, NULL),
(30, 127, 2, NULL, '', 6, '2024-02-16 15:30:28', NULL, NULL, NULL),
(31, 128, 2, NULL, '', 6, '2024-02-16 15:30:40', NULL, NULL, NULL),
(32, 29, 2, NULL, '', 6, '2024-02-16 15:30:50', NULL, NULL, NULL),
(33, 4, 2, NULL, '', 6, '2024-02-16 15:31:00', NULL, NULL, NULL),
(34, 30, 2, NULL, '', 6, '2024-02-16 15:31:09', NULL, NULL, NULL),
(35, 53, 2, NULL, '', 6, '2024-02-16 15:31:21', NULL, NULL, NULL),
(36, 131, 2, NULL, 'afkir gangrep', 6, '2024-02-16 15:31:38', NULL, NULL, NULL),
(37, 130, 2, NULL, 'afkir gangrep', 6, '2024-02-16 15:31:49', NULL, NULL, NULL),
(38, 58, 2, NULL, 'afkir gangrep', 6, '2024-02-16 15:32:00', NULL, NULL, NULL),
(39, 106, 2, NULL, 'amati', 6, '2024-02-16 15:32:14', NULL, NULL, NULL),
(40, 106, 2, NULL, 'amati', 6, '2024-02-16 15:32:15', NULL, NULL, NULL),
(41, 58, 2, NULL, 'amati', 6, '2024-02-16 15:32:28', NULL, NULL, NULL),
(42, 94, 2, NULL, '', 6, '2024-02-16 15:32:39', NULL, NULL, NULL),
(43, 99, 2, NULL, '', 6, '2024-02-16 15:32:49', NULL, NULL, NULL),
(44, 131, 2, NULL, 'afkir gangrep', 6, '2024-02-16 15:33:00', NULL, NULL, NULL),
(45, 80, 2, NULL, '', 6, '2024-02-16 15:33:10', NULL, NULL, NULL),
(46, 130, 2, NULL, '', 6, '2024-02-16 15:33:19', NULL, NULL, NULL),
(47, 80, 2, NULL, '', 6, '2024-02-16 15:33:33', NULL, NULL, NULL),
(48, 94, 2, NULL, '', 6, '2024-02-16 15:33:55', NULL, NULL, NULL),
(49, 109, 2, NULL, '', 6, '2024-02-16 15:34:14', NULL, NULL, NULL),
(50, 86, 2, NULL, '', 6, '2024-02-16 15:34:27', NULL, NULL, NULL),
(51, 3, 2, NULL, '', 6, '2024-02-16 15:35:04', NULL, NULL, NULL),
(52, 1, 2, NULL, '', 6, '2024-02-16 15:35:18', NULL, NULL, NULL),
(53, 101, 2, NULL, '', 6, '2024-02-16 15:35:35', NULL, NULL, NULL),
(54, 137, 2, NULL, '', 6, '2024-02-16 15:35:51', NULL, NULL, NULL),
(55, 172, 2, NULL, '', 6, '2024-02-16 15:36:03', NULL, NULL, NULL),
(56, 175, 2, NULL, '', 6, '2024-02-20 13:51:42', NULL, NULL, NULL),
(57, 225, 2, NULL, '', 6, '2024-02-20 13:52:15', NULL, NULL, NULL),
(58, 176, 2, NULL, '', 6, '2024-02-20 13:52:58', NULL, NULL, NULL),
(59, 49, 2, NULL, '', 6, '2024-02-20 13:53:18', NULL, NULL, NULL),
(60, 202, 2, NULL, '', 6, '2024-02-20 13:53:35', NULL, NULL, NULL),
(61, 87, 2, NULL, '', 6, '2024-02-20 13:53:56', NULL, NULL, NULL),
(62, 209, 2, NULL, '', 6, '2024-02-20 13:54:13', NULL, NULL, NULL),
(63, 131, 2, NULL, 'Pot paksa', 6, '2024-02-20 13:54:46', NULL, NULL, NULL),
(64, 194, 1, '2024-02-20', '', 6, '2024-02-20 13:55:41', NULL, NULL, NULL);

-- --------------------------------------------------------

--
-- Table structure for table `monitoring_ternak`
--

CREATE TABLE `monitoring_ternak` (
  `id` int NOT NULL,
  `monitoring_kandang_id` int NOT NULL,
  `eartag` varchar(32) COLLATE utf8mb4_general_ci NOT NULL,
  `gejala` text COLLATE utf8mb4_general_ci NOT NULL,
  `treatment` smallint NOT NULL DEFAULT '0' COMMENT '0=pending, 1=done',
  `treatment_by` int DEFAULT NULL,
  `kesehatan` smallint NOT NULL DEFAULT '0' COMMENT '0=pending, 1=retreatment, 2=done',
  `created_by` int NOT NULL,
  `created_date` datetime NOT NULL DEFAULT CURRENT_TIMESTAMP,
  `updated_by` int DEFAULT NULL,
  `updated_date` datetime DEFAULT NULL ON UPDATE CURRENT_TIMESTAMP,
  `deleted_by` int DEFAULT NULL
) ENGINE=InnoDB DEFAULT CHARSET=utf8mb4 COLLATE=utf8mb4_general_ci;

--
-- Dumping data for table `monitoring_ternak`
--

INSERT INTO `monitoring_ternak` (`id`, `monitoring_kandang_id`, `eartag`, `gejala`, `treatment`, `treatment_by`, `kesehatan`, `created_by`, `created_date`, `updated_by`, `updated_date`, `deleted_by`) VALUES
(1, 4, '4490', 'nodul parah LSD', 1, 6, 0, 6, '2024-01-16 15:36:27', NULL, '2024-01-17 13:03:00', NULL),
(2, 4, '4777 ', 'KURUS', 1, 6, 0, 6, '2024-01-16 15:36:44', NULL, '2024-01-17 13:02:28', NULL),
(3, 4, '4773', 'KAKI BENGKAK ', 1, 6, 0, 6, '2024-01-16 15:37:02', NULL, '2024-01-17 12:59:42', NULL),
(4, 4, '4482', 'NODUL LSD', 0, NULL, 0, 6, '2024-01-16 15:37:17', NULL, '2024-01-17 13:06:27', 6),
(5, 4, '4473', 'KAKI BELAKANG KIRI & NODUL', 0, NULL, 0, 6, '2024-01-16 15:39:24', NULL, '2024-01-17 13:06:19', 6),
(6, 4, '4769', 'pincang kaki depan kiri', 1, 6, 0, 6, '2024-01-16 15:42:46', 6, '2024-01-17 13:05:56', NULL),
(7, 4, '20217', 'NODUL DIKAKI', 0, NULL, 0, 6, '2024-01-16 15:43:16', 6, '2024-01-17 13:00:01', 6),
(8, 3, '4489', 'nodul ringan', 1, 6, 0, 6, '2024-01-16 15:46:33', NULL, '2024-01-17 13:07:18', NULL),
(9, 3, '1861', 'anoreksi dan kekurusan', 1, 6, 0, 6, '2024-01-16 15:46:55', NULL, '2024-01-17 12:58:27', NULL),
(10, 14, '221322', 'Kaki belakang kiri luka', 1, 6, 0, 8, '2024-01-17 07:41:31', NULL, '2024-02-13 09:22:10', NULL),
(11, 16, '4773', 'Susfct lsd', 1, 7, 0, 7, '2024-01-17 10:02:45', NULL, '2024-01-17 10:04:40', NULL),
(12, 4, '19259', 's. LSD', 1, 6, 0, 6, '2024-01-17 13:00:14', NULL, '2024-01-17 13:01:11', NULL),
(13, 17, '4489', 'nodul ringan', 1, 6, 0, 6, '2024-01-17 13:16:42', NULL, '2024-01-17 13:18:10', NULL),
(14, 17, '4471', 'nodul ringan dan kering', 1, 6, 0, 6, '2024-01-17 13:16:56', NULL, '2024-01-17 13:17:21', NULL),
(15, 18, '22277', 'vaksin pmk booster', 1, 6, 0, 6, '2024-01-17 14:24:17', NULL, '2024-02-13 09:22:36', NULL),
(16, 18, '22279', 'vaksin pmk booster', 1, 6, 0, 6, '2024-01-17 14:25:59', NULL, '2024-01-17 14:29:09', NULL),
(17, 18, '22281', 'vaksin pmk booster', 1, 6, 0, 6, '2024-01-17 14:26:29', NULL, '2024-01-17 14:29:33', NULL),
(18, 18, '23203', 'vaksin pmk booster', 1, 6, 0, 6, '2024-01-17 14:26:57', NULL, '2024-01-17 14:30:29', NULL),
(19, 18, '23204', 'vaksin pmk booster', 1, 6, 0, 6, '2024-01-17 14:27:42', NULL, '2024-01-17 14:30:54', NULL),
(20, 18, '23206', 'vaksin pmk booster', 1, 6, 0, 6, '2024-01-17 14:27:57', NULL, '2024-01-17 14:31:10', NULL),
(21, 18, '22283', 'vaksin pmk booster', 1, 6, 0, 6, '2024-01-17 14:28:15', NULL, '2024-01-17 14:29:50', NULL),
(22, 19, '4473', 'Myasis', 1, 9, 0, 6, '2024-01-18 08:19:29', NULL, '2024-01-22 11:07:20', NULL),
(23, 24, '235243', 'Kurang nafsu makan , nafas agak cepat , ', 1, 6, 0, 8, '2024-01-20 09:19:45', NULL, '2024-02-13 09:27:58', NULL),
(24, 24, '235231', 'Kaki bengkak', 1, 6, 0, 8, '2024-01-21 14:08:40', NULL, '2024-02-13 09:27:16', NULL),
(25, 31, '235243', 'Peses sedikit mencret , kurang napsu mkan', 1, 6, 0, 8, '2024-01-21 14:19:52', NULL, '2024-02-13 09:28:09', NULL),
(26, 32, '027', 'Post partus', 1, 10, 0, 10, '2024-01-21 18:03:59', NULL, '2024-01-21 19:09:57', NULL),
(27, 32, '4488', 'H+3 Post partus', 1, 10, 0, 10, '2024-01-21 18:05:01', NULL, '2024-01-21 19:18:32', NULL),
(28, 32, '4651', 'H+3 post partus', 1, 10, 0, 10, '2024-01-21 18:05:43', 10, '2024-01-21 19:19:09', NULL),
(29, 33, '24201', 'Sehat', 1, 10, 0, 10, '2024-01-21 19:21:47', NULL, '2024-01-21 19:22:40', NULL),
(30, 37, '1709', 'Treatment', 1, 8, 0, 8, '2024-01-23 07:44:30', NULL, '2024-01-23 07:45:48', NULL),
(31, 37, '20210', 'Treatment', 1, 8, 0, 8, '2024-01-23 07:44:44', NULL, '2024-01-23 07:46:56', NULL),
(32, 37, '1738', 'Treatment', 1, 8, 0, 8, '2024-01-23 07:44:55', NULL, '2024-01-23 07:46:28', NULL),
(33, 37, '19239', 'Treatment', 1, 8, 0, 8, '2024-01-23 07:45:08', NULL, '2024-01-23 07:46:44', NULL),
(34, 40, '20217', 'Kurang nafsu makan ', 1, 6, 0, 10, '2024-01-23 08:54:47', NULL, '2024-02-13 09:21:06', NULL),
(35, 41, '23155', 'Kurus, kaki kanan depan bengkak, makan kurang', 1, 10, 0, 10, '2024-01-23 09:20:45', NULL, '2024-01-23 09:22:03', NULL),
(36, 41, '232026', 'Bengkak kaki kanan belakang', 1, 6, 0, 10, '2024-01-23 15:07:45', NULL, '2024-02-13 09:24:49', NULL),
(37, 48, '235243', 'Lemes', 1, 6, 0, 8, '2024-01-24 05:36:23', NULL, '2024-02-13 09:28:19', NULL),
(38, 49, '229515', 'Silent heat', 1, 10, 0, 6, '2024-01-24 15:35:38', NULL, '2024-01-24 21:45:58', NULL),
(39, 49, '22267', 'Cek kebuntingan', 1, 6, 0, 6, '2024-01-24 15:35:57', NULL, '2024-01-24 15:36:21', NULL),
(40, 50, '4651', 'Anoreksia pasca abortus', 1, 6, 0, 6, '2024-01-24 15:40:53', NULL, '2024-01-24 15:42:12', NULL),
(41, 51, '1628', 'Myasis', 1, 6, 0, 6, '2024-01-24 15:53:09', NULL, '2024-02-13 09:18:20', NULL),
(42, 52, '027', 'Post partus h+3 ', 1, 10, 0, 10, '2024-01-24 21:47:56', NULL, '2024-01-24 21:48:36', NULL),
(43, 54, '232633', 'Batuk dan mencret', 1, 6, 0, 6, '2024-01-25 08:44:50', NULL, '2024-01-25 08:52:25', NULL),
(44, 54, '235234', 'Mencret', 1, 6, 0, 6, '2024-01-25 08:45:06', NULL, '2024-02-13 09:27:38', NULL),
(45, 55, '235243', 'Kurus anoreksi', 1, 6, 0, 6, '2024-01-25 08:58:21', NULL, '2024-02-13 09:28:45', NULL),
(46, 57, '19231', 'Berahi', 1, 6, 0, 6, '2024-01-25 11:54:37', NULL, '2024-02-13 09:18:57', NULL),
(47, 20, '21217', 'Dehidrasi tidak mau makan', 1, 9, 0, 9, '2024-01-25 12:59:28', 9, '2024-01-25 13:01:29', NULL),
(48, 58, '235514', 'Bengkak kaki kanan belakang', 1, 6, 0, 9, '2024-01-25 13:15:42', NULL, '2024-02-13 09:28:56', NULL),
(49, 58, '236925', 'Bengkak kaki kiri depan', 1, 9, 0, 9, '2024-01-25 13:17:31', NULL, '2024-01-25 13:19:13', NULL),
(50, 59, '235236', 'Cacingan', 1, 10, 0, 10, '2024-01-26 03:51:20', NULL, '2024-01-26 03:52:27', NULL),
(51, 59, '231412', 'Cacingan', 1, 10, 0, 10, '2024-01-26 03:51:45', NULL, '2024-01-26 03:53:03', NULL),
(52, 58, '235101', 'Diare, lemes', 1, 9, 0, 9, '2024-01-26 13:28:18', NULL, '2024-01-26 13:29:49', NULL),
(53, 62, '232764', 'Sakit mata', 1, 9, 0, 9, '2024-01-26 14:39:29', NULL, '2024-01-26 14:40:18', NULL),
(54, 63, '237257', 'Kekurangan nutrisi/kurus', 1, 9, 0, 9, '2024-01-26 14:42:33', NULL, '2024-01-26 14:47:30', NULL),
(55, 63, '232635', 'Kekurangan nutrisi/kurus', 1, 9, 0, 9, '2024-01-26 14:43:15', NULL, '2024-01-26 14:45:54', NULL),
(56, 63, '236761', 'Kekurangan nutrisi/kurus', 1, 6, 0, 9, '2024-01-26 14:43:37', NULL, '2024-02-13 09:29:27', NULL),
(57, 63, '235245', 'Kekurangan nutrisi/kurus', 1, 9, 0, 9, '2024-01-26 14:44:00', NULL, '2024-01-26 14:46:40', NULL),
(58, 63, '23150', 'Kekurangan nutrisi/kurus', 1, 9, 0, 9, '2024-01-26 14:44:22', NULL, '2024-01-26 14:45:14', NULL),
(59, 72, '1709', 'Treatment gangref', 1, 8, 0, 8, '2024-01-27 14:21:10', NULL, '2024-01-27 14:23:17', NULL),
(60, 72, '20210', 'Treatment gangref', 1, 8, 0, 8, '2024-01-27 14:21:33', NULL, '2024-01-27 14:24:36', NULL),
(61, 72, '1739', 'Treatment gangref', 1, 6, 0, 8, '2024-01-27 14:21:51', NULL, '2024-02-13 09:18:47', NULL),
(62, 72, '20238', 'Treatment gangref', 1, 8, 0, 8, '2024-01-27 14:22:04', NULL, '2024-01-27 14:24:59', NULL),
(63, 72, '20239', 'Treatment gangref', 1, 8, 0, 8, '2024-01-27 14:22:15', NULL, '2024-01-27 14:25:22', NULL),
(64, 72, '21230', 'Treatment gangref', 1, 8, 0, 8, '2024-01-27 14:22:28', NULL, '2024-01-27 14:25:51', NULL),
(65, 72, '1738', 'Treatment gangref ', 1, 8, 0, 8, '2024-01-27 14:26:16', NULL, '2024-01-27 14:26:44', NULL),
(66, 74, '20217', 'Lemes, kurang nafsu makan', 1, 8, 0, 8, '2024-01-27 15:52:12', NULL, '2024-01-27 15:52:43', NULL),
(67, 75, '20217', 'Tidak nafsu makan, kurus', 1, 10, 0, 10, '2024-01-29 10:04:00', NULL, '2024-01-29 10:05:38', NULL),
(68, 75, '4651', 'Kurang nafsu makan', 1, 10, 0, 10, '2024-01-29 10:04:44', NULL, '2024-01-29 10:06:10', NULL),
(69, 76, '4770', 'Bengkak kaki belakang kiri paha ', 1, 6, 0, 6, '2024-01-29 10:50:02', NULL, '2024-02-13 09:23:16', NULL),
(70, 77, '23125', 'Tanduk copot', 1, 10, 0, 10, '2024-01-29 10:58:23', NULL, '2024-01-29 10:59:01', NULL),
(71, 78, '232026', 'Bengkak kaki belakang kanan', 1, 6, 0, 6, '2024-01-29 11:24:25', NULL, '2024-02-13 09:24:59', NULL),
(72, 80, '232961', 'Anoreksia ', 1, 10, 0, 6, '2024-01-29 13:07:20', NULL, '2024-01-29 14:48:33', NULL),
(73, 81, '21230', 'Pengobatan gangrep', 1, 10, 0, 10, '2024-01-29 14:50:03', 10, '2024-01-29 14:51:32', NULL),
(74, 58, '235243', 'Batuk, nafas berat', 1, 6, 0, 9, '2024-01-29 19:03:06', NULL, '2024-02-13 09:28:31', NULL),
(75, 58, '234512', 'Batuk, nafas berat', 1, 9, 0, 9, '2024-01-29 19:03:36', NULL, '2024-01-29 19:05:46', NULL),
(76, 82, '21208', 'Potong kuku', 1, 9, 0, 9, '2024-01-29 19:06:35', NULL, '2024-01-29 19:07:01', NULL),
(77, 62, '236743', 'Batuk, nafas berat', 1, 9, 0, 9, '2024-01-29 19:08:04', NULL, '2024-01-29 19:09:37', NULL),
(78, 62, '235106', 'Batuk, nafas berat', 1, 6, 0, 9, '2024-01-29 19:08:30', NULL, '2024-02-13 09:23:42', NULL),
(79, 62, '221322', 'Lemas', 1, 6, 0, 9, '2024-01-29 19:10:30', NULL, '2024-02-13 09:22:23', NULL),
(80, 62, '235231', 'Lemas, luka kaki kiri kanan', 1, 6, 0, 9, '2024-01-29 19:11:34', NULL, '2024-02-13 09:27:27', NULL),
(81, 62, '231826', 'Kurang nafsu makan', 1, 9, 0, 9, '2024-01-29 19:12:39', NULL, '2024-01-29 19:13:17', NULL),
(82, 83, '1628', 'Lemas, kurang nafsu makan luka kaki', 1, 6, 0, 9, '2024-01-29 19:29:45', NULL, '2024-02-13 09:18:32', NULL),
(83, 96, '234428', 'Abces os pin kanan', 1, 6, 0, 6, '2024-01-30 09:53:38', NULL, '2024-01-30 09:54:12', NULL),
(84, 97, '232026', 'Bengkak kaki kanan belakang', 0, NULL, 0, 10, '2024-01-30 11:29:31', NULL, '2024-01-30 11:30:31', 10),
(85, 97, '232026', 'Bengkak kaki kanan belakang', 1, 10, 0, 10, '2024-01-30 11:29:43', NULL, '2024-01-30 11:32:37', NULL),
(86, 98, '20217', 'Anoreksia, lemas', 1, 10, 0, 10, '2024-01-30 11:31:46', NULL, '2024-01-30 11:33:34', NULL),
(87, 102, '221322', 'Batuk  anoreksia', 1, 6, 0, 6, '2024-02-01 08:48:27', NULL, '2024-02-01 08:50:26', NULL),
(88, 102, '235231', 'Mencret anoreksi', 1, 6, 0, 6, '2024-02-01 08:49:22', NULL, '2024-02-01 08:49:59', NULL),
(89, 107, '237257', 'Kurahg nafsu makan \n', 1, 7, 0, 7, '2024-02-02 08:08:20', NULL, '2024-02-02 08:10:06', NULL),
(90, 110, '20217', 'Gangguan metabolisme, abses di kaki', 1, 7, 0, 7, '2024-02-02 08:18:14', 7, '2024-02-02 08:21:51', NULL),
(91, 114, '232026', 'Kaki kanan belakang bengkak', 1, 6, 0, 7, '2024-02-02 08:40:33', NULL, '2024-02-13 09:25:11', NULL),
(92, 117, '4470', 'Abses di kaki belakang kondisi setelah treatment hari rabu pembengkakan sudah membaik', 1, 6, 0, 7, '2024-02-02 08:53:29', 7, '2024-02-13 09:22:51', NULL),
(93, 119, '7992', 'Treatment gangref ', 1, 8, 0, 8, '2024-02-02 15:28:09', NULL, '2024-02-02 19:05:46', NULL),
(94, 119, '229518', 'Treatment gangref ', 1, 8, 0, 8, '2024-02-02 15:28:26', NULL, '2024-02-02 19:05:19', NULL),
(95, 119, '228814', 'Treatment gangref ', 1, 8, 0, 8, '2024-02-02 15:29:23', NULL, '2024-02-02 19:03:53', NULL),
(96, 119, '230577', 'Treatment gangref ', 1, 8, 0, 8, '2024-02-02 15:30:18', NULL, '2024-02-02 19:04:12', NULL),
(97, 119, '227496', 'Treatment gangref ', 1, 8, 0, 8, '2024-02-02 15:30:41', NULL, '2024-02-02 19:03:31', NULL),
(98, 119, '239582', 'Treatment gangref ', 1, 8, 0, 8, '2024-02-02 15:31:10', NULL, '2024-02-02 19:04:37', NULL),
(99, 120, '234084', 'Kembung', 1, 8, 0, 8, '2024-02-03 08:31:25', NULL, '2024-02-03 08:32:09', NULL),
(100, 121, '235793', 'Pneumoni', 1, 7, 0, 7, '2024-02-04 08:22:20', NULL, '2024-02-04 08:47:49', NULL),
(101, 121, '235106', 'Pneumoni', 1, 6, 0, 7, '2024-02-04 08:23:51', NULL, '2024-02-13 09:24:00', NULL),
(102, 121, '232633', 'Pneumoni ', 1, 7, 0, 7, '2024-02-04 08:24:09', NULL, '2024-02-04 08:48:38', NULL),
(103, 121, '221322', 'Pneumoni ', 1, 7, 0, 7, '2024-02-04 08:24:29', NULL, '2024-02-04 08:49:25', NULL),
(104, 123, '235104', 'Batuk batuk intens', 1, 6, 0, 7, '2024-02-04 08:41:29', 7, '2024-02-13 09:26:33', NULL),
(105, 123, '235063', 'Batuk ', 1, 6, 0, 7, '2024-02-04 08:42:45', NULL, '2024-02-13 09:26:06', NULL),
(106, 123, '237257', 'Nafsu makan jelek', 1, 7, 0, 7, '2024-02-04 08:52:25', NULL, '2024-02-04 08:53:20', NULL),
(107, 126, '20217', 'Gangguan metabolik ', 1, 7, 0, 7, '2024-02-04 09:06:54', NULL, '2024-02-04 09:07:52', NULL),
(108, 131, '230516', 'Luka di telinga dan tanduk', 1, 10, 0, 10, '2024-02-05 09:09:31', 10, '2024-02-05 09:10:24', NULL),
(109, 135, '235106', 'Batuk', 1, 6, 0, 7, '2024-02-06 08:10:29', NULL, '2024-02-13 09:24:10', NULL),
(110, 137, '235793', 'Batuk', 1, 7, 0, 7, '2024-02-06 08:23:49', NULL, '2024-02-06 08:24:44', NULL),
(111, 138, '215363', 'Kurang nafsu makan ', 1, 7, 0, 7, '2024-02-06 08:31:21', NULL, '2024-02-06 08:32:17', NULL),
(112, 140, '20217', 'Gangguan metabolik ', 1, 7, 0, 7, '2024-02-06 08:50:06', NULL, '2024-02-06 08:51:05', NULL),
(113, 141, '229429', 'Birahi', 1, 6, 0, 10, '2024-02-06 09:48:29', NULL, '2024-02-13 09:24:35', NULL),
(114, 142, '232026', 'Bengkak kaki belakang kanan', 1, 10, 0, 10, '2024-02-06 10:33:23', NULL, '2024-02-06 10:35:16', NULL),
(115, 143, '4773', 'Kaki depan bengkak abses', 1, 7, 0, 7, '2024-02-06 14:07:00', NULL, '2024-02-06 14:08:05', NULL),
(116, 142, '235122', 'Anorexia', 1, 6, 0, 10, '2024-02-06 14:43:26', NULL, '2024-02-13 09:26:53', NULL),
(117, 142, '233981', 'Anorexia', 1, 10, 0, 10, '2024-02-06 14:44:21', 10, '2024-02-06 14:48:38', NULL),
(118, 144, '4651', 'Kurang nafsu makan, bulu kusam', 1, 10, 0, 10, '2024-02-06 15:18:16', NULL, '2024-02-06 15:19:02', NULL),
(119, 164, '20217', 'Lemes tidak bisa berdiri , kurang nafsu makan , ', 1, 6, 0, 8, '2024-02-12 08:49:47', NULL, '2024-02-13 09:21:35', NULL),
(120, 165, '4771', 'Bengkak di pinggul kanan ', 1, 6, 0, 10, '2024-02-12 09:20:39', NULL, '2024-02-13 09:23:02', NULL),
(121, 165, '4473', 'Luka di ekor', 1, 10, 0, 10, '2024-02-12 09:22:24', NULL, '2024-02-12 09:23:05', NULL),
(122, 166, '4651', 'Anorexia', 1, 10, 0, 10, '2024-02-12 10:29:12', NULL, '2024-02-12 10:29:56', NULL),
(123, 168, '235106', 'Batuk namun makan masih mau', 1, 6, 0, 6, '2024-02-12 11:53:32', NULL, '2024-02-13 09:24:23', NULL),
(124, 168, '232026', 'Pincang treatment lanjutan..saat ini kaki belakang sdh menapak', 1, 6, 0, 6, '2024-02-12 11:53:57', NULL, '2024-02-13 09:25:25', NULL),
(125, 168, '236982', 'Rutin vitamin', 1, 6, 0, 6, '2024-02-12 12:11:10', NULL, '2024-02-13 09:29:46', NULL),
(126, 168, '237257', 'Rutin vitamib', 1, 6, 0, 6, '2024-02-12 12:12:03', NULL, '2024-02-13 09:30:06', NULL),
(127, 168, '235629', 'Rutin vitamin', 1, 6, 0, 6, '2024-02-12 12:12:21', NULL, '2024-02-13 09:29:16', NULL),
(128, 168, '235514', 'Rutin vitamib', 1, 6, 0, 6, '2024-02-12 12:12:36', NULL, '2024-02-13 09:29:06', NULL),
(129, 168, '234870', 'Rutin vitamin', 1, 6, 0, 6, '2024-02-12 12:12:48', NULL, '2024-02-13 09:25:54', NULL),
(130, 168, '237146', 'Rutin vitamin', 1, 6, 0, 6, '2024-02-12 12:13:01', NULL, '2024-02-13 09:29:55', NULL),
(131, 168, '233990', 'Rutin vitamin', 1, 6, 0, 6, '2024-02-12 12:13:19', NULL, '2024-02-13 09:25:41', NULL),
(132, 168, '235063', 'Rutin vitamin', 1, 6, 0, 6, '2024-02-12 12:13:40', NULL, '2024-02-13 09:26:20', NULL),
(133, 168, '235104', 'Rutin vitamin', 1, 6, 0, 6, '2024-02-12 12:13:57', NULL, '2024-02-13 09:26:42', NULL),
(134, 168, 'Bc 477185', 'Rutin vitamin', 1, 6, 0, 6, '2024-02-12 12:15:03', NULL, '2024-02-12 12:38:06', NULL),
(135, 168, '235122', 'Rutin vitamin dan muka bengkak bagian occipital', 1, 6, 0, 6, '2024-02-12 12:16:01', NULL, '2024-02-13 09:27:02', NULL),
(136, 168, '236847', 'Rutin vitamin', 1, 6, 0, 6, '2024-02-12 12:16:15', NULL, '2024-02-13 09:29:37', NULL),
(137, 169, '234833', 'Rutin obat ccg', 1, 6, 0, 6, '2024-02-12 12:33:55', NULL, '2024-02-12 12:43:25', NULL),
(138, 169, '232530', 'Rutin obt ccg', 1, 6, 0, 6, '2024-02-12 12:34:10', NULL, '2024-02-12 12:43:05', NULL),
(139, 169, 'Tn hijau ', 'Rutin obt ccg', 1, 6, 0, 6, '2024-02-12 12:34:43', NULL, '2024-02-12 12:37:40', NULL),
(140, 169, '236822', 'Rutin obt ccg', 1, 6, 0, 6, '2024-02-12 12:34:54', NULL, '2024-02-12 12:42:22', NULL),
(141, 169, '236772', 'Rutin pbt ccg', 1, 6, 0, 6, '2024-02-12 12:35:05', NULL, '2024-02-12 12:42:04', NULL),
(142, 169, '236229', 'Rutib obt ccg', 1, 6, 0, 6, '2024-02-12 12:35:16', NULL, '2024-02-12 12:42:38', NULL),
(143, 169, '221322', 'Rutin obt ccg', 1, 6, 0, 6, '2024-02-12 12:35:30', NULL, '2024-02-12 12:41:19', NULL),
(144, 169, '232633', 'Rutin obt ccg', 1, 6, 0, 6, '2024-02-12 12:35:44', NULL, '2024-02-12 12:41:00', NULL),
(145, 169, '235234', 'Rutin obt ccg', 1, 6, 0, 6, '2024-02-12 12:35:56', NULL, '2024-02-12 12:41:41', NULL),
(146, 169, '235226', 'Rutij obt ccg', 1, 6, 0, 6, '2024-02-12 12:36:06', NULL, '2024-02-12 12:38:32', NULL),
(147, 169, '234983', 'Rutin obt ccg', 1, 6, 0, 6, '2024-02-12 12:36:18', NULL, '2024-02-12 12:38:52', NULL),
(148, 169, '234377', 'Rutin obt ccg', 1, 6, 0, 6, '2024-02-12 12:36:28', NULL, '2024-02-12 12:39:12', NULL),
(149, 169, '233114', 'Rutin obt ccg', 1, 6, 0, 6, '2024-02-12 12:36:39', NULL, '2024-02-12 12:39:28', NULL),
(150, 169, '236761', 'Rutin obt ccg', 1, 6, 0, 6, '2024-02-12 12:36:56', NULL, '2024-02-12 12:40:32', NULL),
(151, 169, '235497', 'Rutin obt ccg', 1, 6, 0, 6, '2024-02-12 12:37:09', NULL, '2024-02-12 12:39:59', NULL),
(152, 172, '4771', 'ekor terlepas', 1, 7, 0, 7, '2024-02-13 09:34:13', NULL, '2024-02-13 09:34:40', NULL),
(153, 173, '234867', 'Feses bercak darah', 1, 10, 0, 10, '2024-02-13 09:49:25', NULL, '2024-02-13 09:50:03', NULL),
(154, 173, '23252', 'Abces paha kanan belakang', 1, 6, 0, 6, '2024-02-13 11:04:31', NULL, '2024-02-13 11:05:50', NULL),
(155, 174, '237063', 'Radang mata kanan dan anoreksia', 1, 10, 0, 6, '2024-02-13 11:37:04', NULL, '2024-02-13 13:30:43', NULL),
(156, 174, '232635', 'Radang mata kanan dan terlihat lesu', 1, 10, 0, 6, '2024-02-13 11:37:47', NULL, '2024-02-13 13:32:21', NULL),
(157, 175, '229768', 'Lesu anoreksia', 1, 10, 0, 6, '2024-02-13 11:53:09', NULL, '2024-02-13 19:52:55', NULL),
(158, 175, '22281', 'Abces os mandibula kiri', 1, 10, 0, 6, '2024-02-13 11:53:32', NULL, '2024-02-13 19:51:52', NULL),
(159, 169, '232633', 'mencret', 1, 6, 0, 6, '2024-02-13 14:39:49', NULL, '2024-02-14 16:31:23', NULL),
(160, 169, '221322', 'batuk', 1, 6, 0, 6, '2024-02-13 14:40:03', NULL, '2024-02-14 16:31:08', NULL),
(161, 172, '4473', 'ekor terlepas', 1, 7, 0, 7, '2024-02-13 14:43:06', NULL, '2024-02-13 14:43:27', NULL),
(162, 176, '229226', 'Treatment', 1, 8, 0, 8, '2024-02-14 05:14:05', NULL, '2024-02-14 05:15:10', NULL),
(163, 176, '229402', 'Treatment', 1, 8, 0, 8, '2024-02-14 05:14:31', NULL, '2024-02-14 05:15:25', NULL),
(164, 176, '229450', 'Treatment ', 1, 8, 0, 8, '2024-02-14 05:14:49', NULL, '2024-02-14 05:15:40', NULL),
(165, 177, '4651', 'Cacingan', 1, 7, 0, 7, '2024-02-14 12:57:33', NULL, '2024-02-14 12:58:33', NULL),
(166, 178, '1626', 'Kurang nafsu makan', 1, 10, 0, 10, '2024-02-14 14:12:24', NULL, '2024-02-14 14:14:16', NULL),
(167, 189, '4651', 'Anoreksi', 1, 6, 0, 6, '2024-02-15 14:29:21', NULL, '2024-02-15 14:29:46', NULL),
(168, 190, '20243', 'Kaki depan kanan diangkat', 1, 6, 0, 6, '2024-02-15 14:31:09', NULL, '2024-02-15 14:31:50', NULL),
(169, 191, '235247', 'Abces bagian samping perutkiri', 1, 6, 0, 6, '2024-02-16 09:58:56', NULL, '2024-02-16 09:59:44', NULL),
(170, 193, '235243', 'Mencret feses like bubur', 1, 6, 0, 6, '2024-02-16 10:15:16', NULL, '2024-02-16 10:18:04', NULL),
(171, 193, '235226', 'Mencret like bubur', 1, 6, 0, 6, '2024-02-16 10:21:37', NULL, '2024-02-16 10:23:25', NULL),
(172, 193, '221322', 'Suara paru abnormal- kurus- makan baik', 1, 6, 0, 6, '2024-02-16 10:46:38', NULL, '2024-02-16 10:47:35', NULL),
(173, 193, '232633', 'Batuk intesn- makan bagus- kurus', 1, 6, 0, 6, '2024-02-16 10:46:57', NULL, '2024-02-16 10:48:46', NULL),
(174, 194, '232107', 'Sakit mata kiri berair', 1, 6, 0, 6, '2024-02-16 11:33:33', NULL, '2024-02-16 11:34:06', NULL),
(175, 194, '233395', 'Sakit.mata berair', 1, 6, 0, 6, '2024-02-16 11:34:46', NULL, '2024-02-16 11:35:05', NULL),
(176, 196, '4488', 'ada nodul berisi cairan , ternak tsb pernah lsd dan sdh sembuh ', 1, 6, 0, 6, '2024-02-16 15:27:30', NULL, '2024-02-16 15:27:49', NULL),
(177, 200, '4651', 'Kurang nafsu makan', 1, 6, 0, 10, '2024-02-17 02:22:16', NULL, '2024-02-17 13:41:11', NULL),
(178, 204, '236780', 'Pencegahan penyakiy', 1, 10, 0, 10, '2024-02-17 02:30:03', NULL, '2024-02-17 02:55:39', NULL),
(179, 204, '232961', 'Pencegahan penyakit', 1, 10, 0, 10, '2024-02-17 02:30:27', NULL, '2024-02-17 02:49:01', NULL),
(180, 204, '234428', 'Pencegahan penyakit', 1, 10, 0, 10, '2024-02-17 02:30:47', NULL, '2024-02-17 02:51:07', NULL),
(181, 204, '232614', 'Pencegahan penyakit', 1, 10, 0, 10, '2024-02-17 02:31:16', NULL, '2024-02-17 02:48:20', NULL),
(182, 204, '231415', 'Pencegahan penyakit', 1, 10, 0, 10, '2024-02-17 02:35:02', NULL, '2024-02-17 02:47:15', NULL),
(183, 204, '233030', 'Pencegahan penyakit', 1, 10, 0, 10, '2024-02-17 02:35:35', NULL, '2024-02-17 02:49:21', NULL),
(184, 204, '233395', 'Pencegahan penyakit', 1, 10, 0, 10, '2024-02-17 02:35:54', NULL, '2024-02-17 02:50:14', NULL),
(185, 204, '236910', 'Pencegahan penyakit', 1, 10, 0, 10, '2024-02-17 02:36:20', NULL, '2024-02-17 02:55:58', NULL),
(186, 204, '232107', 'Pencegahan penyakit', 1, 10, 0, 10, '2024-02-17 02:36:38', NULL, '2024-02-17 02:47:43', NULL),
(187, 204, '213563', 'Pencegahan penyakit', 1, 10, 0, 10, '2024-02-17 02:36:59', NULL, '2024-02-17 02:46:54', NULL),
(188, 204, '234524', 'Pencegahan penyakit', 1, 10, 0, 10, '2024-02-17 02:37:29', NULL, '2024-02-17 02:51:23', NULL),
(189, 204, '233928', 'Pencegahan penyakit', 1, 10, 0, 10, '2024-02-17 02:37:50', NULL, '2024-02-17 02:50:31', NULL),
(190, 204, '232529', 'Pencegahan penyakit', 1, 10, 0, 10, '2024-02-17 02:38:10', NULL, '2024-02-17 02:48:01', NULL),
(191, 204, '234084', 'Pencegahan penyakit', 1, 10, 0, 10, '2024-02-17 02:38:54', NULL, '2024-02-17 02:50:48', NULL),
(192, 204, '233075', 'Pencegahan penyakit', 1, 10, 0, 10, '2024-02-17 02:39:16', NULL, '2024-02-17 02:49:57', NULL),
(193, 204, '236658', 'Pencegahan penyakit', 1, 10, 0, 10, '2024-02-17 02:39:42', NULL, '2024-02-17 02:54:40', NULL),
(194, 204, '233068', 'Pencegahan penyakit', 1, 10, 0, 10, '2024-02-17 02:40:05', NULL, '2024-02-17 02:49:38', NULL),
(195, 204, '235111', 'Pencegahan penyakit', 1, 10, 0, 10, '2024-02-17 02:40:53', NULL, '2024-02-17 02:51:57', NULL),
(196, 204, '235661', 'Pencegahan penyakit', 1, 10, 0, 10, '2024-02-17 02:41:17', 10, '2024-02-17 02:53:46', NULL),
(197, 204, '237063', 'Pencegahan penyakit', 1, 10, 0, 10, '2024-02-17 02:41:37', NULL, '2024-02-17 02:56:16', NULL),
(198, 204, '232635', 'Pencegahan penyakit', 1, 10, 0, 10, '2024-02-17 02:42:25', NULL, '2024-02-17 02:48:43', NULL),
(199, 204, '236743', 'Pencegahan penyakit', 1, 10, 0, 10, '2024-02-17 02:42:50', NULL, '2024-02-17 02:55:02', NULL),
(200, 204, '235737', 'Pencegahan penyakit', 1, 10, 0, 10, '2024-02-17 02:43:10', NULL, '2024-02-17 02:54:04', NULL),
(201, 204, '235240', 'Pencegahan penyakit', 1, 10, 0, 10, '2024-02-17 02:43:30', NULL, '2024-02-17 02:52:19', NULL),
(202, 204, '235043', 'Pencegahan penyakit', 1, 10, 0, 10, '2024-02-17 02:44:05', NULL, '2024-02-17 02:51:40', NULL),
(203, 204, '235245', 'Pencegahan penyakit', 1, 10, 0, 10, '2024-02-17 02:44:40', NULL, '2024-02-17 02:52:39', NULL),
(204, 204, '235478', 'Pencegahan penyakit', 1, 10, 0, 10, '2024-02-17 02:45:00', NULL, '2024-02-17 02:52:59', NULL),
(205, 204, '235740', 'Pencegahan penyakit', 1, 10, 0, 10, '2024-02-17 02:45:27', NULL, '2024-02-17 02:54:22', NULL),
(206, 204, '236748', 'Pencegahan penyakit', 1, 10, 0, 10, '2024-02-17 02:45:54', NULL, '2024-02-17 02:55:20', NULL),
(207, 205, '23258', 'Pencegahan penyakit', 1, 10, 0, 10, '2024-02-17 02:58:02', NULL, '2024-02-17 03:03:11', NULL),
(208, 205, '24201', 'Pencegahan penyakit', 1, 10, 0, 10, '2024-02-17 02:58:19', NULL, '2024-02-17 03:07:33', NULL),
(209, 205, '237257', 'Pencegahan penyakit', 1, 10, 0, 10, '2024-02-17 02:58:36', NULL, '2024-02-17 03:07:11', NULL),
(210, 205, '235122', 'Pencegahan penyakit', 1, 10, 0, 10, '2024-02-17 02:58:54', NULL, '2024-02-17 03:05:10', NULL),
(211, 205, '235106', 'Pencegahan penyakit', 1, 10, 0, 10, '2024-02-17 02:59:11', NULL, '2024-02-17 03:04:51', NULL),
(212, 205, '234870', 'Pencegahan penyakit', 1, 10, 0, 10, '2024-02-17 02:59:26', NULL, '2024-02-17 03:03:48', NULL),
(213, 205, '236982', 'Pencegahan penyakit', 1, 10, 0, 10, '2024-02-17 02:59:44', NULL, '2024-02-17 03:06:12', NULL),
(214, 205, '236847', 'Pencegahan penyakit', 1, 10, 0, 10, '2024-02-17 03:00:00', NULL, '2024-02-17 03:05:48', NULL),
(215, 205, '232026', 'Pencegahan penyakit', 1, 10, 0, 10, '2024-02-17 03:00:15', NULL, '2024-02-17 03:02:53', NULL),
(216, 205, '235064', 'Pencegahan penyakit', 1, 10, 0, 10, '2024-02-17 03:00:32', NULL, '2024-02-17 03:04:08', NULL),
(217, 205, '233990', 'Pencegahan penyakit', 1, 10, 0, 10, '2024-02-17 03:00:46', NULL, '2024-02-17 03:03:30', NULL),
(218, 205, '235514', 'Pencegahan penyakit', 1, 10, 0, 10, '2024-02-17 03:01:04', NULL, '2024-02-17 03:05:30', NULL),
(219, 205, '237146', 'Pencegahan penyakit', 1, 10, 0, 10, '2024-02-17 03:01:22', NULL, '2024-02-17 03:06:52', NULL),
(220, 205, '237081', 'Pencegahan penyakit', 1, 10, 0, 10, '2024-02-17 03:01:37', NULL, '2024-02-17 03:06:31', NULL),
(221, 205, '235104', 'Pencegahan penyakit', 1, 10, 0, 10, '2024-02-17 03:01:56', NULL, '2024-02-17 03:04:32', NULL),
(222, 205, '335629', 'Pencegahan penyakit', 1, 10, 0, 10, '2024-02-17 03:02:16', NULL, '2024-02-17 03:07:57', NULL),
(223, 207, '4651', 'Kurang nafsu makan ', 1, 6, 0, 8, '2024-02-17 10:22:25', NULL, '2024-02-17 12:39:18', NULL),
(224, 213, '235106', 'Pencegahan penyakit', 1, 6, 0, 10, '2024-02-17 15:54:26', NULL, '2024-02-26 12:28:48', NULL),
(225, 214, '221322', 'Nafas kotor (stetoskop), kurus , benjolan di scapula kanan', 1, 8, 0, 8, '2024-02-17 21:41:54', NULL, '2024-02-17 21:45:10', NULL),
(226, 214, '232633', 'Mencret , batuk intens ', 1, 8, 0, 8, '2024-02-17 21:42:33', NULL, '2024-02-17 21:45:52', NULL),
(227, 214, '235234', 'Mencret bubur', 1, 8, 0, 8, '2024-02-17 21:43:19', NULL, '2024-02-17 21:47:33', NULL),
(228, 214, '235226', 'Mencret bubur', 1, 8, 0, 8, '2024-02-17 21:43:40', NULL, '2024-02-17 21:47:11', NULL),
(229, 214, '235497', 'Treatment', 1, 8, 0, 8, '2024-02-17 21:48:28', NULL, '2024-02-17 21:53:54', NULL),
(230, 214, '233114', 'Treatment', 1, 8, 0, 8, '2024-02-17 21:48:43', NULL, '2024-02-17 21:52:17', NULL),
(231, 214, '236761', 'Treatment ', 1, 8, 0, 8, '2024-02-17 21:48:58', NULL, '2024-02-17 21:54:26', NULL),
(232, 214, '234377', 'Treatment ', 1, 8, 0, 8, '2024-02-17 21:49:19', NULL, '2024-02-17 21:52:43', NULL),
(233, 214, '234983', 'Treatment ', 1, 8, 0, 8, '2024-02-17 21:49:37', NULL, '2024-02-17 21:53:22', NULL),
(234, 214, '236772', 'Treatment ', 1, 8, 0, 8, '2024-02-17 21:49:56', NULL, '2024-02-17 21:54:41', NULL),
(235, 214, '236822', 'Treatment ', 1, 8, 0, 8, '2024-02-17 21:50:07', NULL, '2024-02-17 21:56:20', NULL),
(236, 214, '236822', 'Treatment ', 1, 8, 0, 8, '2024-02-17 21:50:11', NULL, '2024-02-17 21:55:25', NULL),
(237, 214, '236229', 'Treatment ', 1, 8, 0, 8, '2024-02-17 21:50:25', NULL, '2024-02-17 21:54:08', NULL),
(238, 214, '236954', 'Treatment ', 1, 8, 0, 8, '2024-02-17 21:50:47', NULL, '2024-02-17 21:56:00', NULL),
(239, 214, '234833', 'Treatment ', 1, 8, 0, 8, '2024-02-17 21:51:03', NULL, '2024-02-17 21:53:05', NULL),
(240, 214, '232530', 'Treatment ', 1, 8, 0, 8, '2024-02-17 21:51:14', NULL, '2024-02-17 21:51:48', NULL),
(241, 217, '4488', 'Spool mb', 1, 9, 0, 9, '2024-02-19 06:04:38', NULL, '2024-02-19 06:09:38', NULL),
(242, 217, '19232', 'Mastitis depan kiri, belakang kanan', 1, 9, 0, 9, '2024-02-19 06:05:22', NULL, '2024-02-19 06:07:48', NULL),
(243, 217, '19245', 'Mastitis, puting semua', 1, 9, 0, 9, '2024-02-19 06:05:53', NULL, '2024-02-19 06:08:32', NULL),
(244, 228, '027', 'Pp 60 hari', 1, 10, 0, 10, '2024-02-20 09:17:17', NULL, '2024-02-20 09:18:11', NULL),
(245, 229, '233068', 'Bengkak mata', 1, 10, 0, 10, '2024-02-20 11:52:19', NULL, '2024-02-20 11:53:32', NULL),
(246, 232, '232107', 'Mata kiri bengkak', 1, 6, 0, 6, '2024-02-20 14:25:45', NULL, '2024-02-20 14:26:30', NULL),
(247, 232, '232635', 'Lesu mata sayu', 1, 6, 0, 6, '2024-02-20 14:26:00', 6, '2024-02-20 14:27:34', NULL),
(248, 233, '4771', 'Bengkak paha belakang kanan ', 1, 6, 0, 7, '2024-02-20 14:31:48', NULL, '2024-02-26 12:27:37', NULL),
(249, 233, '20244', 'Endometritis', 1, 6, 0, 7, '2024-02-20 14:32:36', NULL, '2024-02-21 13:17:23', NULL),
(250, 235, '4651', 'Tidak mau makan ', 1, 6, 0, 7, '2024-02-20 14:34:26', NULL, '2024-02-26 12:27:14', NULL),
(251, 239, '232107', 'Sakit mata sebelah kiri', 1, 6, 0, 7, '2024-02-20 14:47:43', NULL, '2024-02-26 12:28:14', NULL),
(252, 240, '235106', 'Nafas berat batuk', 1, 6, 0, 7, '2024-02-20 14:50:11', NULL, '2024-02-26 12:28:34', NULL),
(253, 240, '236982', 'Nafas berat', 1, 6, 0, 7, '2024-02-20 14:51:03', NULL, '2024-02-26 12:29:06', NULL),
(254, 246, 'Yosi', 'Bengkak kaki depan kanan', 1, 6, 0, 6, '2024-02-21 13:21:04', NULL, '2024-02-21 13:21:55', NULL),
(255, 247, '20202', 'Kurang nafsu makan, bengkak kaki kiri depan', 1, 10, 0, 10, '2024-02-21 13:52:59', NULL, '2024-02-21 13:53:40', NULL),
(256, 248, '22265', 'Birahi siklus normal', 1, 10, 0, 10, '2024-02-21 14:21:50', NULL, '2024-02-21 14:22:35', NULL),
(257, 249, '20244', 'Treatment gangref', 1, 8, 0, 8, '2024-02-21 21:32:12', NULL, '2024-02-21 21:33:08', NULL),
(258, 253, '236937', 'Mata berair ', 1, 6, 0, 6, '2024-02-22 10:07:57', NULL, '2024-02-22 10:08:32', NULL),
(259, 254, '233068', 'Mata kiri bengkak', 1, 6, 0, 6, '2024-02-22 10:12:36', NULL, '2024-02-22 10:13:07', NULL),
(260, 255, '7971', 'Treatmen gangrep', 1, 10, 0, 10, '2024-02-23 04:08:04', NULL, '2024-02-23 04:09:15', NULL),
(261, 255, '7991', 'Treatmen gangrep', 1, 10, 0, 10, '2024-02-23 04:08:21', NULL, '2024-02-23 04:09:51', NULL),
(262, 256, '232614', 'Pengambilan sampel darah', 1, 10, 0, 10, '2024-02-23 04:11:54', NULL, '2024-02-23 04:12:34', NULL),
(263, 259, '21279', 'H-2 partus', 1, 10, 0, 10, '2024-02-24 04:57:24', NULL, '2024-02-24 04:59:39', NULL),
(264, 259, '4773', 'Abortus', 1, 10, 0, 10, '2024-02-24 04:58:07', NULL, '2024-02-24 06:32:14', NULL),
(265, 270, '221322', 'Batuk', 1, 6, 0, 8, '2024-02-26 08:38:10', NULL, '2024-02-26 12:27:57', NULL),
(266, 271, '4773', 'Plasenta belum keluar', 1, 10, 0, 10, '2024-02-26 08:59:17', 10, '2024-02-26 09:01:17', NULL),
(267, 271, '21280', 'Pp h+1', 1, 10, 0, 10, '2024-02-26 09:00:29', NULL, '2024-02-26 09:03:36', NULL),
(268, 272, '231290', 'Ovarium tipis lakukan treatmen reproduksk', 1, 6, 0, 6, '2024-02-26 12:23:13', NULL, '2024-02-26 12:23:35', NULL),
(269, 272, '230543', 'Ovarium kanan tipis lakukan treatment reproduksi', 1, 6, 0, 6, '2024-02-26 12:24:17', NULL, '2024-02-26 12:24:41', NULL),
(270, 272, '7987', 'Ovarium tipis lakukan injk reproduksi', 1, 6, 0, 6, '2024-02-26 12:25:27', NULL, '2024-02-26 12:26:56', NULL),
(271, 272, '22277', 'Ovarium kanab tipis treatment reproduksi', 1, 6, 0, 6, '2024-02-26 12:26:18', NULL, '2024-02-26 12:26:35', NULL),
(272, 273, '24201', 'Mencret', 1, 6, 0, 6, '2024-02-26 13:00:33', NULL, '2024-02-26 13:00:55', NULL),
(273, 274, '21279', 'Partus anak jengkel betina', 1, 6, 0, 6, '2024-02-27 13:19:28', NULL, '2024-02-27 13:20:53', NULL),
(274, 286, '4476', 'Kaki depan kanan pincang - kuku melengkung', 1, 6, 0, 6, '2024-02-28 13:46:56', NULL, '2024-02-29 15:26:49', NULL),
(275, 287, '221322', 'Sempoyongan', 1, 6, 0, 6, '2024-02-28 15:04:32', NULL, '2024-02-28 15:05:13', NULL),
(276, 294, 'Arny', 'Mencret', 1, 6, 0, 6, '2024-02-29 15:25:50', NULL, '2024-02-29 15:26:32', NULL),
(277, 295, '4771', 'Abortus', 1, 9, 0, 9, '2024-02-29 16:42:40', NULL, '2024-02-29 16:44:09', NULL),
(278, 296, 'Arny', 'Diare', 1, 10, 0, 10, '2024-02-29 22:25:33', NULL, '2024-02-29 22:26:24', NULL),
(279, 301, '21252', 'Partus,, anak jantan', 1, 6, 0, 8, '2024-03-02 14:46:45', NULL, '2024-03-08 08:38:39', NULL),
(280, 304, '232764', 'Batuj', 1, 8, 0, 8, '2024-03-04 08:31:38', NULL, '2024-03-04 08:32:21', NULL),
(281, 310, '21252', 'Treatment ', 1, 8, 0, 8, '2024-03-05 14:06:32', NULL, '2024-03-05 14:07:35', NULL),
(282, 311, '236847', 'Batuk', 1, 8, 0, 8, '2024-03-05 14:09:24', NULL, '2024-03-05 14:13:05', NULL),
(283, 311, '235122', 'Batuk', 1, 8, 0, 8, '2024-03-05 14:09:37', NULL, '2024-03-05 14:12:20', NULL),
(284, 311, '233063', 'Batuk', 1, 8, 0, 8, '2024-03-05 14:09:49', NULL, '2024-03-05 14:11:25', NULL),
(285, 311, '235106', 'Batuk', 1, 8, 0, 8, '2024-03-05 14:10:03', NULL, '2024-03-05 14:11:56', NULL),
(286, 312, '221322', 'Lemas , sempoyongan,batuk ,', 1, 8, 0, 8, '2024-03-05 14:14:49', 8, '2024-03-05 14:15:51', NULL),
(287, 314, '235226', 'Diare', 1, 10, 0, 10, '2024-03-06 11:20:32', NULL, '2024-03-06 11:21:59', NULL),
(288, 314, '221322', 'Batuk, dehidrasi, lemas', 1, 10, 0, 10, '2024-03-06 11:21:13', NULL, '2024-03-06 11:35:24', NULL),
(289, 317, '235106', 'Nafas pendek cepat ', 1, 6, 0, 6, '2024-03-07 14:55:52', NULL, '2024-03-08 08:39:53', NULL),
(290, 318, '235226', 'Batuk', 1, 6, 0, 6, '2024-03-08 08:37:24', NULL, '2024-03-08 08:40:23', NULL),
(291, 318, '221322', 'Batuk nkt 2 lemah makan konsetrat bagus harus dberdirikan', 1, 6, 0, 6, '2024-03-08 08:37:49', NULL, '2024-03-08 08:39:19', NULL),
(292, 320, '236847', 'Dehidrasi', 1, 9, 0, 9, '2024-03-08 10:09:37', NULL, '2024-03-08 10:10:59', NULL),
(293, 321, '234455', 'Kurang nafsu makan', 1, 9, 0, 9, '2024-03-08 13:33:16', NULL, '2024-03-08 13:34:45', NULL),
(294, 321, '231826', 'Kurang nafsu makan', 1, 9, 0, 9, '2024-03-08 13:33:39', NULL, '2024-03-08 13:36:02', NULL),
(295, 322, '235478', 'Kaki belakang bengkak', 1, 9, 0, 9, '2024-03-08 13:56:39', 9, '2024-03-08 13:59:18', NULL),
(296, 329, '235228', 'Batuk ', 1, 6, 0, 8, '2024-03-09 15:52:17', NULL, '2024-03-15 10:34:58', NULL),
(297, 329, '236847', 'Batuk', 1, 8, 0, 8, '2024-03-09 15:52:39', NULL, '2024-03-11 08:17:54', NULL),
(298, 329, '235106', 'Batuk intens', 1, 8, 0, 8, '2024-03-09 15:52:57', NULL, '2024-03-11 08:17:29', NULL),
(299, 330, '4771', 'Anorex, defisiensi calcium', 1, 9, 0, 9, '2024-03-10 02:18:05', NULL, '2024-03-10 02:19:52', NULL),
(300, 334, '027', 'Cek reproduksi ova ber fl uterus servix ++ lendir tidak ada', 1, 6, 0, 10, '2024-03-11 09:32:19', NULL, '2024-03-15 10:33:35', NULL),
(301, 334, '1626', 'Cek reproduksi ova kanan fl badan ova ada yg keras servix uterus normal', 1, 6, 0, 10, '2024-03-11 09:33:07', NULL, '2024-03-15 10:34:40', NULL),
(302, 335, '250123', 'Luka tanduk', 1, 10, 0, 10, '2024-03-11 09:41:23', NULL, '2024-03-11 09:44:30', NULL),
(303, 335, '200823', 'Luka tanduk', 1, 10, 0, 10, '2024-03-11 09:41:42', NULL, '2024-03-11 09:42:30', NULL),
(304, 339, '21279', 'Discarge', 1, 9, 0, 9, '2024-03-12 16:48:09', NULL, '2024-03-12 16:48:59', NULL),
(305, 340, '229518', 'Endometritis', 1, 10, 0, 10, '2024-03-12 18:08:34', NULL, '2024-03-12 18:43:33', NULL),
(306, 341, '230543', 'Gangrep', 1, 10, 0, 10, '2024-03-12 18:09:31', NULL, '2024-03-12 18:44:04', NULL),
(307, 342, '235106', 'Batuk', 1, 10, 0, 10, '2024-03-13 07:52:41', NULL, '2024-03-13 07:58:10', NULL),
(308, 342, '236947', 'Batuk', 1, 10, 0, 10, '2024-03-13 07:55:25', NULL, '2024-03-13 07:57:01', NULL),
(309, 342, '235737', 'Abses di kaki', 1, 10, 0, 10, '2024-03-13 14:09:47', NULL, '2024-03-13 14:10:30', NULL),
(310, 350, '24201', 'Mencret berlendir', 1, 6, 0, 6, '2024-03-14 08:04:17', NULL, '2024-03-14 08:04:54', NULL),
(311, 351, '200823', 'Tanduk busuk bernanah', 1, 6, 0, 6, '2024-03-15 10:32:43', NULL, '2024-03-15 10:34:20', NULL),
(312, 351, '080823', 'Tanduk berdarah', 1, 6, 0, 6, '2024-03-15 10:33:15', NULL, '2024-03-15 10:33:59', NULL),
(313, 362, '4771', 'Abses', 1, 10, 0, 10, '2024-03-18 11:01:53', NULL, '2024-03-18 11:04:09', NULL),
(314, 362, '230516', 'Diare', 1, 10, 0, 10, '2024-03-18 11:02:26', NULL, '2024-03-18 11:04:29', NULL),
(315, 365, '24203', 'Diare', 1, 10, 0, 10, '2024-03-19 08:25:47', NULL, '2024-03-19 08:26:32', NULL),
(316, 365, '235737', 'Bengkak kaki belakang', 1, 10, 0, 10, '2024-03-19 13:42:44', NULL, '2024-03-19 13:43:40', NULL),
(317, 366, '200823', 'Kurang nafsu makan', 1, 10, 0, 10, '2024-03-19 14:29:15', NULL, '2024-03-19 14:30:39', NULL);

-- --------------------------------------------------------

--
-- Table structure for table `submenu`
--

CREATE TABLE `submenu` (
  `id` int NOT NULL,
  `number` smallint NOT NULL,
  `menu_id` int NOT NULL,
  `name` varchar(30) NOT NULL,
  `route` varchar(30) NOT NULL,
  `active` smallint NOT NULL DEFAULT '1' COMMENT '0=N, 1=Y'
) ENGINE=InnoDB DEFAULT CHARSET=latin1;

--
-- Dumping data for table `submenu`
--

INSERT INTO `submenu` (`id`, `number`, `menu_id`, `name`, `route`, `active`) VALUES
(1, 1, 2, 'Menu', 'setting-menu', 1),
(2, 2, 2, 'Submenu', 'setting-submenu', 1),
(3, 3, 2, 'Akses', 'setting-access', 1),
(4, 1, 3, 'Petugas', 'data-petugas', 1),
(5, 2, 3, 'Data Kandang', 'data-kandang', 1),
(6, 1, 5, 'Monitoring Kandang', 'report-kandang', 1),
(7, 2, 5, 'Monitoring Ternak', 'report-ternak', 1);

-- --------------------------------------------------------

--
-- Table structure for table `treatment_ternak`
--

CREATE TABLE `treatment_ternak` (
  `id` bigint NOT NULL,
  `monitoring_ternak_id` int NOT NULL,
  `treatment` varchar(256) COLLATE utf8mb4_general_ci NOT NULL,
  `description` text COLLATE utf8mb4_general_ci NOT NULL,
  `kesehatan` smallint NOT NULL DEFAULT '0' COMMENT '0=pending, 1= retreatment, 2=done',
  `created_by` int NOT NULL,
  `created_date` datetime NOT NULL DEFAULT CURRENT_TIMESTAMP,
  `updated_by` int DEFAULT NULL,
  `updated_date` datetime DEFAULT NULL ON UPDATE CURRENT_TIMESTAMP,
  `deleted_by` int DEFAULT NULL
) ENGINE=InnoDB DEFAULT CHARSET=utf8mb4 COLLATE=utf8mb4_general_ci;

--
-- Dumping data for table `treatment_ternak`
--

INSERT INTO `treatment_ternak` (`id`, `monitoring_ternak_id`, `treatment`, `description`, `kesehatan`, `created_by`, `created_date`, `updated_by`, `updated_date`, `deleted_by`) VALUES
(1, 11, 'Inj ab vit antiradang ', 'Ada miasis di kaki kanan ', 2, 7, '2024-01-17 10:04:40', NULL, '2024-01-25 12:07:32', NULL),
(2, 9, 'inj ade bcom', 'akan di afkir, hanya mau makan hijauan segar', 2, 6, '2024-01-17 12:58:27', NULL, '2024-01-25 08:52:46', NULL),
(3, 3, '0', 'sudah di treatment andri', 2, 6, '2024-01-17 12:59:42', NULL, '2024-01-25 12:07:49', NULL),
(4, 12, 'INJ SULPRODON ADE GLUCORTIN AMOX', 'NODUL LSD DIKAKI', 2, 6, '2024-01-17 13:01:11', NULL, '2024-02-16 15:31:00', NULL),
(5, 2, 'inj ade bcom', 'kekurusan', 2, 6, '2024-01-17 13:02:28', NULL, '2024-01-25 12:08:21', NULL),
(6, 1, 'INJ SULPRODON ADE GLUCORTIN AMOX', 's. lsd', 2, 6, '2024-01-17 13:03:00', NULL, '2024-01-25 12:09:13', NULL),
(7, 6, 'INJ SULPRODON ADE GLUCORTIN AMOX', 'pernah jatuh ke tempat minum dan sudh diobati krn pincang', 0, 6, '2024-01-17 13:05:56', NULL, NULL, NULL),
(8, 8, 'inj ade', 'nodul ringan dan sdh kering', 0, 6, '2024-01-17 13:07:18', NULL, NULL, NULL),
(9, 14, 'inj ade', 'karena ringan dan noudl sdh kering', 0, 6, '2024-01-17 13:17:21', NULL, NULL, NULL),
(10, 8, 'inj ade', 'ringan', 2, 6, '2024-01-17 13:17:51', NULL, '2024-01-25 12:09:33', NULL),
(11, 13, 'inj ade', 'nodul ringan', 2, 6, '2024-01-17 13:18:10', NULL, '2024-01-25 12:09:23', NULL),
(12, 16, 'inj futvac 2 ml  im', 'booster pmk', 0, 6, '2024-01-17 14:29:09', NULL, NULL, NULL),
(13, 17, 'inj futvac 2 ml  im', 'booster pmk', 0, 6, '2024-01-17 14:29:33', NULL, NULL, NULL),
(14, 21, 'inj futvac 2 ml  im', 'booster pmk', 0, 6, '2024-01-17 14:29:50', NULL, NULL, NULL),
(15, 21, 'inj futvac 2 ml  im', 'booster pmk', 0, 6, '2024-01-17 14:30:10', NULL, NULL, NULL),
(16, 18, 'inj futvac 2 ml  im', 'booster pmk', 0, 6, '2024-01-17 14:30:29', NULL, NULL, NULL),
(17, 19, 'inj futvac 2 ml  im', 'booster pmk', 0, 6, '2024-01-17 14:30:54', NULL, NULL, NULL),
(18, 20, 'inj futvac 2 ml  im', 'booster pmk', 0, 6, '2024-01-17 14:31:10', NULL, NULL, NULL),
(19, 23, 'Injc vitamin , AB ,dan amprolium', '', 0, 8, '2024-01-20 10:48:51', 8, '2024-01-20 16:01:53', NULL),
(20, 24, 'Injc Dexa,suprodon , vit', '', 0, 8, '2024-01-21 14:17:19', NULL, NULL, NULL),
(21, 23, 'Amprolium', '', 0, 8, '2024-01-21 14:20:30', NULL, NULL, NULL),
(22, 26, 'Injeksi vitamin ade', 'Post partus', 2, 10, '2024-01-21 19:09:57', NULL, '2024-01-25 08:24:49', NULL),
(23, 27, 'Spool pov iodin + inj vit+ab+anti radang', '', 0, 10, '2024-01-21 19:18:32', NULL, NULL, NULL),
(24, 28, 'Spool pov iodin + inj vit+ab+anti radang ', '', 2, 10, '2024-01-21 19:19:09', NULL, '2024-01-25 12:08:57', NULL),
(25, 29, 'Inj vitamin', '', 0, 10, '2024-01-21 19:22:40', NULL, NULL, NULL),
(26, 22, 'Pembersihan myiasis, Inj Vit+ab+intermectin', '', 0, 9, '2024-01-22 11:07:20', 9, '2024-01-22 11:08:29', NULL),
(27, 30, 'Intect ADE', '', 2, 8, '2024-01-23 07:45:48', NULL, '2024-01-25 08:25:12', NULL),
(28, 32, 'Inject ADE ', '', 2, 8, '2024-01-23 07:46:28', NULL, '2024-01-25 08:53:05', NULL),
(29, 33, 'Inject ADE ', '', 2, 8, '2024-01-23 07:46:44', NULL, '2024-02-16 15:30:50', NULL),
(30, 31, 'Inject ADE ', '', 2, 8, '2024-01-23 07:46:56', NULL, '2024-02-16 15:31:09', NULL),
(31, 34, 'Injeksi vitamin ade', '', 0, 10, '2024-01-23 08:55:18', NULL, NULL, NULL),
(32, 35, 'Inj hematodin + dexa', '', 0, 10, '2024-01-23 09:22:03', NULL, NULL, NULL),
(33, 36, 'Inj vit ade+dexa+sulprodon', '', 0, 10, '2024-01-23 15:08:15', NULL, NULL, NULL),
(34, 23, 'Infus dexros', '', 0, 8, '2024-01-24 05:37:27', NULL, NULL, NULL),
(35, 39, 'Usg', 'Kosong', 0, 6, '2024-01-24 15:36:21', NULL, NULL, NULL),
(36, 40, 'Infus rl.bcom', '', 2, 6, '2024-01-24 15:42:12', NULL, '2024-01-25 12:08:42', NULL),
(37, 41, 'Inj ivo', '', 2, 6, '2024-01-24 15:53:37', NULL, '2024-01-24 15:54:11', NULL),
(38, 38, 'Inj vit ade', '', 2, 10, '2024-01-24 21:45:58', 10, '2024-01-25 08:53:28', NULL),
(39, 42, 'Inj oksitosin', '', 2, 10, '2024-01-24 21:48:36', NULL, '2024-01-25 08:23:37', NULL),
(40, 43, 'Inj ade limo', '', 0, 6, '2024-01-25 08:52:25', NULL, NULL, NULL),
(41, 47, 'Infus dextrose, inj Vit + dexa', 'Dehidrasi, Tidak mau makan ', 0, 9, '2024-01-25 13:01:29', 9, '2024-01-25 13:01:41', NULL),
(42, 48, 'Inj Vit+dexa+ab', 'Sudah mulai membaik', 0, 9, '2024-01-25 13:18:36', NULL, NULL, NULL),
(43, 49, 'Inj Vit+dexa+ab', 'Sudah mulai membaik', 0, 9, '2024-01-25 13:19:13', NULL, NULL, NULL),
(44, 50, 'Inj ivermectin', '', 0, 10, '2024-01-26 03:52:27', NULL, NULL, NULL),
(45, 51, 'Inj ivermectin', '', 0, 10, '2024-01-26 03:53:03', NULL, NULL, NULL),
(46, 52, 'Inj Vit+analgesik+ab+ colibact bolus', 'Feses sudah mulai membaik', 0, 9, '2024-01-26 13:29:49', NULL, NULL, NULL),
(47, 53, ' Inj limoxin+ade+salep mata', '', 0, 9, '2024-01-26 14:40:18', NULL, NULL, NULL),
(48, 58, ' Inj ade+hematodine', '', 0, 9, '2024-01-26 14:45:14', NULL, NULL, NULL),
(49, 55, ' Inj ade+hematodine', '', 2, 9, '2024-01-26 14:45:54', NULL, '2024-02-20 13:53:18', NULL),
(50, 57, ' Inj ade+hematodine', '', 0, 9, '2024-01-26 14:46:40', NULL, NULL, NULL),
(51, 54, ' Inj ade+hematodine', '', 0, 9, '2024-01-26 14:47:30', NULL, NULL, NULL),
(52, 59, 'Injc vetadryl , ade', '', 2, 8, '2024-01-27 14:23:17', 8, '2024-02-16 15:30:04', NULL),
(53, 60, 'Intect ADE, vetadryl', '', 2, 8, '2024-01-27 14:24:36', NULL, '2024-02-16 15:31:21', NULL),
(54, 62, 'Inject ADE , vetadryl', '', 0, 8, '2024-01-27 14:24:59', NULL, NULL, NULL),
(55, 63, 'Injc vetadryl , ade', '', 0, 8, '2024-01-27 14:25:22', NULL, NULL, NULL),
(56, 64, 'Spool glucortin aquades', '', 0, 8, '2024-01-27 14:25:51', NULL, NULL, NULL),
(57, 65, 'Injc vetadryl , ade', '', 2, 8, '2024-01-27 14:26:44', NULL, '2024-02-16 15:30:18', NULL),
(58, 66, 'Infus dextros', '', 2, 8, '2024-01-27 15:52:43', NULL, '2024-02-16 15:32:00', NULL),
(59, 67, 'Inj vit+dexa+sulprodon+amoxilin+ infus dextrose', '', 0, 10, '2024-01-29 10:05:38', 10, '2024-01-29 18:12:51', NULL),
(60, 68, 'Inj vit bcomplex', '', 0, 10, '2024-01-29 10:06:10', NULL, NULL, NULL),
(61, 70, 'Inj vit ade+amoksilin', '', 0, 10, '2024-01-29 10:59:01', NULL, NULL, NULL),
(62, 71, 'Inj vit ade+ dexa+solprodon+amoksilin', '', 0, 10, '2024-01-29 11:26:09', NULL, NULL, NULL),
(63, 72, 'Inj vitamin', '', 0, 10, '2024-01-29 14:48:33', NULL, NULL, NULL),
(64, 73, 'Inj vitamin+antihistamin', '', 0, 10, '2024-01-29 14:51:32', NULL, NULL, NULL),
(65, 23, ' Inj streptomicin', '', 0, 9, '2024-01-29 19:05:09', NULL, NULL, NULL),
(66, 75, 'Inj streptomicin', '', 0, 9, '2024-01-29 19:05:46', NULL, NULL, NULL),
(67, 76, ' Potong kuku', '', 0, 9, '2024-01-29 19:07:01', NULL, NULL, NULL),
(68, 78, ' Inj enro+Vit+dexa', '', 2, 9, '2024-01-29 19:09:06', NULL, '2024-01-30 09:27:18', NULL),
(69, 77, ' Inj enro+Vit+dexa', '', 0, 9, '2024-01-29 19:09:37', NULL, NULL, NULL),
(70, 81, ' Inj Vit+dexa', '', 0, 9, '2024-01-29 19:13:17', NULL, NULL, NULL),
(71, 10, ' Ini Vit+dexa+streptomicin', 'Lemas, batuk', 2, 9, '2024-01-29 19:14:43', 9, '2024-01-30 09:29:24', NULL),
(72, 24, 'Inj Vit+dexa+ab', 'Lemas, Luka kaki kiri kanan', 1, 9, '2024-01-29 19:16:31', 9, '2024-01-30 09:28:12', NULL),
(73, 41, 'Inj dexa+Vit+ab', 'Lemas l, Kurang nafsu makan kaki depan luka', 2, 9, '2024-01-29 19:30:54', 9, '2024-02-16 15:29:24', NULL),
(74, 83, 'Sayat abces in amox ade ', 'Monitoring', 0, 6, '2024-01-30 09:54:12', NULL, NULL, NULL),
(75, 85, 'Inj vit+dexa+sulpr+amoxilin', 'Hari ke 2', 0, 10, '2024-01-30 11:32:37', NULL, NULL, NULL),
(76, 86, 'Infus dextrose+inj vit+ab+sulp', 'Hari ke 2 antibiotik', 0, 10, '2024-01-30 11:33:34', NULL, NULL, NULL),
(77, 88, 'Inj amo dex biosan', 'Setiap malam.injeksi', 0, 6, '2024-02-01 08:49:59', NULL, NULL, NULL),
(78, 87, 'Inj amo dx biosan ', 'Malam injeksi biosan', 0, 6, '2024-02-01 08:50:26', NULL, NULL, NULL),
(79, 89, 'Inj vitamin ade', 'Harus di beri perlakuan khusus', 0, 7, '2024-02-02 08:10:06', NULL, NULL, NULL),
(80, 90, 'Inj biosan + analgesik ', 'Berdirinya masih agak susah ', 2, 7, '2024-02-02 08:21:51', NULL, '2024-02-16 15:33:10', NULL),
(81, 97, 'Inject ADE ', '', 0, 8, '2024-02-02 19:03:31', NULL, NULL, NULL),
(82, 95, 'Inject ADE ', '', 0, 8, '2024-02-02 19:03:53', NULL, NULL, NULL),
(83, 96, 'Inject ADE ', '', 0, 8, '2024-02-02 19:04:12', NULL, NULL, NULL),
(84, 98, 'Inject ADE ', '', 0, 8, '2024-02-02 19:04:37', NULL, NULL, NULL),
(85, 94, 'Inject ADE ', '', 0, 8, '2024-02-02 19:05:19', NULL, NULL, NULL),
(86, 93, 'Inject ADE ', '', 2, 8, '2024-02-02 19:05:46', NULL, '2024-02-16 15:34:27', NULL),
(87, 99, 'Cekok tympanol', '', 2, 8, '2024-02-03 08:32:09', NULL, '2024-02-20 13:53:56', NULL),
(88, 104, 'Inj ab vit antiradang ', 'Makan masih bagus ', 0, 7, '2024-02-04 08:45:19', NULL, NULL, NULL),
(89, 100, 'Inj ab vit antiradang ', 'Lantai harus hangat', 0, 7, '2024-02-04 08:47:49', NULL, NULL, NULL),
(90, 102, 'Inj ab vit antiradang ', 'Alas kandang harus kering dan hangat', 0, 7, '2024-02-04 08:48:38', NULL, NULL, NULL),
(91, 103, 'Inj ab vit antiradang ', '', 0, 7, '2024-02-04 08:49:25', NULL, NULL, NULL),
(92, 101, 'Inj ab vit antiradang ', '', 0, 7, '2024-02-04 08:50:23', NULL, NULL, NULL),
(93, 106, 'Inj analgesik + vitamin', '', 0, 7, '2024-02-04 08:53:20', NULL, NULL, NULL),
(94, 107, 'Inj vit b + atp', 'Makan sudah semakin membaik', 2, 7, '2024-02-04 09:07:52', NULL, '2024-02-16 15:32:39', NULL),
(95, 108, 'Spray gusanex', '', 0, 10, '2024-02-05 09:10:24', NULL, NULL, NULL),
(96, 109, 'Inj ab vit antiradang ', 'Batuk sedang di terapi antibiotik ', 0, 7, '2024-02-06 08:11:28', NULL, NULL, NULL),
(97, 110, 'Inj ab vit antiradang ', 'Nafsu makan bagus sedang terapi antibiotik ', 0, 7, '2024-02-06 08:24:44', NULL, NULL, NULL),
(98, 111, 'Inj vitamin ade', 'Nafsu makan kurang ', 0, 7, '2024-02-06 08:32:17', NULL, NULL, NULL),
(99, 112, 'Inj vit b + atp', 'Makan mulai membaik berdiri sudah bisa sendiri', 2, 7, '2024-02-06 08:51:05', NULL, '2024-02-16 15:32:49', NULL),
(100, 114, 'Inj vit+ab+dexa+sulprodon', '', 0, 10, '2024-02-06 10:35:16', NULL, NULL, NULL),
(101, 115, 'Inj ab vit antiradang ', 'Abses masih keras tapi udah ada lubang sudah di coba irigasi dengan antibiotik ', 2, 7, '2024-02-06 14:08:05', NULL, '2024-02-16 15:35:35', NULL),
(102, 117, 'Inj vit ade', '', 0, 10, '2024-02-06 14:44:57', NULL, '2024-02-06 14:47:43', 10),
(103, 116, 'Inj vit ade', '', 0, 10, '2024-02-06 14:45:37', NULL, NULL, NULL),
(104, 117, 'Inj vit ade', '', 0, 10, '2024-02-06 14:48:38', NULL, NULL, NULL),
(105, 118, 'Inj vit ade', '', 0, 10, '2024-02-06 15:19:02', NULL, NULL, NULL),
(106, 34, 'Infus calcidex', '', 2, 8, '2024-02-12 08:50:50', NULL, '2024-02-16 15:32:14', NULL),
(107, 121, 'Spray gusanex', '', 0, 10, '2024-02-12 09:23:05', NULL, NULL, NULL),
(108, 122, 'Inj vitamin', '', 0, 10, '2024-02-12 10:29:56', NULL, NULL, NULL),
(109, 139, 'R alben 5 ml', 'Adhi uje', 2, 6, '2024-02-12 12:37:40', NULL, '2024-02-16 15:34:14', NULL),
(110, 134, 'Inj hematodine 3 ml', 'Adhi', 0, 6, '2024-02-12 12:38:06', NULL, NULL, NULL),
(111, 146, 'R alben 5 ml', 'Adhinuje', 0, 6, '2024-02-12 12:38:32', NULL, NULL, NULL),
(112, 147, 'R alben 5 ml', 'Adhi uje', 0, 6, '2024-02-12 12:38:52', NULL, NULL, NULL),
(113, 148, 'R alben 5 ml', 'Adhi uje', 0, 6, '2024-02-12 12:39:12', NULL, NULL, NULL),
(114, 149, 'R alebn 5 ml', 'Adhinuje', 0, 6, '2024-02-12 12:39:28', NULL, NULL, NULL),
(115, 151, 'R alben 5 ml', 'Adhi uje', 0, 6, '2024-02-12 12:39:59', NULL, NULL, NULL),
(116, 150, 'R alben 5 ml', 'Adhi uje', 0, 6, '2024-02-12 12:40:32', NULL, NULL, NULL),
(117, 144, 'R alebn 5 ml', 'Adhi uje', 0, 6, '2024-02-12 12:41:00', NULL, NULL, NULL),
(118, 143, 'R alben 5 ml', 'Adhinuje', 0, 6, '2024-02-12 12:41:19', NULL, NULL, NULL),
(119, 145, 'R alben 5 ml', 'Adhi uje', 0, 6, '2024-02-12 12:41:41', NULL, NULL, NULL),
(120, 141, 'R alben', ' Adhinuje', 0, 6, '2024-02-12 12:42:04', NULL, NULL, NULL),
(121, 140, 'R alben 5 ml', 'Adhi uje', 0, 6, '2024-02-12 12:42:22', NULL, NULL, NULL),
(122, 142, 'R alben 5 ml', 'Adhinuje', 0, 6, '2024-02-12 12:42:38', NULL, NULL, NULL),
(123, 138, 'R alben 5 ml', 'Adgi uje', 0, 6, '2024-02-12 12:43:05', NULL, NULL, NULL),
(124, 137, 'R alben 5 ml', 'Uje adh', 0, 6, '2024-02-12 12:43:25', NULL, NULL, NULL),
(125, 41, 'inj ivo ', '', 2, 6, '2024-02-13 09:18:20', NULL, '2024-02-16 15:29:13', NULL),
(126, 82, 'inj ade', '', 2, 6, '2024-02-13 09:18:32', NULL, '2024-02-16 15:28:47', NULL),
(127, 61, 'inj ade', '', 2, 6, '2024-02-13 09:18:47', NULL, '2024-02-16 15:30:28', NULL),
(128, 46, 'inj ade', '', 2, 6, '2024-02-13 09:18:57', NULL, '2024-02-16 15:30:40', NULL),
(129, 34, 'inj ade', '', 0, 6, '2024-02-13 09:21:06', NULL, NULL, NULL),
(130, 34, 'inj ade bcom', '', 2, 6, '2024-02-13 09:21:15', NULL, '2024-02-16 15:31:49', NULL),
(131, 119, 'INJ SULPRODON ADE GLUCORTIN AMOX', '', 2, 6, '2024-02-13 09:21:35', NULL, '2024-02-16 15:31:38', NULL),
(132, 143, 'r alben ', '', 0, 6, '2024-02-13 09:21:57', NULL, NULL, NULL),
(133, 10, 'INJ SULPRODON ADE GLUCORTIN AMOX', '', 0, 6, '2024-02-13 09:22:10', NULL, NULL, NULL),
(134, 79, 'inj ade bcom', '', 0, 6, '2024-02-13 09:22:23', NULL, NULL, NULL),
(135, 15, 'inj futvac 2 ml  im', '', 0, 6, '2024-02-13 09:22:36', NULL, NULL, NULL),
(136, 92, 'INJ SULPRODON ADE GLUCORTIN AMOX', '', 0, 6, '2024-02-13 09:22:51', NULL, NULL, NULL),
(137, 120, 'INJ SULPRODON ADE GLUCORTIN AMOX', '', 2, 6, '2024-02-13 09:23:02', NULL, '2024-02-16 15:35:51', NULL),
(138, 69, 'INJ SULPRODON ADE GLUCORTIN AMOX', '', 0, 6, '2024-02-13 09:23:16', NULL, NULL, NULL),
(139, 78, 'INJ SULPRODON ADE GLUCORTIN AMOX', '', 0, 6, '2024-02-13 09:23:42', NULL, NULL, NULL),
(140, 101, 'inj enro', '', 0, 6, '2024-02-13 09:24:00', NULL, NULL, NULL),
(141, 109, 'INJ SULPRODON ADE GLUCORTIN AMOX', '', 0, 6, '2024-02-13 09:24:10', NULL, NULL, NULL),
(142, 123, 'INJ SULPRODON ADE GLUCORTIN AMOX', '', 0, 6, '2024-02-13 09:24:23', NULL, NULL, NULL),
(143, 113, 'inj ade', '', 0, 6, '2024-02-13 09:24:35', NULL, NULL, NULL),
(144, 36, 'INJ SULPRODON ADE GLUCORTIN AMOX', '', 0, 6, '2024-02-13 09:24:49', NULL, NULL, NULL),
(145, 71, 'INJ SULPRODON ADE GLUCORTIN AMOX', '', 0, 6, '2024-02-13 09:24:59', NULL, NULL, NULL),
(146, 91, 'INJ SULPRODON ADE GLUCORTIN AMOX', '', 0, 6, '2024-02-13 09:25:11', NULL, NULL, NULL),
(147, 124, 'inj ade', '', 0, 6, '2024-02-13 09:25:25', NULL, NULL, NULL),
(148, 131, 'inj hematodin', '', 0, 6, '2024-02-13 09:25:41', NULL, NULL, NULL),
(149, 129, 'inj hematodin', '', 0, 6, '2024-02-13 09:25:54', NULL, NULL, NULL),
(150, 105, 'inj enro ', '', 0, 6, '2024-02-13 09:26:06', NULL, NULL, NULL),
(151, 132, 'inj ade', '', 0, 6, '2024-02-13 09:26:20', NULL, NULL, NULL),
(152, 104, 'inj hematodin', '', 0, 6, '2024-02-13 09:26:33', NULL, NULL, NULL),
(153, 133, 'inj hematodin', '', 0, 6, '2024-02-13 09:26:42', NULL, NULL, NULL),
(154, 116, 'inj ade', '', 0, 6, '2024-02-13 09:26:53', NULL, NULL, NULL),
(155, 135, 'inj hematodin', '', 0, 6, '2024-02-13 09:27:02', NULL, NULL, NULL),
(156, 24, 'INJ SULPRODON ADE GLUCORTIN AMOX', '', 0, 6, '2024-02-13 09:27:16', NULL, NULL, NULL),
(157, 80, 'inj ade', '', 0, 6, '2024-02-13 09:27:27', NULL, NULL, NULL),
(158, 44, 'INJ SULPRODON ADE GLUCORTIN AMOX', '', 0, 6, '2024-02-13 09:27:38', NULL, NULL, NULL),
(159, 23, 'inj ade', '', 0, 6, '2024-02-13 09:27:58', NULL, NULL, NULL),
(160, 25, 'INJ SULPRODON ADE GLUCORTIN AMOX', '', 0, 6, '2024-02-13 09:28:09', NULL, NULL, NULL),
(161, 37, '0', '', 0, 6, '2024-02-13 09:28:19', NULL, NULL, NULL),
(162, 74, 'afkir', '', 0, 6, '2024-02-13 09:28:31', NULL, NULL, NULL),
(163, 45, 'afkir', '', 0, 6, '2024-02-13 09:28:45', NULL, NULL, NULL),
(164, 48, 'INJ SULPRODON ADE GLUCORTIN AMOX', '', 0, 6, '2024-02-13 09:28:56', NULL, NULL, NULL),
(165, 128, 'inj hematodin', '', 0, 6, '2024-02-13 09:29:06', NULL, NULL, NULL),
(166, 127, 'inj hematodin', '', 0, 6, '2024-02-13 09:29:16', NULL, NULL, NULL),
(167, 56, 'inj hematodin', '', 0, 6, '2024-02-13 09:29:27', NULL, NULL, NULL),
(168, 136, 'inj hematodin', '', 0, 6, '2024-02-13 09:29:37', NULL, NULL, NULL),
(169, 125, 'inj hematodin', '', 0, 6, '2024-02-13 09:29:46', NULL, NULL, NULL),
(170, 130, 'inj hematodin', '', 0, 6, '2024-02-13 09:29:55', NULL, NULL, NULL),
(171, 126, 'inj hematodin', '', 0, 6, '2024-02-13 09:30:06', NULL, NULL, NULL),
(172, 152, 'ekor bukan terlepas melainkan bengkan paha ', 'rencana mo dturunkn', 2, 7, '2024-02-13 09:34:40', 7, '2024-02-16 15:36:03', NULL),
(173, 153, 'Inj hematodin + ab', '', 0, 10, '2024-02-13 09:50:03', NULL, NULL, NULL),
(174, 154, 'Pemnersihin amox .in vo', 'Inj ivo rutin obt ccg', 0, 6, '2024-02-13 11:05:50', NULL, NULL, NULL),
(175, 155, 'Inj vit ade+atp+vetadryl', '', 2, 10, '2024-02-13 13:30:43', NULL, '2024-02-20 13:51:42', NULL),
(176, 156, 'Inj vit ade+atp+vetadryl', '', 2, 10, '2024-02-13 13:32:21', NULL, '2024-02-20 13:52:58', NULL),
(177, 161, 'inj ade spray', '', 0, 7, '2024-02-13 14:43:27', NULL, NULL, NULL),
(178, 158, 'Inj vit ade+ ab', '', 0, 10, '2024-02-13 19:51:52', NULL, NULL, NULL),
(179, 157, 'Inj vit ade', '', 0, 10, '2024-02-13 19:52:55', NULL, NULL, NULL),
(180, 162, 'Inject ADE ', '', 0, 8, '2024-02-14 05:15:10', NULL, NULL, NULL),
(181, 163, 'Inject ADE ', '', 0, 8, '2024-02-14 05:15:25', NULL, NULL, NULL),
(182, 164, 'Inject ADE ', '', 0, 8, '2024-02-14 05:15:40', NULL, NULL, NULL),
(183, 165, 'Obat cacing albendazole + vitamin ', 'Makan jelek', 0, 7, '2024-02-14 12:58:33', NULL, NULL, NULL),
(184, 166, 'Inj vitamin', '', 2, 10, '2024-02-14 14:14:16', NULL, '2024-02-16 15:28:30', NULL),
(185, 160, 'Inj enro', 'Uje malam', 0, 6, '2024-02-14 16:31:08', NULL, NULL, NULL),
(186, 159, 'Inj limo ', 'Uje malam', 0, 6, '2024-02-14 16:31:23', NULL, NULL, NULL),
(187, 167, 'Infus dextro', 'Exercise', 0, 6, '2024-02-15 14:29:46', NULL, NULL, NULL),
(188, 168, 'Inj sulfidon glu ade', 'Angga', 0, 6, '2024-02-15 14:31:50', NULL, NULL, NULL),
(189, 169, 'Inj amo glu sup ade dan pembersihan abces', 'Angga', 0, 6, '2024-02-16 09:59:44', NULL, NULL, NULL),
(190, 170, 'Inj hematodine 3 ml r bolus colibat inj colibact selama 3 hari ', 'Angga', 0, 6, '2024-02-16 10:18:04', NULL, NULL, NULL),
(191, 171, 'Inj hematodine r collibact inj colibact selama 3 he', 'Angga', 0, 6, '2024-02-16 10:23:25', NULL, NULL, NULL),
(192, 172, 'R rifamicin inj enro dex vet ade bios', 'Selama 3 hr ', 0, 6, '2024-02-16 10:47:35', NULL, NULL, NULL),
(193, 173, 'Inj ade bios vetadril 3 hr ', 'Suara paru normal-nafas dalam-kurus -makan baik', 0, 6, '2024-02-16 10:48:46', NULL, NULL, NULL),
(194, 174, 'Inj ade vetadril glu slpe.mata', 'Angga', 1, 6, '2024-02-16 11:34:06', NULL, '2024-02-20 13:55:41', NULL),
(195, 175, 'Inj ade vet glu slp.mata', 'Angga', 0, 6, '2024-02-16 11:35:05', NULL, NULL, NULL),
(196, 176, 'inj ivo ade', 'angga', 0, 6, '2024-02-16 15:27:49', NULL, NULL, NULL),
(197, 187, 'Inj biopros', '', 0, 10, '2024-02-17 02:46:54', NULL, NULL, NULL),
(198, 182, 'Inj biopros', '', 0, 10, '2024-02-17 02:47:15', NULL, NULL, NULL),
(199, 186, 'Inj biopros', '', 0, 10, '2024-02-17 02:47:43', NULL, NULL, NULL),
(200, 190, 'Inj biopros', '', 0, 10, '2024-02-17 02:48:01', NULL, NULL, NULL),
(201, 181, 'Inj biopros', '', 0, 10, '2024-02-17 02:48:20', NULL, NULL, NULL),
(202, 198, 'Inj biopros', '', 2, 10, '2024-02-17 02:48:43', NULL, '2024-02-20 13:53:35', NULL),
(203, 179, 'Inj biopros', '', 0, 10, '2024-02-17 02:49:01', NULL, NULL, NULL),
(204, 183, 'Inj biopros', '', 0, 10, '2024-02-17 02:49:21', NULL, NULL, NULL),
(205, 194, 'Inj biopros', '', 0, 10, '2024-02-17 02:49:38', NULL, NULL, NULL),
(206, 192, 'Inj biopros', '', 0, 10, '2024-02-17 02:49:57', NULL, NULL, NULL),
(207, 184, 'Inj biopros', '', 0, 10, '2024-02-17 02:50:14', NULL, NULL, NULL),
(208, 189, 'Inj biopros', '', 0, 10, '2024-02-17 02:50:31', NULL, NULL, NULL),
(209, 191, 'Inj biopros', '', 2, 10, '2024-02-17 02:50:48', NULL, '2024-02-20 13:54:13', NULL),
(210, 180, 'Inj biopros', '', 0, 10, '2024-02-17 02:51:07', NULL, NULL, NULL),
(211, 188, 'Inj biopros', '', 0, 10, '2024-02-17 02:51:23', NULL, NULL, NULL),
(212, 202, 'Inj biopros', '', 0, 10, '2024-02-17 02:51:40', NULL, NULL, NULL),
(213, 195, 'Inj biopros', '', 0, 10, '2024-02-17 02:51:57', NULL, NULL, NULL),
(214, 201, 'Inj biopros', '', 0, 10, '2024-02-17 02:52:19', NULL, NULL, NULL),
(215, 203, 'Inj biopros', '', 0, 10, '2024-02-17 02:52:39', NULL, NULL, NULL),
(216, 204, 'Inj biopros', '', 0, 10, '2024-02-17 02:52:59', NULL, NULL, NULL),
(217, 196, 'Inj biopros', '', 0, 10, '2024-02-17 02:53:46', NULL, NULL, NULL),
(218, 200, 'Inj biopros', '', 0, 10, '2024-02-17 02:54:04', NULL, NULL, NULL),
(219, 205, 'Inj biopros', '', 0, 10, '2024-02-17 02:54:22', NULL, NULL, NULL),
(220, 193, 'Inj biopros', '', 0, 10, '2024-02-17 02:54:40', NULL, NULL, NULL),
(221, 199, 'Inj biopros', '', 0, 10, '2024-02-17 02:55:02', NULL, NULL, NULL),
(222, 206, 'Inj biopros', '', 0, 10, '2024-02-17 02:55:20', NULL, NULL, NULL),
(223, 178, 'Inj biopros', '', 0, 10, '2024-02-17 02:55:39', NULL, NULL, NULL),
(224, 185, 'Inj biopros', '', 0, 10, '2024-02-17 02:55:58', NULL, NULL, NULL),
(225, 197, 'Inj biopros', '', 2, 10, '2024-02-17 02:56:16', NULL, '2024-02-20 13:52:15', NULL),
(226, 215, 'Inj biopros', '', 0, 10, '2024-02-17 03:02:53', NULL, NULL, NULL),
(227, 207, 'Inj biopros', '', 0, 10, '2024-02-17 03:03:11', NULL, NULL, NULL),
(228, 217, 'Inj biopros', '', 0, 10, '2024-02-17 03:03:30', NULL, NULL, NULL),
(229, 212, 'Inj biopros', '', 0, 10, '2024-02-17 03:03:48', NULL, NULL, NULL),
(230, 216, 'Inj biopros', '', 0, 10, '2024-02-17 03:04:08', NULL, NULL, NULL),
(231, 221, 'Inj biopros', '', 0, 10, '2024-02-17 03:04:32', NULL, NULL, NULL),
(232, 211, 'Inj biopros', '', 0, 10, '2024-02-17 03:04:51', NULL, NULL, NULL),
(233, 210, 'Inj biopros', '', 0, 10, '2024-02-17 03:05:09', NULL, NULL, NULL),
(234, 218, 'Inj biopros', '', 0, 10, '2024-02-17 03:05:30', NULL, NULL, NULL),
(235, 214, 'Inj biopros', '', 0, 10, '2024-02-17 03:05:48', NULL, NULL, NULL),
(236, 213, 'Inj biopros', '', 0, 10, '2024-02-17 03:06:12', NULL, NULL, NULL),
(237, 220, 'Inj biopros', '', 0, 10, '2024-02-17 03:06:31', NULL, NULL, NULL),
(238, 219, 'Inj biopros', '', 0, 10, '2024-02-17 03:06:52', NULL, NULL, NULL),
(239, 209, 'Inj biopros', '', 0, 10, '2024-02-17 03:07:11', NULL, NULL, NULL),
(240, 208, 'Inj biopros', '', 0, 10, '2024-02-17 03:07:33', NULL, NULL, NULL),
(241, 222, 'Inj biopros', '', 0, 10, '2024-02-17 03:07:57', NULL, NULL, NULL),
(242, 223, 'Cekok proylene glycol', '', 0, 8, '2024-02-17 10:24:03', NULL, NULL, NULL),
(243, 223, 'r pg', '', 0, 6, '2024-02-17 12:39:18', NULL, NULL, NULL),
(244, 223, 'r pg', '', 0, 6, '2024-02-17 12:42:00', NULL, NULL, NULL),
(245, 177, '0', '', 0, 6, '2024-02-17 13:41:11', NULL, NULL, NULL),
(246, 224, 'Injeksi biopros', '', 0, 10, '2024-02-17 15:55:05', NULL, '2024-02-17 15:58:27', 10),
(247, 225, 'Injc enro,Dexa,Vet,ADE,Biopros', '', 0, 8, '2024-02-17 21:45:10', NULL, NULL, NULL),
(248, 226, 'Injc ADE,Biopros,vetadryl', '', 0, 8, '2024-02-17 21:45:52', NULL, NULL, NULL),
(249, 228, 'Injc hematodin , colibact , oral colibact bolus', '', 0, 8, '2024-02-17 21:47:11', NULL, NULL, NULL),
(250, 227, 'Injc hematodin , colibact , oral colibact bolus', '', 0, 8, '2024-02-17 21:47:33', NULL, NULL, NULL),
(251, 240, 'Injc Biopros ', '', 0, 8, '2024-02-17 21:51:48', NULL, NULL, NULL),
(252, 230, 'Injc Biopros ', '', 0, 8, '2024-02-17 21:52:17', NULL, NULL, NULL),
(253, 232, 'Injc Biopros ', '', 0, 8, '2024-02-17 21:52:43', NULL, NULL, NULL),
(254, 239, 'Injc Biopros ', '', 0, 8, '2024-02-17 21:53:05', NULL, NULL, NULL),
(255, 233, 'Injc Biopros ', '', 0, 8, '2024-02-17 21:53:22', NULL, NULL, NULL),
(256, 229, 'Injc Biopros ', '', 0, 8, '2024-02-17 21:53:54', NULL, NULL, NULL),
(257, 237, 'Injc Biopros ', '', 0, 8, '2024-02-17 21:54:08', NULL, NULL, NULL),
(258, 231, 'Injc Biopros ', '', 0, 8, '2024-02-17 21:54:26', NULL, NULL, NULL),
(259, 234, 'Injc Biopros ', '', 0, 8, '2024-02-17 21:54:41', NULL, NULL, NULL),
(260, 235, 'Injc Biopros ', '', 0, 8, '2024-02-17 21:55:02', NULL, '2024-02-17 21:55:39', 8),
(261, 236, 'Injc Biopros ', '', 0, 8, '2024-02-17 21:55:25', NULL, NULL, NULL),
(262, 238, 'Injc Biopros ', '', 0, 8, '2024-02-17 21:56:00', NULL, NULL, NULL),
(263, 235, 'Injc Biopros ', '', 0, 8, '2024-02-17 21:56:20', NULL, NULL, NULL),
(264, 242, 'Ab intramamary', '', 0, 9, '2024-02-19 06:07:48', NULL, NULL, NULL),
(265, 243, ' Ab, intramamary', '', 0, 9, '2024-02-19 06:08:32', NULL, NULL, NULL),
(266, 241, ' Spool mb', 'Pemberian Colibact bolus diare', 0, 9, '2024-02-19 06:09:38', 9, '2024-02-19 06:11:43', NULL),
(267, 244, 'Spool mb (pov iodin+glucortin+pgf2a)', '', 0, 10, '2024-02-20 09:18:11', NULL, NULL, NULL),
(268, 245, 'Inj vit ade + antihistamin + anti radanf', '', 0, 10, '2024-02-20 11:53:32', NULL, NULL, NULL),
(269, 246, 'Injnadebio glu vet', '', 0, 6, '2024-02-20 14:26:30', NULL, NULL, NULL),
(270, 247, 'Inj ade.bio glu vet', '', 0, 6, '2024-02-20 14:27:34', NULL, NULL, NULL),
(271, 251, 'Inj vit ade + antihistamin + anti radanf', '', 0, 10, '2024-02-20 15:15:00', NULL, '2024-02-20 15:45:27', 10),
(272, 249, 'Spool  500 ml ', 'Uje malam', 0, 6, '2024-02-21 13:17:23', NULL, NULL, NULL),
(273, 254, 'Inj vito amo', 'Adhi', 0, 6, '2024-02-21 13:21:55', NULL, NULL, NULL),
(274, 255, 'Inj vit+sulprodon', '', 0, 10, '2024-02-21 13:53:40', NULL, NULL, NULL),
(275, 256, 'Inj vit ade', '', 0, 10, '2024-02-21 14:22:35', NULL, NULL, NULL),
(276, 257, 'Spool iodin dosis 500ml , injc ADE &vet', '', 0, 8, '2024-02-21 21:33:08', NULL, NULL, NULL),
(277, 258, 'Ink adehio vetadril dexa', 'Angga', 0, 6, '2024-02-22 10:08:32', NULL, NULL, NULL),
(278, 259, 'Injdex vet amo ade bio', 'Angga', 0, 6, '2024-02-22 10:13:07', NULL, NULL, NULL),
(279, 260, 'Inj vit ade + hormon pgf2a', '', 0, 10, '2024-02-23 04:09:15', NULL, NULL, NULL),
(280, 261, 'Inj vit ade + hormon pgf2a', '', 0, 10, '2024-02-23 04:09:51', NULL, NULL, NULL),
(281, 262, 'Pengambilan sampel darah', '', 0, 10, '2024-02-23 04:12:34', NULL, NULL, NULL),
(282, 263, 'Oral polyglicol 200ml', '', 0, 10, '2024-02-24 04:59:39', NULL, NULL, NULL),
(283, 264, 'Inj vitamin + ab', '', 0, 10, '2024-02-24 06:32:14', NULL, NULL, NULL),
(284, 266, 'Collibact bolus pervaginal', '', 0, 10, '2024-02-26 09:01:17', NULL, NULL, NULL),
(285, 267, 'Oral polyglicol 200ml', '', 0, 10, '2024-02-26 09:03:36', NULL, NULL, NULL),
(286, 268, 'Inj ade ', 'Adhi', 0, 6, '2024-02-26 12:23:35', NULL, NULL, NULL),
(287, 269, 'Inj ade', 'Adhi', 0, 6, '2024-02-26 12:24:41', NULL, NULL, NULL),
(288, 271, 'Inj ade', 'Adhi', 0, 6, '2024-02-26 12:26:35', NULL, NULL, NULL),
(289, 270, 'Inj ade ', 'Adhi', 0, 6, '2024-02-26 12:26:56', NULL, NULL, NULL),
(290, 250, 'R Pg', '', 0, 6, '2024-02-26 12:27:14', NULL, NULL, NULL),
(291, 248, 'Inj amo glu vet sulpt', 'Andr3', 0, 6, '2024-02-26 12:27:37', NULL, NULL, NULL),
(292, 265, 'Inj enro ade glu', '', 0, 6, '2024-02-26 12:27:57', NULL, NULL, NULL),
(293, 251, 'Inj glu bet.ade', '', 0, 6, '2024-02-26 12:28:14', NULL, NULL, NULL),
(294, 252, 'Inj enro ade bio ', '', 0, 6, '2024-02-26 12:28:34', NULL, NULL, NULL),
(295, 224, 'Inj adebio', '', 0, 6, '2024-02-26 12:28:48', NULL, NULL, NULL),
(296, 253, 'Inj enro adebio', '', 0, 6, '2024-02-26 12:29:06', NULL, NULL, NULL),
(297, 272, 'Inj colibact r colibact', 'Adhi', 0, 6, '2024-02-26 13:00:55', NULL, NULL, NULL),
(298, 273, 'Inj ab-oxy-bio ', 'Sop partus', 0, 6, '2024-02-27 13:20:53', NULL, NULL, NULL),
(299, 275, 'Infus rl plus biosan inj ade enro ', 'Kaki belaknh lemas dan sempoyongan', 0, 6, '2024-02-28 15:05:13', NULL, NULL, NULL),
(300, 276, 'Inj colibact.r colibact', 'Adhi', 0, 6, '2024-02-29 15:26:32', NULL, NULL, NULL),
(301, 274, 'Inj amo sul glu ade', 'Andri', 0, 6, '2024-02-29 15:26:49', NULL, NULL, NULL),
(302, 277, ' Ini Vit + oxytocin', '', 0, 9, '2024-02-29 16:44:09', NULL, NULL, NULL),
(303, 278, 'Oral collibact bolus+inj colibact', '', 0, 10, '2024-02-29 22:26:24', NULL, NULL, NULL),
(304, 280, 'Inj antibiotik dan ADE', '', 0, 8, '2024-03-04 08:32:21', NULL, NULL, NULL),
(305, 281, 'Oral PG (glycol)', '', 0, 8, '2024-03-05 14:07:35', NULL, NULL, NULL),
(306, 284, 'Injc ADE,Enrofloxacin', '', 0, 8, '2024-03-05 14:11:25', NULL, NULL, NULL),
(307, 285, 'Injc ADE, Enrofloxacin ', '', 0, 8, '2024-03-05 14:11:56', NULL, NULL, NULL),
(308, 283, 'Inject ADE , Enrofloxacin ', '', 0, 8, '2024-03-05 14:12:20', NULL, NULL, NULL),
(309, 282, 'Inject ADE , Enrofloxacin ', '', 0, 8, '2024-03-05 14:13:05', NULL, NULL, NULL),
(310, 286, 'Injc Biopros , vetadryl, glucortin, Enrofloxacin, oral PG', '', 0, 8, '2024-03-05 14:15:51', NULL, NULL, NULL),
(311, 287, 'Oral collibact bolus+inj colibact+ inj hematodin+ infus rl', '', 0, 10, '2024-03-06 11:21:59', 10, '2024-03-06 11:32:50', NULL),
(312, 288, 'Infus rl+ inj vit ade+ vetadryl+glucortin+intetflox', '', 0, 10, '2024-03-06 11:35:24', NULL, NULL, NULL),
(313, 279, 'Inj adebio oxy ab', 'Traksi', 0, 6, '2024-03-08 08:38:39', NULL, NULL, NULL),
(314, 291, 'Infus rl bio inj sc ceftiour', 'Selama 5 hr ', 0, 6, '2024-03-08 08:39:19', NULL, NULL, NULL),
(315, 291, 'Infus rl bio inj sc ceftiour', 'Selama 5 hr ', 0, 6, '2024-03-08 08:39:19', NULL, NULL, NULL),
(316, 289, 'Injnceftior 2.5 ml sc', '', 0, 6, '2024-03-08 08:39:53', NULL, NULL, NULL),
(317, 290, 'Inj ceftiour 2.5 ml sc', '', 0, 6, '2024-03-08 08:40:23', NULL, NULL, NULL),
(318, 292, ' Infus rl+inj vit', '', 0, 9, '2024-03-08 10:10:59', NULL, NULL, NULL),
(319, 293, ' Ini Vit atp + ade', '', 0, 9, '2024-03-08 13:34:45', NULL, NULL, NULL),
(320, 294, 'Inj Vit + sulprodon', '', 0, 9, '2024-03-08 13:36:02', NULL, NULL, NULL),
(321, 295, 'Inj dexa, vit, sulp', '', 0, 9, '2024-03-08 13:59:18', NULL, NULL, NULL),
(322, 299, ' Inj SC calcium, inj Vit atp, dexamethasone', '', 0, 9, '2024-03-10 02:19:52', NULL, NULL, NULL),
(323, 298, 'Injc ceftionel ,', '', 0, 8, '2024-03-11 08:17:29', NULL, NULL, NULL),
(324, 297, 'Injc ceftionel ,', '', 0, 8, '2024-03-11 08:17:54', NULL, NULL, NULL),
(325, 303, 'Spray limoxin', '', 0, 10, '2024-03-11 09:42:30', NULL, NULL, NULL),
(326, 302, 'Spray limoxin', '', 0, 10, '2024-03-11 09:44:30', NULL, NULL, NULL),
(327, 304, ' Spool dosis 1', '', 0, 9, '2024-03-12 16:48:59', NULL, NULL, NULL),
(328, 305, 'Spool mb (pov iodin+glucortin+procaben)', '', 0, 10, '2024-03-12 18:43:33', NULL, NULL, NULL),
(329, 306, 'Spool mb (pov iodin+glucortin+procaben)', '', 0, 10, '2024-03-12 18:44:04', NULL, NULL, NULL),
(330, 308, 'Inj vit ade + ceftionel', 'Hari ke 5', 0, 10, '2024-03-13 07:57:01', NULL, NULL, NULL),
(331, 307, 'Inj vit ade + ceftionel', 'Hari ke 5', 0, 10, '2024-03-13 07:58:10', NULL, NULL, NULL),
(332, 309, 'Inj vit ade + antihistamin + anti radanf', '', 0, 10, '2024-03-13 14:10:30', NULL, NULL, NULL),
(333, 310, 'R alben pros', '', 0, 6, '2024-03-14 08:04:54', NULL, NULL, NULL),
(334, 300, 'Inj ade vet', '', 0, 6, '2024-03-15 10:33:35', NULL, NULL, NULL),
(335, 312, 'Perbaikan inj ab hematode glu', '', 0, 6, '2024-03-15 10:33:59', NULL, NULL, NULL),
(336, 311, 'Perbaikna inj amo dx ', '', 0, 6, '2024-03-15 10:34:20', NULL, NULL, NULL),
(337, 301, 'Inj ade vet', '', 0, 6, '2024-03-15 10:34:40', NULL, NULL, NULL),
(338, 296, 'Inj enro ade', '', 0, 6, '2024-03-15 10:34:58', NULL, NULL, NULL),
(339, 313, 'Sayat abses, inj vit, ab, anti radang, oral PG', '', 0, 10, '2024-03-18 11:04:09', NULL, NULL, NULL),
(340, 314, 'Oral collibact bolus+inj colibact', '', 0, 10, '2024-03-18 11:04:29', NULL, NULL, NULL),
(341, 315, 'Inj hematodin + colibact inj', '', 0, 10, '2024-03-19 08:26:32', NULL, NULL, NULL),
(342, 316, 'Inj vit atp+ab+anti radang', '', 0, 10, '2024-03-19 13:43:40', NULL, NULL, NULL),
(343, 317, 'Inj vit ade, atp, dexa, sulp,cefti', '', 0, 10, '2024-03-19 14:30:39', NULL, NULL, NULL);

--
-- Indexes for dumped tables
--

--
-- Indexes for table `access`
--
ALTER TABLE `access`
  ADD PRIMARY KEY (`id`);

--
-- Indexes for table `access_menu`
--
ALTER TABLE `access_menu`
  ADD PRIMARY KEY (`id`),
  ADD KEY `fk_accessmenu_menu` (`menu_id`);

--
-- Indexes for table `access_submenu`
--
ALTER TABLE `access_submenu`
  ADD PRIMARY KEY (`id`),
  ADD KEY `fk_accesssub_submenu` (`submenu_id`);

--
-- Indexes for table `ci_sessions`
--
ALTER TABLE `ci_sessions`
  ADD PRIMARY KEY (`id`),
  ADD KEY `ci_sessions_timestamp` (`timestamp`);

--
-- Indexes for table `kondisi_cuaca`
--
ALTER TABLE `kondisi_cuaca`
  ADD PRIMARY KEY (`id`);

--
-- Indexes for table `kondisi_lantai`
--
ALTER TABLE `kondisi_lantai`
  ADD PRIMARY KEY (`id`);

--
-- Indexes for table `kondisi_pakan`
--
ALTER TABLE `kondisi_pakan`
  ADD PRIMARY KEY (`id`);

--
-- Indexes for table `master_kandang`
--
ALTER TABLE `master_kandang`
  ADD PRIMARY KEY (`id`);

--
-- Indexes for table `menu`
--
ALTER TABLE `menu`
  ADD PRIMARY KEY (`id`);

--
-- Indexes for table `monitoring_kandang`
--
ALTER TABLE `monitoring_kandang`
  ADD PRIMARY KEY (`id`);

--
-- Indexes for table `monitoring_kesehatan`
--
ALTER TABLE `monitoring_kesehatan`
  ADD PRIMARY KEY (`id`);

--
-- Indexes for table `monitoring_ternak`
--
ALTER TABLE `monitoring_ternak`
  ADD PRIMARY KEY (`id`);

--
-- Indexes for table `submenu`
--
ALTER TABLE `submenu`
  ADD PRIMARY KEY (`id`),
  ADD KEY `fk_sub_menu` (`menu_id`);

--
-- Indexes for table `treatment_ternak`
--
ALTER TABLE `treatment_ternak`
  ADD PRIMARY KEY (`id`);

--
-- AUTO_INCREMENT for dumped tables
--

--
-- AUTO_INCREMENT for table `access`
--
ALTER TABLE `access`
  MODIFY `id` int NOT NULL AUTO_INCREMENT, AUTO_INCREMENT=4;

--
-- AUTO_INCREMENT for table `access_menu`
--
ALTER TABLE `access_menu`
  MODIFY `id` int NOT NULL AUTO_INCREMENT, AUTO_INCREMENT=22;

--
-- AUTO_INCREMENT for table `access_submenu`
--
ALTER TABLE `access_submenu`
  MODIFY `id` int NOT NULL AUTO_INCREMENT, AUTO_INCREMENT=14;

--
-- AUTO_INCREMENT for table `kondisi_cuaca`
--
ALTER TABLE `kondisi_cuaca`
  MODIFY `id` int NOT NULL AUTO_INCREMENT, AUTO_INCREMENT=8;

--
-- AUTO_INCREMENT for table `kondisi_lantai`
--
ALTER TABLE `kondisi_lantai`
  MODIFY `id` int NOT NULL AUTO_INCREMENT, AUTO_INCREMENT=4;

--
-- AUTO_INCREMENT for table `kondisi_pakan`
--
ALTER TABLE `kondisi_pakan`
  MODIFY `id` int NOT NULL AUTO_INCREMENT, AUTO_INCREMENT=8;

--
-- AUTO_INCREMENT for table `master_kandang`
--
ALTER TABLE `master_kandang`
  MODIFY `id` int NOT NULL AUTO_INCREMENT, AUTO_INCREMENT=15;

--
-- AUTO_INCREMENT for table `menu`
--
ALTER TABLE `menu`
  MODIFY `id` int NOT NULL AUTO_INCREMENT, AUTO_INCREMENT=9;

--
-- AUTO_INCREMENT for table `monitoring_kandang`
--
ALTER TABLE `monitoring_kandang`
  MODIFY `id` bigint NOT NULL AUTO_INCREMENT, AUTO_INCREMENT=375;

--
-- AUTO_INCREMENT for table `monitoring_kesehatan`
--
ALTER TABLE `monitoring_kesehatan`
  MODIFY `id` bigint NOT NULL AUTO_INCREMENT, AUTO_INCREMENT=65;

--
-- AUTO_INCREMENT for table `monitoring_ternak`
--
ALTER TABLE `monitoring_ternak`
  MODIFY `id` int NOT NULL AUTO_INCREMENT, AUTO_INCREMENT=318;

--
-- AUTO_INCREMENT for table `submenu`
--
ALTER TABLE `submenu`
  MODIFY `id` int NOT NULL AUTO_INCREMENT, AUTO_INCREMENT=8;

--
-- AUTO_INCREMENT for table `treatment_ternak`
--
ALTER TABLE `treatment_ternak`
  MODIFY `id` bigint NOT NULL AUTO_INCREMENT, AUTO_INCREMENT=344;
COMMIT;

